INSERT INTO `watchdog` (`wid`, `uid`, `type`, `message`, `variables`, `severity`, `link`, `location`, `referer`, `hostname`, `timestamp`) VALUES
(9296, 1, 'php', '%type: @message in %function (line %line of %file).', 0x613a353a7b733a353a222574797065223b733a34353a2244727570616c5c436f72655c44617461626173655c4461746162617365457863657074696f6e57726170706572223b733a383a22406d657373616765223b733a313037363a2253514c53544154455b48593030305d3a2047656e6572616c206572726f723a2032303036204d7953514c207365727665722068617320676f6e6520617761793a20435245415445205441424c45207b63616368655f636f6e6669677d20280a6063696460205641524348415228323535292042494e415259204348415241435445522053455420617363696920434f4c4c4154452061736369695f67656e6572616c5f6369204e4f54204e554c4c2044454641554c5420272720434f4d4d454e5420275072696d617279204b65793a20556e697175652063616368652049442e272c200a606461746160204c4f4e47424c4f42204e554c4c2044454641554c54204e554c4c20434f4d4d454e5420274120636f6c6c656374696f6e206f66206461746120746f2063616368652e272c200a606578706972656020494e54204e4f54204e554c4c2044454641554c54203020434f4d4d454e5420274120556e69782074696d657374616d7020696e6469636174696e67207768656e2074686520636163686520656e7472792073686f756c64206578706972652c206f72202d3120666f72206e657665722e272c200a60637265617465646020444543494d414c2831342c203329204e4f54204e554c4c2044454641554c54203020434f4d4d454e542027412074696d657374616d702077697468206d696c6c697365636f6e6420707265636973696f6e20696e6469636174696e67207768656e2074686520636163686520656e7472792077617320637265617465642e272c200a6073657269616c697a65646020534d414c4c494e54204e4f54204e554c4c2044454641554c54203020434f4d4d454e5420274120666c616720746f20696e646963617465207768657468657220636f6e74656e742069732073657269616c697a656420283129206f72206e6f74202830292e272c200a607461677360204c4f4e4754455854204e554c4c2044454641554c54204e554c4c20434f4d4d454e54202753706163652d736570617261746564206c697374206f66206361636865207461677320666f72207468697320656e7472792e272c200a60636865636b73756d6020564152434841522832353529204348415241435445522053455420617363696920434f4c4c4154452061736369695f67656e6572616c5f6369204e4f54204e554c4c20434f4d4d454e5420275468652074616720696e76616c69646174696f6e20636865636b73756d207768656e207468697320656e747279207761732073617665642e272c200a5052494d415259204b455920286063696460292c200a494e44455820606578706972656020286065787069726560290a2920454e47494e45203d20496e6e6f44422044454641554c54204348415241435445522053455420757466386d623420434f4d4d454e54202753746f7261676520666f7220746865206361636865204150492e273b2041727261790a280a290a223b733a393a222566756e6374696f6e223b733a34383a2244727570616c5c436f72655c436f6e6669675c43616368656453746f726167652d3e726561644d756c7469706c652829223b733a353a222566696c65223b733a37363a222f7661722f7777772f68746d6c2f636d732d67727570706f2d73616d65642f636f72652f6c69622f44727570616c2f436f72652f436f6e6669672f43616368656453746f726167652e706870223b733a353a22256c696e65223b693a3130353b7d, 3, '', 'http://grupposamed.188.226.214.224.xip.io/it/admin/structure/block', 'http://grupposamed.188.226.214.224.xip.io/it/admin', '176.32.19.43', 1559222764),
(9297, 1, 'block_content', '@type: updated %info.', 0x613a323a7b733a353a224074797065223b733a353a226261736963223b733a353a2225696e666f223b733a31373a2270797869735f626c6f63636f5f74657874223b7d, 5, '', 'http://grupposamed.188.226.214.224.xip.io/it/block/95?destination=%2Fit%2Fadmin%2Fstructure%2Fblock%2Fblock-content', 'http://grupposamed.188.226.214.224.xip.io/it/block/95?destination=/it/admin/structure/block/block-content', '176.32.19.43', 1559224826),
(9298, 1, 'php', '%type: @message in %function (line %line of %file).', 0x613a353a7b733a353a222574797065223b733a32333a225265636f76657261626c6520666174616c206572726f72223b733a383a22406d657373616765223b4f3a32353a2244727570616c5c436f72655c52656e6465725c4d61726b7570223a313a7b733a393a22002a00737472696e67223b733a36343a224f626a656374206f6620636c6173732044727570616c5c436f72655c55726c20636f756c64206e6f7420626520636f6e76657274656420746f20737472696e67223b7d733a393a222566756e6374696f6e223b733a363a226576616c2829223b733a353a222566696c65223b733a37333a222f7661722f7777772f68746d6c2f636d732d67727570706f2d73616d65642f6d6f64756c65732f7068702f7068702e6d6f64756c6528383129203a206576616c2829276420636f6465223b733a353a22256c696e65223b693a363b7d, 3, '', 'http://grupposamed.188.226.214.224.xip.io/it/le-nostre-strutture', 'http://grupposamed.188.226.214.224.xip.io/it', '176.32.19.43', 1559224833),
(9299, 1, 'php', '%type: @message in %function (line %line of %file).', 0x613a353a7b733a353a222574797065223b733a32333a225265636f76657261626c6520666174616c206572726f72223b733a383a22406d657373616765223b4f3a32353a2244727570616c5c436f72655c52656e6465725c4d61726b7570223a313a7b733a393a22002a00737472696e67223b733a36343a224f626a656374206f6620636c6173732044727570616c5c436f72655c55726c20636f756c64206e6f7420626520636f6e76657274656420746f20737472696e67223b7d733a393a222566756e6374696f6e223b733a363a226576616c2829223b733a353a222566696c65223b733a37333a222f7661722f7777772f68746d6c2f636d732d67727570706f2d73616d65642f6d6f64756c65732f7068702f7068702e6d6f64756c6528383129203a206576616c2829276420636f6465223b733a353a22256c696e65223b693a363b7d, 3, '', 'http://grupposamed.188.226.214.224.xip.io/it/le-nostre-strutture', 'http://grupposamed.188.226.214.224.xip.io/it', '176.32.19.43', 1559224839),
(9300, 1, 'block_content', '@type: updated %info.', 0x613a323a7b733a353a224074797065223b733a353a226261736963223b733a353a2225696e666f223b733a31373a2270797869735f626c6f63636f5f74657874223b7d, 5, '', 'http://grupposamed.188.226.214.224.xip.io/it/block/95?destination=%2Fit%2Fadmin%2Fstructure%2Fblock%2Fblock-content', 'http://grupposamed.188.226.214.224.xip.io/it/block/95?destination=/it/admin/structure/block/block-content', '176.32.19.43', 1559224904),
(9301, 1, 'block_content', '@type: updated %info.', 0x613a323a7b733a353a224074797065223b733a353a226261736963223b733a353a2225696e666f223b733a31373a2270797869735f626c6f63636f5f74657874223b7d, 5, '', 'http://grupposamed.188.226.214.224.xip.io/it/block/95?destination=%2Fit%2Fadmin%2Fstructure%2Fblock%2Fblock-content', 'http://grupposamed.188.226.214.224.xip.io/it/block/95?destination=/it/admin/structure/block/block-content', '176.32.19.43', 1559224962),
(9302, 1, 'block_content', '@type: updated %info.', 0x613a323a7b733a353a224074797065223b733a353a226261736963223b733a353a2225696e666f223b733a31373a2270797869735f626c6f63636f5f74657874223b7d, 5, '', 'http://grupposamed.188.226.214.224.xip.io/it/block/95?destination=%2Fit%2Fadmin%2Fstructure%2Fblock%2Fblock-content', 'http://grupposamed.188.226.214.224.xip.io/it/block/95?destination=/it/admin/structure/block/block-content', '176.32.19.43', 1559225032),
(9303, 1, 'block_content', '@type: updated %info.', 0x613a323a7b733a353a224074797065223b733a353a226261736963223b733a353a2225696e666f223b733a31373a2270797869735f626c6f63636f5f74657874223b7d, 5, '', 'http://grupposamed.188.226.214.224.xip.io/it/block/95?destination=%2Fit%2Fadmin%2Fstructure%2Fblock%2Fblock-content', 'http://grupposamed.188.226.214.224.xip.io/it/block/95?destination=/it/admin/structure/block/block-content', '176.32.19.43', 1559225070),
(9304, 1, 'php', '%type: @message in %function (line %line of %file).', 0x613a353a7b733a353a222574797065223b733a32333a225265636f76657261626c6520666174616c206572726f72223b733a383a22406d657373616765223b4f3a32353a2244727570616c5c436f72655c52656e6465725c4d61726b7570223a313a7b733a393a22002a00737472696e67223b733a36343a224f626a656374206f6620636c6173732044727570616c5c436f72655c55726c20636f756c64206e6f7420626520636f6e76657274656420746f20737472696e67223b7d733a393a222566756e6374696f6e223b733a363a226576616c2829223b733a353a222566696c65223b733a37333a222f7661722f7777772f68746d6c2f636d732d67727570706f2d73616d65642f6d6f64756c65732f7068702f7068702e6d6f64756c6528383129203a206576616c2829276420636f6465223b733a353a22256c696e65223b693a343b7d, 3, '', 'http://grupposamed.188.226.214.224.xip.io/it/le-nostre-strutture', 'http://grupposamed.188.226.214.224.xip.io/it', '176.32.19.43', 1559225078),
(9305, 1, 'php', '%type: @message in %function (line %line of %file).', 0x613a353a7b733a353a222574797065223b733a32333a225265636f76657261626c6520666174616c206572726f72223b733a383a22406d657373616765223b4f3a32353a2244727570616c5c436f72655c52656e6465725c4d61726b7570223a313a7b733a393a22002a00737472696e67223b733a36343a224f626a656374206f6620636c6173732044727570616c5c436f72655c55726c20636f756c64206e6f7420626520636f6e76657274656420746f20737472696e67223b7d733a393a222566756e6374696f6e223b733a363a226576616c2829223b733a353a222566696c65223b733a37333a222f7661722f7777772f68746d6c2f636d732d67727570706f2d73616d65642f6d6f64756c65732f7068702f7068702e6d6f64756c6528383129203a206576616c2829276420636f6465223b733a353a22256c696e65223b693a343b7d, 3, '', 'http://grupposamed.188.226.214.224.xip.io/it/le-nostre-strutture', 'http://grupposamed.188.226.214.224.xip.io/it', '176.32.19.43', 1559225083),
(9306, 1, 'block_content', '@type: updated %info.', 0x613a323a7b733a353a224074797065223b733a353a226261736963223b733a353a2225696e666f223b733a31373a2270797869735f626c6f63636f5f74657874223b7d, 5, '', 'http://grupposamed.188.226.214.224.xip.io/it/block/95?destination=%2Fit%2Fadmin%2Fstructure%2Fblock%2Fblock-content', 'http://grupposamed.188.226.214.224.xip.io/it/block/95?destination=/it/admin/structure/block/block-content', '176.32.19.43', 1559225165),
(9307, 1, 'block_content', '@type: updated %info.', 0x613a323a7b733a353a224074797065223b733a353a226261736963223b733a353a2225696e666f223b733a31373a2270797869735f626c6f63636f5f74657874223b7d, 5, '', 'http://grupposamed.188.226.214.224.xip.io/it/block/95?destination=%2Fit%2Fadmin%2Fstructure%2Fblock%2Fblock-content', 'http://grupposamed.188.226.214.224.xip.io/it/block/95?destination=/it/admin/structure/block/block-content', '176.32.19.43', 1559225908),
(9308, 1, 'block_content', '@type: updated %info.', 0x613a323a7b733a353a224074797065223b733a353a226261736963223b733a353a2225696e666f223b733a31373a2270797869735f626c6f63636f5f74657874223b7d, 5, '', 'http://grupposamed.188.226.214.224.xip.io/it/block/95?destination=%2Fit%2Fadmin%2Fstructure%2Fblock%2Fblock-content', 'http://grupposamed.188.226.214.224.xip.io/it/block/95?destination=/it/admin/structure/block/block-content', '176.32.19.43', 1559226158),
(9309, 1, 'page not found', '@uri', 0x613a313a7b733a343a2240757269223b733a36313a222f7468656d65732f637573746f6d2f70726f6265732f6a732f6d6173746572736c696465722f6d6173746572736c696465722e6d696e2e6a732e6d6170223b7d, 4, '', 'http://grupposamed.188.226.214.224.xip.io/themes/custom/probes/js/masterslider/masterslider.min.js.map', '', '176.32.19.43', 1559226717),
(9310, 0, 'access denied', '@uri', 0x613a313a7b733a343a2240757269223b733a38333a222f69742f61646d696e2f7374727563747572652f626c6f636b3f626c6f636b5f7669736962696c6974795f67726f75703d656c656d656e74695f676c6f62616c692673686f775f636f6e646974696f6e733d31223b7d, 4, '', 'http://grupposamed.188.226.214.224.xip.io/it/admin/structure/block?block_visibility_group=elementi_globali&show_conditions=1', '', '176.32.19.43', 1559227608),
(9311, 0, 'cron', 'Attempting to re-run cron while it is already running.', 0x613a303a7b7d, 4, '', 'http://grupposamed.188.226.214.224.xip.io/it/history/10/read', 'http://grupposamed.188.226.214.224.xip.io/it/le-nostre-strutture', '176.32.19.43', 1559229182),
(9312, 0, 'cron', 'Cron run completed.', 0x613a303a7b7d, 5, '', 'http://grupposamed.188.226.214.224.xip.io/it/quickedit/attachments?_wrapper_format=drupal_ajax', 'http://grupposamed.188.226.214.224.xip.io/it/le-nostre-strutture', '176.32.19.43', 1559229182),
(9313, 0, 'cron', 'Cron run completed.', 0x613a303a7b7d, 5, '', 'http://grupposamed.188.226.214.224.xip.io/', '', '93.148.164.58', 1559308165),
(9314, 0, 'page not found', '@uri', 0x613a313a7b733a343a2240757269223b733a36313a222f7468656d65732f637573746f6d2f70726f6265732f6a732f6d6173746572736c696465722f6d6173746572736c696465722e6d696e2e6a732e6d6170223b7d, 4, '', 'http://grupposamed.com.local/themes/custom/probes/js/masterslider/masterslider.min.js.map', '', '176.32.25.87', 1559308204),
(9315, 1, 'user', 'Session opened for %name.', 0x613a313a7b733a353a22256e616d65223b733a353a2261646d696e223b7d, 5, '', 'http://grupposamed.com.local/user/login', 'http://grupposamed.com.local/user/login', '176.32.25.87', 1559308403),
(9316, 0, 'cron', 'Attempting to re-run cron while it is already running.', 0x613a303a7b7d, 4, '', 'http://grupposamed.188.226.214.224.xip.io/', '', '93.148.164.58', 1559555239),
(9317, 0, 'cron', 'Attempting to re-run cron while it is already running.', 0x613a303a7b7d, 4, '', 'http://grupposamed.188.226.214.224.xip.io/it/quickedit/metadata', 'http://grupposamed.188.226.214.224.xip.io/', '93.148.164.58', 1559555246),
(9318, 0, 'cron', 'Attempting to re-run cron while it is already running.', 0x613a303a7b7d, 4, '', 'http://grupposamed.188.226.214.224.xip.io/it/contextual/render', 'http://grupposamed.188.226.214.224.xip.io/', '93.148.164.58', 1559555248),
(9319, 0, 'cron', 'Cron run completed.', 0x613a303a7b7d, 5, '', 'http://grupposamed.188.226.214.224.xip.io/', '', '93.148.164.58', 1559555249),
(9320, 0, 'cron', 'Cron run completed.', 0x613a303a7b7d, 5, '', 'http://grupposamed.com.local/it/admin', 'http://grupposamed.com.local/it/lorem-ipsum-iom-1', '176.32.22.104', 1559568326),
(9321, 1, 'page not found', '@uri', 0x613a313a7b733a343a2240757269223b733a36313a222f7468656d65732f637573746f6d2f70726f6265732f6a732f6d6173746572736c696465722f6d6173746572736c696465722e6d696e2e6a732e6d6170223b7d, 4, '', 'http://grupposamed.com.local/themes/custom/probes/js/masterslider/masterslider.min.js.map', '', '176.32.22.104', 1559571014),
(9322, 1, 'page not found', '@uri', 0x613a313a7b733a343a2240757269223b733a36313a222f7468656d65732f637573746f6d2f70726f6265732f6a732f6d6173746572736c696465722f6d6173746572736c696465722e6d696e2e6a732e6d6170223b7d, 4, '', 'http://grupposamed.com.local/themes/custom/probes/js/masterslider/masterslider.min.js.map', '', '176.32.22.104', 1559571082),
(9323, 1, 'page not found', '@uri', 0x613a313a7b733a343a2240757269223b733a36313a222f7468656d65732f637573746f6d2f70726f6265732f6a732f6d6173746572736c696465722f6d6173746572736c696465722e6d696e2e6a732e6d6170223b7d, 4, '', 'http://grupposamed.com.local/themes/custom/probes/js/masterslider/masterslider.min.js.map', '', '176.32.22.104', 1559571152),
(9324, 1, 'page not found', '@uri', 0x613a313a7b733a343a2240757269223b733a36313a222f7468656d65732f637573746f6d2f70726f6265732f6a732f6d6173746572736c696465722f6d6173746572736c696465722e6d696e2e6a732e6d6170223b7d, 4, '', 'http://grupposamed.com.local/themes/custom/probes/js/masterslider/masterslider.min.js.map', '', '176.32.22.104', 1559571190),
(9325, 1, 'page not found', '@uri', 0x613a313a7b733a343a2240757269223b733a36313a222f7468656d65732f637573746f6d2f70726f6265732f6a732f6d6173746572736c696465722f6d6173746572736c696465722e6d696e2e6a732e6d6170223b7d, 4, '', 'http://grupposamed.com.local/themes/custom/probes/js/masterslider/masterslider.min.js.map', '', '176.32.22.104', 1559571834),
(9326, 1, 'page not found', '@uri', 0x613a313a7b733a343a2240757269223b733a36313a222f7468656d65732f637573746f6d2f70726f6265732f6a732f6d6173746572736c696465722f6d6173746572736c696465722e6d696e2e6a732e6d6170223b7d, 4, '', 'http://grupposamed.com.local/themes/custom/probes/js/masterslider/masterslider.min.js.map', '', '176.32.22.104', 1559571941),
(9327, 1, 'page not found', '@uri', 0x613a313a7b733a343a2240757269223b733a36313a222f7468656d65732f637573746f6d2f70726f6265732f6a732f6d6173746572736c696465722f6d6173746572736c696465722e6d696e2e6a732e6d6170223b7d, 4, '', 'http://grupposamed.com.local/themes/custom/probes/js/masterslider/masterslider.min.js.map', '', '176.32.22.104', 1559572073),
(9328, 1, 'page not found', '@uri', 0x613a313a7b733a343a2240757269223b733a36313a222f7468656d65732f637573746f6d2f70726f6265732f6a732f6d6173746572736c696465722f6d6173746572736c696465722e6d696e2e6a732e6d6170223b7d, 4, '', 'http://grupposamed.com.local/themes/custom/probes/js/masterslider/masterslider.min.js.map', '', '176.32.22.104', 1559572098),
(9329, 1, 'page not found', '@uri', 0x613a313a7b733a343a2240757269223b733a36313a222f7468656d65732f637573746f6d2f70726f6265732f6a732f6d6173746572736c696465722f6d6173746572736c696465722e6d696e2e6a732e6d6170223b7d, 4, '', 'http://grupposamed.com.local/themes/custom/probes/js/masterslider/masterslider.min.js.map', '', '176.32.22.104', 1559572181),
(9330, 1, 'page not found', '@uri', 0x613a313a7b733a343a2240757269223b733a36313a222f7468656d65732f637573746f6d2f70726f6265732f6a732f6d6173746572736c696465722f6d6173746572736c696465722e6d696e2e6a732e6d6170223b7d, 4, '', 'http://grupposamed.com.local/themes/custom/probes/js/masterslider/masterslider.min.js.map', '', '176.32.22.104', 1559572229),
(9331, 1, 'page not found', '@uri', 0x613a313a7b733a343a2240757269223b733a36313a222f7468656d65732f637573746f6d2f70726f6265732f6a732f6d6173746572736c696465722f6d6173746572736c696465722e6d696e2e6a732e6d6170223b7d, 4, '', 'http://grupposamed.com.local/themes/custom/probes/js/masterslider/masterslider.min.js.map', '', '176.32.22.104', 1559572489),
(9332, 1, 'content', '@type: updated %title.', 0x613a323a7b733a353a224074797065223b733a393a22686f6d655f70616765223b733a363a22257469746c65223b733a31333a22486f6d65205061676520494f4d223b7d, 5, '<a href="/it/home-page-iom" hreflang="it">View</a>', 'http://grupposamed.com.local/node/3/edit', 'http://grupposamed.com.local/node/3/edit', '176.32.22.104', 1559574793),
(9333, 1, 'page not found', '@uri', 0x613a313a7b733a343a2240757269223b733a36313a222f7468656d65732f637573746f6d2f70726f6265732f6a732f6d6173746572736c696465722f6d6173746572736c696465722e6d696e2e6a732e6d6170223b7d, 4, '', 'http://grupposamed.com.local/themes/custom/probes/js/masterslider/masterslider.min.js.map', '', '176.32.22.104', 1559574830),
(9334, 0, 'cron', 'Cron run completed.', 0x613a303a7b7d, 5, '', 'http://grupposamed.com.local/', '', '176.32.18.16', 1559632788),
(9335, 1, 'page not found', '@uri', 0x613a313a7b733a343a2240757269223b733a36313a222f7468656d65732f637573746f6d2f70726f6265732f6a732f6d6173746572736c696465722f6d6173746572736c696465722e6d696e2e6a732e6d6170223b7d, 4, '', 'http://grupposamed.com.local/themes/custom/probes/js/masterslider/masterslider.min.js.map', '', '176.32.18.16', 1559633558),
(9336, 0, 'cron', 'Cron run completed.', 0x613a303a7b7d, 5, '', 'http://grupposamed.com.local/', '', '176.32.18.16', 1559729095),
(9337, 1, 'block_content', '@type: updated %info.', 0x613a323a7b733a353a224074797065223b733a353a226261736963223b733a353a2225696e666f223b733a33323a225b47727570706f53616d65645d5b546f706261725d6c696e6b5f67727570706f223b7d, 5, '', 'http://grupposamed.com.local/it/block/132?destination=rem%2Frassegna-stampa', 'http://grupposamed.com.local/it/block/132?destination=rem/rassegna-stampa', '176.32.18.16', 1559730522),
(9338, 0, 'cron', 'Cron run completed.', 0x613a303a7b7d, 5, '', 'http://grupposamed.com.local/', '', '37.77.125.77', 1560344118),
(9339, 1, 'page not found', '@uri', 0x613a313a7b733a343a2240757269223b733a36313a222f7468656d65732f637573746f6d2f70726f6265732f6a732f6d6173746572736c696465722f6d6173746572736c696465722e6d696e2e6a732e6d6170223b7d, 4, '', 'http://grupposamed.com.local/themes/custom/probes/js/masterslider/masterslider.min.js.map', '', '37.77.125.77', 1560345356),
(9340, 0, 'cron', 'Cron run completed.', 0x613a303a7b7d, 5, '', 'http://grupposamed.com.local/', '', '176.32.30.118', 1560413952),
(9341, 1, 'user', 'Session opened for %name.', 0x613a313a7b733a353a22256e616d65223b733a353a2261646d696e223b7d, 5, '', 'http://grupposamed.188.226.214.224.xip.io/user/login', 'http://grupposamed.188.226.214.224.xip.io/user/login', '176.32.30.118', 1560415257),
(9342, 1, 'content', '@type: updated %title.', 0x613a323a7b733a353a224074797065223b733a343a226e657773223b733a363a22257469746c65223b733a31373a224c6f72656d20497073756d20696f6d2032223b7d, 5, '<a href="/it/lorem-ipsum-iom-2" hreflang="it">View</a>', 'http://grupposamed.188.226.214.224.xip.io/it/node/17/edit', 'http://grupposamed.188.226.214.224.xip.io/it/node/17/edit', '176.32.30.118', 1560415446),
(9343, 1, 'content', '@type: updated %title.', 0x613a323a7b733a353a224074797065223b733a343a226e657773223b733a363a22257469746c65223b733a31373a224c6f72656d20497073756d20696f6d2032223b7d, 5, '<a href="/it/lorem-ipsum-iom-2" hreflang="it">View</a>', 'http://grupposamed.188.226.214.224.xip.io/it/node/17/edit', 'http://grupposamed.188.226.214.224.xip.io/it/node/17/edit', '176.32.30.118', 1560415546),
(9344, 1, 'content', '@type: updated %title.', 0x613a323a7b733a353a224074797065223b733a343a226e657773223b733a363a22257469746c65223b733a31373a224c6f72656d20497073756d20696f6d2032223b7d, 5, '<a href="/it/lorem-ipsum-iom-2" hreflang="it">View</a>', 'http://grupposamed.188.226.214.224.xip.io/it/node/17/edit', 'http://grupposamed.188.226.214.224.xip.io/it/node/17/edit', '176.32.30.118', 1560415629),
(9345, 1, 'content', '@type: updated %title.', 0x613a323a7b733a353a224074797065223b733a343a226e657773223b733a363a22257469746c65223b733a37343a22494e434f4e54524f20494e464f524d415449564f2053554c4c412050524556454e5a494f4e452045204c4120435552412044454c2054554d4f52452044454c4c41204d414d4d454c4c41223b7d, 5, '<a href="/it/incontro-informativo-sulla-prevenzione-e-la-cura-del-tumore-della-mammella" hreflang="it">View</a>', 'http://grupposamed.188.226.214.224.xip.io/it/node/17/edit', 'http://grupposamed.188.226.214.224.xip.io/it/node/17/edit', '176.32.30.118', 1560415662),
(9346, 1, 'user', 'Session opened for %name.', 0x613a313a7b733a353a22256e616d65223b733a353a2261646d696e223b7d, 5, '', 'http://grupposamed.188.226.214.224.xip.io/user/login', 'http://grupposamed.188.226.214.224.xip.io/user/login', '176.32.30.118', 1560415690),
(9347, 1, 'content', '@type: updated %title.', 0x613a323a7b733a353a224074797065223b733a343a226e657773223b733a363a22257469746c65223b733a37343a22494e434f4e54524f20494e464f524d415449564f2053554c4c412050524556454e5a494f4e452045204c4120435552412044454c2054554d4f52452044454c4c41204d414d4d454c4c41223b7d, 5, '<a href="/it/incontro-informativo-sulla-prevenzione-e-la-cura-del-tumore-della-mammella-0" hreflang="it">View</a>', 'http://grupposamed.188.226.214.224.xip.io/it/node/19/edit', 'http://grupposamed.188.226.214.224.xip.io/it/node/19/edit', '176.32.30.118', 1560415967),
(9348, 1, 'content', '@type: updated %title.', 0x613a323a7b733a353a224074797065223b733a343a226e657773223b733a363a22257469746c65223b733a37343a22494e434f4e54524f20494e464f524d415449564f2053554c4c412050524556454e5a494f4e452045204c4120435552412044454c2054554d4f52452044454c4c41204d414d4d454c4c41223b7d, 5, '<a href="/it/incontro-informativo-sulla-prevenzione-e-la-cura-del-tumore-della-mammella-0" hreflang="it">View</a>', 'http://grupposamed.188.226.214.224.xip.io/it/node/19/edit', 'http://grupposamed.188.226.214.224.xip.io/it/node/19/edit', '176.32.30.118', 1560416318),
(9349, 1, 'content', '@type: updated %title.', 0x613a323a7b733a353a224074797065223b733a343a226e657773223b733a363a22257469746c65223b733a37343a22494e434f4e54524f20494e464f524d415449564f2053554c4c412050524556454e5a494f4e452045204c4120435552412044454c2054554d4f52452044454c4c41204d414d4d454c4c41223b7d, 5, '<a href="/it/incontro-informativo-sulla-prevenzione-e-la-cura-del-tumore-della-mammella-0" hreflang="it">View</a>', 'http://grupposamed.188.226.214.224.xip.io/it/node/19/edit', 'http://grupposamed.188.226.214.224.xip.io/it/node/19/edit', '176.32.30.118', 1560416597),
(9350, 1, 'page not found', '@uri', 0x613a313a7b733a343a2240757269223b733a36313a222f7468656d65732f637573746f6d2f70726f6265732f6a732f6d6173746572736c696465722f6d6173746572736c696465722e6d696e2e6a732e6d6170223b7d, 4, '', 'http://grupposamed.188.226.214.224.xip.io/themes/custom/probes/js/masterslider/masterslider.min.js.map', '', '176.32.30.118', 1560416632),
(9351, 1, 'content', '@type: updated %title.', 0x613a323a7b733a353a224074797065223b733a343a226e657773223b733a363a22257469746c65223b733a37343a22494e434f4e54524f20494e464f524d415449564f2053554c4c412050524556454e5a494f4e452045204c4120435552412044454c2054554d4f52452044454c4c41204d414d4d454c4c41223b7d, 5, '<a href="/it/incontro-informativo-sulla-prevenzione-e-la-cura-del-tumore-della-mammella-0" hreflang="it">View</a>', 'http://grupposamed.188.226.214.224.xip.io/it/node/19/edit', 'http://grupposamed.188.226.214.224.xip.io/it/node/19/edit', '176.32.30.118', 1560416737),
(9352, 1, 'content', '@type: updated %title.', 0x613a323a7b733a353a224074797065223b733a343a226e657773223b733a363a22257469746c65223b733a37343a22494e434f4e54524f20494e464f524d415449564f2053554c4c412050524556454e5a494f4e452045204c4120435552412044454c2054554d4f52452044454c4c41204d414d4d454c4c41223b7d, 5, '<a href="/it/incontro-informativo-sulla-prevenzione-e-la-cura-del-tumore-della-mammella-0" hreflang="it">View</a>', 'http://grupposamed.188.226.214.224.xip.io/it/node/19/edit', 'http://grupposamed.188.226.214.224.xip.io/it/node/19/edit', '176.32.30.118', 1560416797),
(9353, 1, 'content', '@type: updated %title.', 0x613a323a7b733a353a224074797065223b733a343a226e657773223b733a363a22257469746c65223b733a37343a22494e434f4e54524f20494e464f524d415449564f2053554c4c412050524556454e5a494f4e452045204c4120435552412044454c2054554d4f52452044454c4c41204d414d4d454c4c41223b7d, 5, '<a href="/it/incontro-informativo-sulla-prevenzione-e-la-cura-del-tumore-della-mammella-0" hreflang="it">View</a>', 'http://grupposamed.188.226.214.224.xip.io/it/node/19/edit', 'http://grupposamed.188.226.214.224.xip.io/it/node/19/edit', '176.32.30.118', 1560416882),
(9354, 1, 'content', '@type: updated %title.', 0x613a323a7b733a353a224074797065223b733a343a226e657773223b733a363a22257469746c65223b733a37343a22494e434f4e54524f20494e464f524d415449564f2053554c4c412050524556454e5a494f4e452045204c4120435552412044454c2054554d4f52452044454c4c41204d414d4d454c4c41223b7d, 5, '<a href="/it/incontro-informativo-sulla-prevenzione-e-la-cura-del-tumore-della-mammella-0" hreflang="it">View</a>', 'http://grupposamed.188.226.214.224.xip.io/it/node/19/edit', 'http://grupposamed.188.226.214.224.xip.io/it/node/19/edit', '176.32.30.118', 1560417047),
(9355, 1, 'content', '@type: updated %title.', 0x613a323a7b733a353a224074797065223b733a343a226e657773223b733a363a22257469746c65223b733a37343a22494e434f4e54524f20494e464f524d415449564f2053554c4c412050524556454e5a494f4e452045204c4120435552412044454c2054554d4f52452044454c4c41204d414d4d454c4c41223b7d, 5, '<a href="/it/incontro-informativo-sulla-prevenzione-e-la-cura-del-tumore-della-mammella-0" hreflang="it">View</a>', 'http://grupposamed.188.226.214.224.xip.io/it/node/19/edit', 'http://grupposamed.188.226.214.224.xip.io/it/node/19/edit', '176.32.30.118', 1560417333),
(9356, 1, 'content', '@type: updated %title.', 0x613a323a7b733a353a224074797065223b733a343a226e657773223b733a363a22257469746c65223b733a37343a22494e434f4e54524f20494e464f524d415449564f2053554c4c412050524556454e5a494f4e452045204c4120435552412044454c2054554d4f52452044454c4c41204d414d4d454c4c41223b7d, 5, '<a href="/it/incontro-informativo-sulla-prevenzione-e-la-cura-del-tumore-della-mammella-0" hreflang="it">View</a>', 'http://grupposamed.188.226.214.224.xip.io/it/node/19/edit', 'http://grupposamed.188.226.214.224.xip.io/it/node/19/edit', '176.32.30.118', 1560417772),
(9357, 1, 'content', '@type: updated %title.', 0x613a323a7b733a353a224074797065223b733a343a226e657773223b733a363a22257469746c65223b733a37343a22494e434f4e54524f20494e464f524d415449564f2053554c4c412050524556454e5a494f4e452045204c4120435552412044454c2054554d4f52452044454c4c41204d414d4d454c4c41223b7d, 5, '<a href="/it/incontro-informativo-sulla-prevenzione-e-la-cura-del-tumore-della-mammella-0" hreflang="it">View</a>', 'http://grupposamed.188.226.214.224.xip.io/it/node/19/edit', 'http://grupposamed.188.226.214.224.xip.io/it/node/19/edit', '176.32.30.118', 1560417865),
(9358, 1, 'content', '@type: updated %title.', 0x613a323a7b733a353a224074797065223b733a343a226e657773223b733a363a22257469746c65223b733a37343a22494e434f4e54524f20494e464f524d415449564f2053554c4c412050524556454e5a494f4e452045204c4120435552412044454c2054554d4f52452044454c4c41204d414d4d454c4c41223b7d, 5, '<a href="/it/incontro-informativo-sulla-prevenzione-e-la-cura-del-tumore-della-mammella-0" hreflang="it">View</a>', 'http://grupposamed.188.226.214.224.xip.io/it/node/19/edit', 'http://grupposamed.188.226.214.224.xip.io/it/node/19/edit', '176.32.30.118', 1560418095),
(9359, 1, 'content', '@type: updated %title.', 0x613a323a7b733a353a224074797065223b733a343a226e657773223b733a363a22257469746c65223b733a37343a22494e434f4e54524f20494e464f524d415449564f2053554c4c412050524556454e5a494f4e452045204c4120435552412044454c2054554d4f52452044454c4c41204d414d4d454c4c41223b7d, 5, '<a href="/it/incontro-informativo-sulla-prevenzione-e-la-cura-del-tumore-della-mammella-0" hreflang="it">View</a>', 'http://grupposamed.188.226.214.224.xip.io/it/node/19/edit', 'http://grupposamed.188.226.214.224.xip.io/it/node/19/edit', '176.32.30.118', 1560418307),
(9360, 1, 'page not found', '@uri', 0x613a313a7b733a343a2240757269223b733a36313a222f7468656d65732f637573746f6d2f70726f6265732f6a732f6d6173746572736c696465722f6d6173746572736c696465722e6d696e2e6a732e6d6170223b7d, 4, '', 'http://grupposamed.188.226.214.224.xip.io/themes/custom/probes/js/masterslider/masterslider.min.js.map', '', '176.32.30.118', 1560418356),
(9361, 1, 'content', '@type: updated %title.', 0x613a323a7b733a353a224074797065223b733a31353a227261737365676e615f7374616d7061223b733a363a22257469746c65223b733a33393a22496d6d756e6f74657261706961206465692074756d6f7269206e6575726f696e646f6372696e69223b7d, 5, '<a href="/it/immunoterapia-dei-tumori-neuroindocrini" hreflang="it">View</a>', 'http://grupposamed.188.226.214.224.xip.io/it/node/23/edit', 'http://grupposamed.188.226.214.224.xip.io/it/node/23/edit', '176.32.30.118', 1560418808),
(9362, 1, 'content', '@type: updated %title.', 0x613a323a7b733a353a224074797065223b733a31353a227261737365676e615f7374616d7061223b733a363a22257469746c65223b733a33393a22496d6d756e6f74657261706961206465692074756d6f7269206e6575726f696e646f6372696e69223b7d, 5, '<a href="/it/immunoterapia-dei-tumori-neuroindocrini" hreflang="it">View</a>', 'http://grupposamed.188.226.214.224.xip.io/it/node/23/edit', 'http://grupposamed.188.226.214.224.xip.io/it/node/23/edit', '176.32.30.118', 1560419057),
(9363, 1, 'content', '@type: updated %title.', 0x613a323a7b733a353a224074797065223b733a31353a227261737365676e615f7374616d7061223b733a363a22257469746c65223b733a33393a22496d6d756e6f74657261706961206465692074756d6f7269206e6575726f696e646f6372696e69223b7d, 5, '<a href="/it/immunoterapia-dei-tumori-neuroindocrini" hreflang="it">View</a>', 'http://grupposamed.188.226.214.224.xip.io/it/node/23/edit', 'http://grupposamed.188.226.214.224.xip.io/it/node/23/edit', '176.32.30.118', 1560419108),
(9364, 1, 'page not found', '@uri', 0x613a313a7b733a343a2240757269223b733a36313a222f7468656d65732f637573746f6d2f70726f6265732f6a732f6d6173746572736c696465722f6d6173746572736c696465722e6d696e2e6a732e6d6170223b7d, 4, '', 'http://grupposamed.188.226.214.224.xip.io/themes/custom/probes/js/masterslider/masterslider.min.js.map', '', '176.32.30.118', 1560419372),
(9365, 1, 'content', '@type: updated %title.', 0x613a323a7b733a353a224074797065223b733a31353a227261737365676e615f7374616d7061223b733a363a22257469746c65223b733a33393a22496d6d756e6f74657261706961206465692074756d6f7269206e6575726f696e646f6372696e69223b7d, 5, '<a href="/it/immunoterapia-dei-tumori-neuroindocrini" hreflang="it">View</a>', 'http://grupposamed.188.226.214.224.xip.io/it/node/23/edit', 'http://grupposamed.188.226.214.224.xip.io/it/node/23/edit', '176.32.30.118', 1560419587),
(9366, 1, 'page not found', '@uri', 0x613a313a7b733a343a2240757269223b733a36313a222f7468656d65732f637573746f6d2f70726f6265732f6a732f6d6173746572736c696465722f6d6173746572736c696465722e6d696e2e6a732e6d6170223b7d, 4, '', 'http://grupposamed.188.226.214.224.xip.io/themes/custom/probes/js/masterslider/masterslider.min.js.map', '', '176.32.30.118', 1560419643),
(9367, 1, 'page not found', '@uri', 0x613a313a7b733a343a2240757269223b733a36313a222f7468656d65732f637573746f6d2f70726f6265732f6a732f6d6173746572736c696465722f6d6173746572736c696465722e6d696e2e6a732e6d6170223b7d, 4, '', 'http://grupposamed.188.226.214.224.xip.io/themes/custom/probes/js/masterslider/masterslider.min.js.map', '', '176.32.30.118', 1560419665),
(9368, 1, 'content', '@type: updated %title.', 0x613a323a7b733a353a224074797065223b733a31353a227261737365676e615f7374616d7061223b733a363a22257469746c65223b733a33393a22496d6d756e6f74657261706961206465692074756d6f7269206e6575726f696e646f6372696e69223b7d, 5, '<a href="/it/immunoterapia-dei-tumori-neuroindocrini" hreflang="it">View</a>', 'http://grupposamed.188.226.214.224.xip.io/it/node/23/edit', 'http://grupposamed.188.226.214.224.xip.io/it/node/23/edit', '176.32.30.118', 1560419754),
(9369, 1, 'page not found', '@uri', 0x613a313a7b733a343a2240757269223b733a37363a222f73697465732f64656661756c742f66696c65732f35333332353230325f3831333832393438383935383732315f32393436383734312533432f626f64792533452533432f68746d6c253345223b7d, 4, '', 'http://grupposamed.188.226.214.224.xip.io/sites/default/files/53325202_813829488958721_29468741%3C/body%3E%3C/html%3E', 'http://grupposamed.188.226.214.224.xip.io/it/rassegna-stampa', '176.32.30.118', 1560419927),
(9370, 1, 'page not found', '@uri', 0x613a313a7b733a343a2240757269223b733a37363a222f73697465732f64656661756c742f66696c65732f35333332353230325f3831333832393438383935383732315f32393436383734312533432f626f64792533452533432f68746d6c253345223b7d, 4, '', 'http://grupposamed.188.226.214.224.xip.io/sites/default/files/53325202_813829488958721_29468741%3C/body%3E%3C/html%3E', 'http://grupposamed.188.226.214.224.xip.io/it/admin/structure/views/view/elenco_rassegna_stampa', '176.32.30.118', 1560419993),
(9371, 1, 'page not found', '@uri', 0x613a313a7b733a343a2240757269223b733a37363a222f73697465732f64656661756c742f66696c65732f35333332353230325f3831333832393438383935383732315f32393436383734312533432f626f64792533452533432f68746d6c253345223b7d, 4, '', 'http://grupposamed.188.226.214.224.xip.io/sites/default/files/53325202_813829488958721_29468741%3C/body%3E%3C/html%3E', 'http://grupposamed.188.226.214.224.xip.io/it/rassegna-stampa', '176.32.30.118', 1560420098),
(9372, 0, 'cron', 'Cron run completed.', 0x613a303a7b7d, 5, '', 'http://grupposamed.188.226.214.224.xip.io/', '', '95.241.139.169', 1560446749),
(9373, 0, 'cron', 'Cron run completed.', 0x613a303a7b7d, 5, '', 'http://grupposamed.com.local/', '', '176.32.26.43', 1560864398),
(9374, 0, 'cron', 'Cron run completed.', 0x613a303a7b7d, 5, '', 'http://grupposamed.com.local/', '', '176.32.26.43', 1560928814),
(9375, 1, 'page not found', '@uri', 0x613a313a7b733a343a2240757269223b733a36313a222f7468656d65732f637573746f6d2f70726f6265732f6a732f6d6173746572736c696465722f6d6173746572736c696465722e6d696e2e6a732e6d6170223b7d, 4, '', 'http://grupposamed.com.local/themes/custom/probes/js/masterslider/masterslider.min.js.map', '', '176.32.26.43', 1560928924),
(9376, 1, 'page not found', '@uri', 0x613a313a7b733a343a2240757269223b733a36313a222f7468656d65732f637573746f6d2f70726f6265732f6a732f6d6173746572736c696465722f6d6173746572736c696465722e6d696e2e6a732e6d6170223b7d, 4, '', 'http://grupposamed.com.local/themes/custom/probes/js/masterslider/masterslider.min.js.map', '', '176.32.26.43', 1560929686),
(9377, 0, 'cron', 'Cron run completed.', 0x613a303a7b7d, 5, '', 'http://grupposamed.com.local/', '', '176.32.26.43', 1560948702),
(9378, 1, 'page not found', '@uri', 0x613a313a7b733a343a2240757269223b733a37363a222f73697465732f64656661756c742f66696c65732f35333332353230325f3831333832393438383935383732315f32393436383734312533432f626f64792533452533432f68746d6c253345223b7d, 4, '', 'http://grupposamed.com.local/sites/default/files/53325202_813829488958721_29468741%3C/body%3E%3C/html%3E', 'http://grupposamed.com.local/it/admin/structure/views/view/elenco_rassegna_stampa/edit/rassegna_stampa_arka', '176.32.26.43', 1560956175),
(9379, 1, 'page not found', '@uri', 0x613a313a7b733a343a2240757269223b733a37363a222f73697465732f64656661756c742f66696c65732f35333332353230325f3831333832393438383935383732315f32393436383734312533432f626f64792533452533432f68746d6c253345223b7d, 4, '', 'http://grupposamed.com.local/sites/default/files/53325202_813829488958721_29468741%3C/body%3E%3C/html%3E', 'http://grupposamed.com.local/it/arka/rassegna-stampa', '176.32.26.43', 1560956346),
(9380, 1, 'page not found', '@uri', 0x613a313a7b733a343a2240757269223b733a36313a222f7468656d65732f637573746f6d2f70726f6265732f6a732f6d6173746572736c696465722f6d6173746572736c696465722e6d696e2e6a732e6d6170223b7d, 4, '', 'http://grupposamed.com.local/themes/custom/probes/js/masterslider/masterslider.min.js.map', '', '176.32.26.43', 1560956786),
(9381, 1, 'page not found', '@uri', 0x613a313a7b733a343a2240757269223b733a36313a222f7468656d65732f637573746f6d2f70726f6265732f6a732f6d6173746572736c696465722f6d6173746572736c696465722e6d696e2e6a732e6d6170223b7d, 4, '', 'http://grupposamed.com.local/themes/custom/probes/js/masterslider/masterslider.min.js.map', '', '176.32.26.43', 1560956890),
(9382, 1, 'page not found', '@uri', 0x613a313a7b733a343a2240757269223b733a36313a222f7468656d65732f637573746f6d2f70726f6265732f6a732f6d6173746572736c696465722f6d6173746572736c696465722e6d696e2e6a732e6d6170223b7d, 4, '', 'http://grupposamed.com.local/themes/custom/probes/js/masterslider/masterslider.min.js.map', '', '176.32.26.43', 1560956944),
(9383, 1, 'content', '@type: updated %title.', 0x613a323a7b733a353a224074797065223b733a343a226e657773223b733a363a22257469746c65223b733a37343a22494e434f4e54524f20494e464f524d415449564f2053554c4c412050524556454e5a494f4e452045204c4120435552412044454c2054554d4f52452044454c4c41204d414d4d454c4c41223b7d, 5, '<a href="/it/iom/incontro-informativo-sulla-prevenzione-e-la-cura-del-tumore-della-mammella" hreflang="it">View</a>', 'http://grupposamed.com.local/it/node/17/edit', 'http://grupposamed.com.local/it/node/17/edit', '176.32.26.43', 1560958932),
(9384, 0, 'cron', 'Cron run completed.', 0x613a303a7b7d, 5, '', 'http://grupposamed.com.local/', '', '93.36.121.245', 1561025194),
(9385, 0, 'cron', 'Cron run completed.', 0x613a303a7b7d, 5, '', 'http://grupposamed.com.local/', '', '37.77.127.215', 1561109140),
(9386, 0, 'cron', 'Cron run completed.', 0x613a303a7b7d, 5, '', 'http://grupposamed.com.local/', '', '37.77.127.215', 1561124265),
(9387, 1, 'content', '@type: updated %title.', 0x613a323a7b733a353a224074797065223b733a31353a227261737365676e615f7374616d7061223b733a363a22257469746c65223b733a31373a224c6f72656d20497073756d20696f6d2031223b7d, 5, '<a href="/it/iom/rassegna-stampa/lorem-ipsum-iom-1" hreflang="it">View</a>', 'http://grupposamed.com.local/it/node/21/edit', 'http://grupposamed.com.local/it/node/21/edit', '37.77.127.215', 1561124962),
(9388, 1, 'content', '@type: updated %title.', 0x613a323a7b733a353a224074797065223b733a31353a227261737365676e615f7374616d7061223b733a363a22257469746c65223b733a31373a224c6f72656d20497073756d20696f6d2032223b7d, 5, '<a href="/it/iom/rassegna-stampa/lorem-ipsum-iom-2" hreflang="it">View</a>', 'http://grupposamed.com.local/it/node/22/edit', 'http://grupposamed.com.local/it/node/22/edit', '37.77.127.215', 1561124965),
(9389, 1, 'content', '@type: updated %title.', 0x613a323a7b733a353a224074797065223b733a31353a227261737365676e615f7374616d7061223b733a363a22257469746c65223b733a33393a22496d6d756e6f74657261706961206465692074756d6f7269206e6575726f696e646f6372696e69223b7d, 5, '<a href="/it/arka/rassegna-stampa/immunoterapia-dei-tumori-neuroindocrini" hreflang="it">View</a>', 'http://grupposamed.com.local/it/node/23/edit', 'http://grupposamed.com.local/it/node/23/edit', '37.77.127.215', 1561124969),
(9390, 1, 'content', '@type: updated %title.', 0x613a323a7b733a353a224074797065223b733a343a226e657773223b733a363a22257469746c65223b733a37343a22494e434f4e54524f20494e464f524d415449564f2053554c4c412050524556454e5a494f4e452045204c4120435552412044454c2054554d4f52452044454c4c41204d414d4d454c4c41223b7d, 5, '<a href="/it/iom/news-eventi/incontro-informativo-sulla-prevenzione-e-la-cura-del-tumore-della-mammella" hreflang="it">View</a>', 'http://grupposamed.com.local/it/node/17/edit', 'http://grupposamed.com.local/it/node/17/edit', '37.77.127.215', 1561125349),
(9391, 1, 'content', '@type: updated %title.', 0x613a323a7b733a353a224074797065223b733a383a2270726f6765747469223b733a363a22257469746c65223b733a31373a224c6f72656d20497073756d20696f6d2032223b7d, 5, '<a href="/it/iom/progetti/lorem-ipsum-iom-2" hreflang="it">View</a>', 'http://grupposamed.com.local/it/node/27/edit', 'http://grupposamed.com.local/it/node/27/edit', '37.77.127.215', 1561125403),
(9392, 1, 'content', '@type: updated %title.', 0x613a323a7b733a353a224074797065223b733a383a2270726f6765747469223b733a363a22257469746c65223b733a31353a224c6f72656d20497073756d20494f4d223b7d, 5, '<a href="/it/iom/progetti/lorem-ipsum-iom" hreflang="it">View</a>', 'http://grupposamed.com.local/it/node/26/edit', 'http://grupposamed.com.local/it/node/26/edit', '37.77.127.215', 1561126180),
(9393, 1, 'content', '@type: updated %title.', 0x613a323a7b733a353a224074797065223b733a343a2270616765223b733a363a22257469746c65223b733a31393a224c65206e6f7374726520737472757474757265223b7d, 5, '<a href="/it/le-nostre-strutture" hreflang="it">View</a>', 'http://grupposamed.com.local/it/node/10/edit', 'http://grupposamed.com.local/it/node/10/edit', '37.77.127.215', 1561126245),
(9394, 1, 'content', '@type: updated %title.', 0x613a323a7b733a353a224074797065223b733a343a2270616765223b733a363a22257469746c65223b733a31393a224c65206e6f7374726520737472757474757265223b7d, 5, '<a href="/it/le-nostre-strutture" hreflang="it">View</a>', 'http://grupposamed.com.local/it/node/10/edit', 'http://grupposamed.com.local/it/node/10/edit', '37.77.127.215', 1561126384),
(9395, 0, 'cron', 'Attempting to re-run cron while it is already running.', 0x613a303a7b7d, 4, '', 'http://grupposamed.com.local/', '', '37.77.127.215', 1561464373),
(9396, 0, 'cron', 'Cron run completed.', 0x613a303a7b7d, 5, '', 'http://grupposamed.com.local/', '', '37.77.127.215', 1561464376),
(9397, 0, 'page not found', '@uri', 0x613a313a7b733a343a2240757269223b733a36313a222f7468656d65732f637573746f6d2f70726f6265732f6a732f6d6173746572736c696465722f6d6173746572736c696465722e6d696e2e6a732e6d6170223b7d, 4, '', 'http://grupposamed.188.226.214.224.xip.io/themes/custom/probes/js/masterslider/masterslider.min.js.map', '', '2.35.188.202', 1561472420),
(9398, 0, 'page not found', '@uri', 0x613a313a7b733a343a2240757269223b733a36313a222f7468656d65732f637573746f6d2f70726f6265732f6a732f6d6173746572736c696465722f6d6173746572736c696465722e6d696e2e6a732e6d6170223b7d, 4, '', 'http://grupposamed.188.226.214.224.xip.io/themes/custom/probes/js/masterslider/masterslider.min.js.map', '', '2.35.188.202', 1561472579),
(9399, 0, 'page not found', '@uri', 0x613a313a7b733a343a2240757269223b733a36313a222f7468656d65732f637573746f6d2f70726f6265732f6a732f6d6173746572736c696465722f6d6173746572736c696465722e6d696e2e6a732e6d6170223b7d, 4, '', 'http://grupposamed.188.226.214.224.xip.io/themes/custom/probes/js/masterslider/masterslider.min.js.map', '', '2.35.188.202', 1561473088),
(9400, 0, 'page not found', '@uri', 0x613a313a7b733a343a2240757269223b733a36313a222f7468656d65732f637573746f6d2f70726f6265732f6a732f6d6173746572736c696465722f6d6173746572736c696465722e6d696e2e6a732e6d6170223b7d, 4, '', 'http://grupposamed.188.226.214.224.xip.io/themes/custom/probes/js/masterslider/masterslider.min.js.map', '', '2.35.188.202', 1561473220),
(9401, 0, 'page not found', '@uri', 0x613a313a7b733a343a2240757269223b733a36313a222f7468656d65732f637573746f6d2f70726f6265732f6a732f6d6173746572736c696465722f6d6173746572736c696465722e6d696e2e6a732e6d6170223b7d, 4, '', 'http://grupposamed.188.226.214.224.xip.io/themes/custom/probes/js/masterslider/masterslider.min.js.map', '', '2.35.188.202', 1561473256),
(9402, 0, 'cron', 'Cron run completed.', 0x613a303a7b7d, 5, '', 'http://grupposamed.188.226.214.224.xip.io/it', '', '2.35.188.202', 1561637483),
(9403, 1, 'user', 'Session opened for %name.', 0x613a313a7b733a353a22256e616d65223b733a353a2261646d696e223b7d, 5, '', 'http://grupposamed.188.226.214.224.xip.io/it/user/login', 'http://grupposamed.188.226.214.224.xip.io/it/user/login', '2.35.188.202', 1561637570),
(9404, 0, 'page not found', '@uri', 0x613a313a7b733a343a2240757269223b733a37363a222f73697465732f64656661756c742f66696c65732f35333332353230325f3831333832393438383935383732315f32393436383734312533432f626f64792533452533432f68746d6c253345223b7d, 4, '', 'http://grupposamed.188.226.214.224.xip.io/sites/default/files/53325202_813829488958721_29468741%3C/body%3E%3C/html%3E', 'http://grupposamed.188.226.214.224.xip.io/it/arka/rassegna-stampa', '2.35.188.202', 1561637913),
(9405, 0, 'page not found', '@uri', 0x613a313a7b733a343a2240757269223b733a37363a222f73697465732f64656661756c742f66696c65732f35333332353230325f3831333832393438383935383732315f32393436383734312533432f626f64792533452533432f68746d6c253345223b7d, 4, '', 'http://grupposamed.188.226.214.224.xip.io/sites/default/files/53325202_813829488958721_29468741%3C/body%3E%3C/html%3E', 'http://grupposamed.188.226.214.224.xip.io/it/arka/rassegna-stampa', '2.35.188.202', 1561638045),
(9406, 1, 'page not found', '@uri', 0x613a313a7b733a343a2240757269223b733a37363a222f73697465732f64656661756c742f66696c65732f35333332353230325f3831333832393438383935383732315f32393436383734312533432f626f64792533452533432f68746d6c253345223b7d, 4, '', 'http://grupposamed.188.226.214.224.xip.io/sites/default/files/53325202_813829488958721_29468741%3C/body%3E%3C/html%3E', 'http://grupposamed.188.226.214.224.xip.io/it/admin/structure/views/view/elenco_rassegna_stampa/edit/rassegna_stampa_arka', '2.35.188.202', 1561639312),
(9407, 1, 'page not found', '@uri', 0x613a313a7b733a343a2240757269223b733a36313a222f7468656d65732f637573746f6d2f70726f6265732f6a732f6d6173746572736c696465722f6d6173746572736c696465722e6d696e2e6a732e6d6170223b7d, 4, '', 'http://grupposamed.188.226.214.224.xip.io/themes/custom/probes/js/masterslider/masterslider.min.js.map', '', '2.35.188.202', 1561640507),
(9408, 0, 'cron', 'Cron run completed.', 0x613a303a7b7d, 5, '', 'http://grupposamed.188.226.214.224.xip.io/it', '', '2.35.188.202', 1562068871),
(9409, 1, 'user', 'Session opened for %name.', 0x613a313a7b733a353a22256e616d65223b733a353a2261646d696e223b7d, 5, '', 'http://grupposamed.com.local/user/login', 'http://grupposamed.com.local/user/login', '93.36.31.158', 1562074510),
(9410, 0, 'cron', 'Cron run completed.', 0x613a303a7b7d, 5, '', 'http://grupposamed.188.226.214.224.xip.io/it', 'http://grupposamed.188.226.214.224.xip.io/it/pubblicazioni', '2.226.176.78', 1562079829),
(9411, 0, 'page not found', '@uri', 0x613a313a7b733a343a2240757269223b733a37363a222f73697465732f64656661756c742f66696c65732f35333332353230325f3831333832393438383935383732315f32393436383734312533432f626f64792533452533432f68746d6c253345223b7d, 4, '', 'http://grupposamed.188.226.214.224.xip.io/sites/default/files/53325202_813829488958721_29468741%3C/body%3E%3C/html%3E', 'http://grupposamed.188.226.214.224.xip.io/it/arka/rassegna-stampa', '2.226.176.78', 1562084101),
(9412, 0, 'cron', 'Cron run completed.', 0x613a303a7b7d, 5, '', 'http://grupposamed.com.local/', '', '37.77.127.118', 1562158172),
(9413, 0, 'cron', 'Cron run completed.', 0x613a303a7b7d, 5, '', 'http://grupposamed.com.local/', '', '37.77.127.118', 1562235482),
(9414, 0, 'cron', 'Cron run completed.', 0x613a303a7b7d, 5, '', 'http://grupposamed.188.226.214.224.xip.io/', '', '80.23.205.161', 1562329675),
(9415, 0, 'cron', 'Cron run completed.', 0x613a303a7b7d, 5, '', 'http://grupposamed.com.local/', '', '176.32.28.140', 1562659735),
(9416, 0, 'cron', 'Cron run completed.', 0x613a303a7b7d, 5, '', 'http://grupposamed.188.226.214.224.xip.io/it/', '', '2.35.188.202', 1562674144),
(9417, 0, 'cron', 'Cron run completed.', 0x613a303a7b7d, 5, '', 'http://grupposamed.com.local/', '', '93.37.179.194', 1562685073),
(9418, 1, 'content', '@type: added %title.', 0x613a323a7b733a353a224074797065223b733a363a226d6564696369223b733a363a22257469746c65223b733a31323a224769616e6e69205665726469223b7d, 5, '<a href="/it/gianni-verdi" hreflang="it">View</a>', 'http://grupposamed.com.local/it/node/add/medici', 'http://grupposamed.com.local/it/node/add/medici', '93.37.179.194', 1562685209),
(9419, 1, 'php', '%type: @message in %function (line %line of %file).', 0x613a353a7b733a353a222574797065223b733a363a224e6f74696365223b733a383a22406d657373616765223b4f3a32353a2244727570616c5c436f72655c52656e6465725c4d61726b7570223a313a7b733a393a22002a00737472696e67223b733a33363a22547279696e6720746f206765742070726f7065727479206f66206e6f6e2d6f626a656374223b7d733a393a222566756e6374696f6e223b733a32343a2270726f6265735f70726570726f636573735f706167652829223b733a353a222566696c65223b733a36343a222f7661722f7777772f68746d6c2f636d732d67727570706f2d73616d65642f7468656d65732f637573746f6d2f70726f6265732f70726f6265732e7468656d65223b733a353a22256c696e65223b693a3133313b7d, 5, '', 'http://grupposamed.com.local/it/gianni-verdi', 'http://grupposamed.com.local/it/node/add/medici', '93.37.179.194', 1562685211),
(9420, 1, 'content', '@type: added %title.', 0x613a323a7b733a353a224074797065223b733a363a226d6564696369223b733a363a22257469746c65223b733a31333a22476961636f6d6f20526f737369223b7d, 5, '<a href="/it/giacomo-rossi" hreflang="it">View</a>', 'http://grupposamed.com.local/node/add/medici', 'http://grupposamed.com.local/node/add/medici', '93.37.179.194', 1562685581),
(9421, 1, 'content', '@type: added %title.', 0x613a323a7b733a353a224074797065223b733a363a226d6564696369223b733a363a22257469746c65223b733a31353a2247696f76616e6e69204769616c6c69223b7d, 5, '<a href="/it/giovanni-gialli" hreflang="it">View</a>', 'http://grupposamed.com.local/node/add/medici', 'http://grupposamed.com.local/node/add/medici', '93.37.179.194', 1562685645),
(9422, 1, 'content', '@type: added %title.', 0x613a323a7b733a353a224074797065223b733a363a22657175697065223b733a363a22257469746c65223b733a31343a224571756970652064692074657374223b7d, 5, '<a href="/it/equipe-di-test" hreflang="it">View</a>', 'http://grupposamed.com.local/node/add/equipe', 'http://grupposamed.com.local/node/add/equipe', '93.37.179.194', 1562685926);
INSERT INTO `watchdog` (`wid`, `uid`, `type`, `message`, `variables`, `severity`, `link`, `location`, `referer`, `hostname`, `timestamp`) VALUES
(9423, 1, 'php', '%type: @message in %function (line %line of %file).', 0x613a353a7b733a353a222574797065223b733a31303a2255736572206572726f72223b733a383a22406d657373616765223b4f3a32353a2244727570616c5c436f72655c52656e6465725c4d61726b7570223a313a7b733a393a22002a00737472696e67223b733a3732373a2244727570616c5c436f72655c44617461626173655c4461746162617365457863657074696f6e57726170706572207468726f776e207768696c652063616c6c696e67205f5f746f537472696e67206f6e20612044727570616c5c436f72655c537472696e675472616e736c6174696f6e5c5472616e736c617461626c654d61726b7570206f626a65637420696e202f7661722f7777772f68746d6c2f636d732d67727570706f2d73616d65642f636f72652f6c69622f44727570616c2f436f72652f44617461626173652f436f6e6e656374696f6e2e706870206f6e206c696e65203637313a2053514c53544154455b48593030305d3a2047656e6572616c206572726f723a2032303036204d7953514c207365727665722068617320676f6e6520617761793a2053454c45435420732e2a2c20742e6c616e6775616765204153206c616e67756167652c20742e7472616e736c6174696f6e204153207472616e736c6174696f6e2c20742e637573746f6d697a656420415320637573746f6d697a65640a46524f4d200a7b6c6f63616c65735f736f757263657d20730a4c454654204f55544552204a4f494e207b6c6f63616c65735f7461726765747d2074204f4e20742e6c6964203d20732e6c696420414e4420742e6c616e6775616765203d203a6c616e67636f64650a5748455245202028732e736f7572636520494e2020283a64625f636f6e646974696f6e5f706c616365686f6c6465725f30292920414e442028732e636f6e7465787420494e2020283a64625f636f6e646974696f6e5f706c616365686f6c6465725f3129293b2041727261790a280a202020205b3a64625f636f6e646974696f6e5f706c616365686f6c6465725f305d203d2667743b2044697361626c65640a202020205b3a64625f636f6e646974696f6e5f706c616365686f6c6465725f315d203d2667743b20506c7572616c0a202020205b3a6c616e67636f64655d203d2667743b2069740a290a223b7d733a393a222566756e6374696f6e223b733a36323a2244727570616c5c436f72655c537472696e675472616e736c6174696f6e5c5472616e736c617461626c654d61726b75702d3e5f5f746f537472696e672829223b733a353a222566696c65223b733a38323a222f7661722f7777772f68746d6c2f636d732d67727570706f2d73616d65642f636f72652f6c69622f44727570616c2f436f6d706f6e656e742f5574696c6974792f546f537472696e6754726169742e706870223b733a353a22256c696e65223b693a32303b7d, 3, '', 'http://grupposamed.com.local/it/admin/structure/block', 'http://grupposamed.com.local/it/admin/structure/views/view/equipe_medica/edit/block_equipe_medica', '93.37.179.194', 1562686915),
(9424, 1, 'block', 'The @entity-type %label has been deleted.', 0x613a323a7b733a31323a2240656e746974792d74797065223b733a353a22626c6f636b223b733a363a22256c6162656c223b733a31333a22457175697065204d6564696361223b7d, 5, '', 'http://grupposamed.com.local/it/admin/structure/block/manage/views_block__equipe_medica_block_equipe_medica/delete', 'http://grupposamed.com.local/it/admin/structure/block/manage/views_block__equipe_medica_block_equipe_medica/delete', '93.37.179.194', 1562687082),
(9425, 0, 'cron', 'Cron run completed.', 0x613a303a7b7d, 5, '', 'http://grupposamed.188.226.214.224.xip.io/node/37', '', '2.35.188.202', 1562753817),
(9426, 0, 'page not found', '@uri', 0x613a313a7b733a343a2240757269223b733a37363a222f73697465732f64656661756c742f66696c65732f35333332353230325f3831333832393438383935383732315f32393436383734312533432f626f64792533452533432f68746d6c253345223b7d, 4, '', 'http://grupposamed.188.226.214.224.xip.io/sites/default/files/53325202_813829488958721_29468741%3C/body%3E%3C/html%3E', 'http://grupposamed.188.226.214.224.xip.io/it/arka/rassegna-stampa', '176.32.19.170', 1562762271),
(9427, 0, 'cron', 'Cron run completed.', 0x613a303a7b7d, 5, '', 'http://grupposamed.188.226.214.224.xip.io/it', '', '2.35.188.202', 1562765613),
(9428, 1, 'page not found', '@uri', 0x613a313a7b733a343a2240757269223b733a36313a222f7468656d65732f637573746f6d2f70726f6265732f6a732f6d6173746572736c696465722f6d6173746572736c696465722e6d696e2e6a732e6d6170223b7d, 4, '', 'http://grupposamed.188.226.214.224.xip.io/themes/custom/probes/js/masterslider/masterslider.min.js.map', '', '2.35.188.202', 1562766364),
(9429, 0, 'cron', 'Cron run completed.', 0x613a303a7b7d, 5, '', 'http://grupposamed.188.226.214.224.xip.io/', '', '79.10.142.115', 1562835768),
(9430, 0, 'cron', 'Cron run completed.', 0x613a303a7b7d, 5, '', 'http://grupposamed.188.226.214.224.xip.io/it/home-page-iom', 'http://grupposamed.188.226.214.224.xip.io/it', '93.33.13.146', 1562850659),
(9431, 1, 'content', '@type: added %title.', 0x613a323a7b733a353a224074797065223b733a383a2279616d6c666f726d223b733a363a22257469746c65223b733a31323a22436f6e746174746920494f4d223b7d, 5, '<a href="/it/contatti-iom" hreflang="it">View</a>', 'http://grupposamed.com.local/node/add/yamlform', 'http://grupposamed.com.local/node/add/yamlform', '176.32.19.170', 1562851675),
(9432, 1, 'page not found', '@uri', 0x613a313a7b733a343a2240757269223b733a343a222f696f6d223b7d, 4, '', 'http://grupposamed.com.local/iom', '', '176.32.19.170', 1562851849),
(9433, 1, 'content', '@type: updated %title.', 0x613a323a7b733a353a224074797065223b733a383a2279616d6c666f726d223b733a363a22257469746c65223b733a31323a22436f6e746174746920494f4d223b7d, 5, '<a href="/it/contatti-iom" hreflang="it">View</a>', 'http://grupposamed.com.local/it/node/38/edit', 'http://grupposamed.com.local/it/node/38/edit', '176.32.19.170', 1562852239),
(9434, 1, 'content', '@type: updated %title.', 0x613a323a7b733a353a224074797065223b733a383a2279616d6c666f726d223b733a363a22257469746c65223b733a31323a22436f6e746174746920494f4d223b7d, 5, '<a href="/it/contatti-iom" hreflang="it">View</a>', 'http://grupposamed.com.local/it/node/38/edit', 'http://grupposamed.com.local/it/node/38/edit', '176.32.19.170', 1562852446),
(9435, 1, 'content', '@type: updated %title.', 0x613a323a7b733a353a224074797065223b733a383a2279616d6c666f726d223b733a363a22257469746c65223b733a31323a22436f6e746174746920494f4d223b7d, 5, '<a href="/it/contatti-iom" hreflang="it">View</a>', 'http://grupposamed.com.local/it/node/38/edit', 'http://grupposamed.com.local/it/node/38/edit', '176.32.19.170', 1562852484),
(9436, 1, 'content', '@type: updated %title.', 0x613a323a7b733a353a224074797065223b733a383a2279616d6c666f726d223b733a363a22257469746c65223b733a31323a22436f6e746174746920494f4d223b7d, 5, '<a href="/it/contatti-iom" hreflang="it">View</a>', 'http://grupposamed.com.local/it/node/38/edit', 'http://grupposamed.com.local/it/node/38/edit', '176.32.19.170', 1562852571),
(9437, 1, 'content', '@type: updated %title.', 0x613a323a7b733a353a224074797065223b733a383a2279616d6c666f726d223b733a363a22257469746c65223b733a31323a22436f6e746174746920494f4d223b7d, 5, '<a href="/it/contatti-iom" hreflang="it">View</a>', 'http://grupposamed.com.local/it/node/38/edit', 'http://grupposamed.com.local/it/node/38/edit', '176.32.19.170', 1562852867),
(9438, 1, 'content', '@type: updated %title.', 0x613a323a7b733a353a224074797065223b733a383a2279616d6c666f726d223b733a363a22257469746c65223b733a31323a22436f6e746174746920494f4d223b7d, 5, '<a href="/it/contatti-iom" hreflang="it">View</a>', 'http://grupposamed.com.local/it/node/38/edit', 'http://grupposamed.com.local/it/node/38/edit', '176.32.19.170', 1562852980),
(9439, 1, 'content', '@type: updated %title.', 0x613a323a7b733a353a224074797065223b733a383a2279616d6c666f726d223b733a363a22257469746c65223b733a31323a22436f6e746174746920494f4d223b7d, 5, '<a href="/it/contatti-iom" hreflang="it">View</a>', 'http://grupposamed.com.local/it/node/38/edit', 'http://grupposamed.com.local/it/node/38/edit', '176.32.19.170', 1562853041),
(9440, 1, 'yamlform', 'YAML form @label elements saved.', 0x613a313a7b733a363a22406c6162656c223b733a31343a22436f6e7461747461636920494f4d223b7d, 5, '', 'http://grupposamed.com.local/it/admin/structure/yamlform/add', 'http://grupposamed.com.local/it/admin/structure/yamlform/add', '176.32.19.170', 1562854914),
(9441, 1, 'yamlform', 'YAML form @label elements saved.', 0x613a313a7b733a363a22406c6162656c223b733a31343a22436f6e7461747461636920494f4d223b7d, 5, '', 'http://grupposamed.com.local/it/admin/structure/yamlform/manage/contattaci_iom', 'http://grupposamed.com.local/it/admin/structure/yamlform/manage/contattaci_iom', '176.32.19.170', 1562857378),
(9442, 1, 'yamlform', 'YAML form settings @label saved.', 0x613a313a7b733a363a22406c6162656c223b733a31343a22436f6e7461747461636920494f4d223b7d, 5, '', 'http://grupposamed.com.local/it/admin/structure/yamlform/manage/contattaci_iom/settings', 'http://grupposamed.com.local/it/admin/structure/yamlform/manage/contattaci_iom/settings', '176.32.19.170', 1562857524),
(9443, 1, 'content', '@type: updated %title.', 0x613a323a7b733a353a224074797065223b733a383a2279616d6c666f726d223b733a363a22257469746c65223b733a31323a22436f6e746174746920494f4d223b7d, 5, '<a href="/it/contatti-iom" hreflang="it">View</a>', 'http://grupposamed.com.local/node/38/edit', 'http://grupposamed.com.local/node/38/edit', '176.32.19.170', 1562857570),
(9444, 1, 'page not found', '@uri', 0x613a313a7b733a343a2240757269223b733a36313a222f7468656d65732f637573746f6d2f70726f6265732f6a732f6d6173746572736c696465722f6d6173746572736c696465722e6d696e2e6a732e6d6170223b7d, 4, '', 'http://grupposamed.com.local/themes/custom/probes/js/masterslider/masterslider.min.js.map', '', '176.32.19.170', 1562858791),
(9445, 1, 'page not found', '@uri', 0x613a313a7b733a343a2240757269223b733a393a222f6e6f64652f313732223b7d, 4, '', 'http://grupposamed.com.local/node/172', '', '176.32.19.170', 1562859014),
(9446, 1, 'php', '%type: @message in %function (line %line of %file).', 0x[encoded data, 4528 characters], 3, '', 'http://grupposamed.com.local/it/admin/store/reports/products', 'http://grupposamed.com.local/it/admin/structure/yamlform/manage/contattaci_iom/source', '176.32.19.170', 1562859689),
(9447, 1, 'yamlform', 'YAML form @label elements saved.', 0x613a313a7b733a363a22406c6162656c223b733a31343a22436f6e7461747461636920494f4d223b7d, 5, '', 'http://grupposamed.com.local/it/admin/structure/yamlform/manage/contattaci_iom', 'http://grupposamed.com.local/it/admin/structure/yamlform/manage/contattaci_iom', '176.32.19.170', 1562859813),
(9448, 1, 'page not found', '@uri', 0x613a313a7b733a343a2240757269223b733a36313a222f7468656d65732f637573746f6d2f70726f6265732f6a732f6d6173746572736c696465722f6d6173746572736c696465722e6d696e2e6a732e6d6170223b7d, 4, '', 'http://grupposamed.com.local/themes/custom/probes/js/masterslider/masterslider.min.js.map', '', '176.32.19.170', 1562859828),
(9449, 1, 'content', '@type: updated %title.', 0x613a323a7b733a353a224074797065223b733a383a2279616d6c666f726d223b733a363a22257469746c65223b733a31323a22436f6e746174746920494f4d223b7d, 5, '<a href="/it/contatti-iom" hreflang="it">View</a>', 'http://grupposamed.com.local/it/node/38/edit', 'http://grupposamed.com.local/it/node/38/edit', '176.32.19.170', 1562860225),
(9450, 1, 'page not found', '@uri', 0x613a313a7b733a343a2240757269223b733a36313a222f7468656d65732f637573746f6d2f70726f6265732f6a732f6d6173746572736c696465722f6d6173746572736c696465722e6d696e2e6a732e6d6170223b7d, 4, '', 'http://grupposamed.com.local/themes/custom/probes/js/masterslider/masterslider.min.js.map', '', '176.32.19.170', 1562860350),
(9451, 1, 'content', '@type: updated %title.', 0x613a323a7b733a353a224074797065223b733a383a2279616d6c666f726d223b733a363a22257469746c65223b733a31323a22436f6e746174746920494f4d223b7d, 5, '<a href="/it/contatti-iom" hreflang="it">View</a>', 'http://grupposamed.com.local/it/node/38/edit', 'http://grupposamed.com.local/it/node/38/edit', '176.32.19.170', 1562860450),
(9452, 1, 'page not found', '@uri', 0x613a313a7b733a343a2240757269223b733a36313a222f7468656d65732f637573746f6d2f70726f6265732f6a732f6d6173746572736c696465722f6d6173746572736c696465722e6d696e2e6a732e6d6170223b7d, 4, '', 'http://grupposamed.com.local/themes/custom/probes/js/masterslider/masterslider.min.js.map', '', '176.32.19.170', 1562860461),
(9453, 1, 'page not found', '@uri', 0x613a313a7b733a343a2240757269223b733a36313a222f7468656d65732f637573746f6d2f70726f6265732f6a732f6d6173746572736c696465722f6d6173746572736c696465722e6d696e2e6a732e6d6170223b7d, 4, '', 'http://grupposamed.com.local/themes/custom/probes/js/masterslider/masterslider.min.js.map', '', '176.32.19.170', 1562860693),
(9454, 1, 'page not found', '@uri', 0x613a313a7b733a343a2240757269223b733a36313a222f7468656d65732f637573746f6d2f70726f6265732f6a732f6d6173746572736c696465722f6d6173746572736c696465722e6d696e2e6a732e6d6170223b7d, 4, '', 'http://grupposamed.com.local/themes/custom/probes/js/masterslider/masterslider.min.js.map', '', '176.32.19.170', 1562860766),
(9455, 1, 'content', '@type: updated %title.', 0x613a323a7b733a353a224074797065223b733a383a2279616d6c666f726d223b733a363a22257469746c65223b733a31323a22436f6e746174746920494f4d223b7d, 5, '<a href="/it/contatti-iom" hreflang="it">View</a>', 'http://grupposamed.com.local/it/node/38/edit', 'http://grupposamed.com.local/it/node/38/edit', '176.32.19.170', 1562860805),
(9456, 0, 'cron', 'Cron run completed.', 0x613a303a7b7d, 5, '', 'http://grupposamed.com.local/', '', '176.32.19.170', 1562922458),
(9457, 1, 'page not found', '@uri', 0x613a313a7b733a343a2240757269223b733a36313a222f7468656d65732f637573746f6d2f70726f6265732f6a732f6d6173746572736c696465722f6d6173746572736c696465722e6d696e2e6a732e6d6170223b7d, 4, '', 'http://grupposamed.com.local/themes/custom/probes/js/masterslider/masterslider.min.js.map', '', '176.32.19.170', 1562922509),
(9458, 1, 'content', '@type: updated %title.', 0x613a323a7b733a353a224074797065223b733a383a2279616d6c666f726d223b733a363a22257469746c65223b733a31323a22436f6e746174746920494f4d223b7d, 5, '<a href="/it/contatti-iom" hreflang="it">View</a>', 'http://grupposamed.com.local/it/node/38/edit', 'http://grupposamed.com.local/it/node/38/edit', '176.32.19.170', 1562922646),
(9459, 1, 'page not found', '@uri', 0x613a313a7b733a343a2240757269223b733a36313a222f7468656d65732f637573746f6d2f70726f6265732f6a732f6d6173746572736c696465722f6d6173746572736c696465722e6d696e2e6a732e6d6170223b7d, 4, '', 'http://grupposamed.com.local/themes/custom/probes/js/masterslider/masterslider.min.js.map', '', '176.32.19.170', 1562922665),
(9460, 1, 'page not found', '@uri', 0x613a313a7b733a343a2240757269223b733a343a222f696f6d223b7d, 4, '', 'http://grupposamed.com.local/iom', '', '176.32.19.170', 1562922982),
(9461, 1, 'page not found', '@uri', 0x613a313a7b733a343a2240757269223b733a36313a222f7468656d65732f637573746f6d2f70726f6265732f6a732f6d6173746572736c696465722f6d6173746572736c696465722e6d696e2e6a732e6d6170223b7d, 4, '', 'http://grupposamed.com.local/themes/custom/probes/js/masterslider/masterslider.min.js.map', '', '176.32.19.170', 1562923227),
(9462, 1, 'content', '@type: updated %title.', 0x613a323a7b733a353a224074797065223b733a383a2279616d6c666f726d223b733a363a22257469746c65223b733a31323a22436f6e746174746920494f4d223b7d, 5, '<a href="/it/iom/contatti-iom" hreflang="it">View</a>', 'http://grupposamed.com.local/it/node/38/edit', 'http://grupposamed.com.local/it/node/38/edit', '176.32.19.170', 1562924838),
(9463, 0, 'cron', 'Cron run completed.', 0x613a303a7b7d, 5, '', 'http://grupposamed.com.local/', '', '176.32.19.170', 1562942737),
(9464, 1, 'yamlform', 'YAML form @label elements saved.', 0x613a313a7b733a363a22406c6162656c223b733a31343a22436f6e746174746163692052454d223b7d, 5, '', 'http://grupposamed.com.local/it/admin/structure/yamlform/manage/contattaci_iom/duplicate', 'http://grupposamed.com.local/it/admin/structure/yamlform/manage/contattaci_iom/duplicate', '176.32.19.170', 1562942943),
(9465, 1, 'yamlform', 'YAML form @label elements saved.', 0x613a313a7b733a363a22406c6162656c223b733a32313a22436f6e746174746163692056494c4c41204c495341223b7d, 5, '', 'http://grupposamed.com.local/it/admin/structure/yamlform/manage/contattaci_iom/duplicate', 'http://grupposamed.com.local/it/admin/structure/yamlform/manage/contattaci_iom/duplicate', '176.32.19.170', 1562943023),
(9466, 1, 'yamlform', 'YAML form @label elements saved.', 0x613a313a7b733a363a22406c6162656c223b733a32313a22436f6e746174746163692056494c4c41204c495341223b7d, 5, '', 'http://grupposamed.com.local/it/admin/structure/yamlform/manage/contattaci_villa_lisa', 'http://grupposamed.com.local/it/admin/structure/yamlform/manage/contattaci_villa_lisa', '176.32.19.170', 1562943043),
(9467, 1, 'yamlform', 'YAML form @label elements saved.', 0x613a313a7b733a363a22406c6162656c223b733a32363a22436f6e746174746163692056494c4c412044454c20434f52534f223b7d, 5, '', 'http://grupposamed.com.local/it/admin/structure/yamlform/manage/contattaci_villa_lisa/duplicate', 'http://grupposamed.com.local/it/admin/structure/yamlform/manage/contattaci_villa_lisa/duplicate', '176.32.19.170', 1562943083),
(9468, 1, 'yamlform', 'YAML form @label elements saved.', 0x613a313a7b733a363a22406c6162656c223b733a31363a22436f6e74617474616369204745434153223b7d, 5, '', 'http://grupposamed.com.local/it/admin/structure/yamlform/manage/contattaci_villa_lisa/duplicate', 'http://grupposamed.com.local/it/admin/structure/yamlform/manage/contattaci_villa_lisa/duplicate', '176.32.19.170', 1562943135),
(9469, 1, 'yamlform', 'The @entity-type %label has been deleted.', 0x613a323a7b733a31323a2240656e746974792d74797065223b733a393a2279616d6c20666f726d223b733a363a22256c6162656c223b733a32363a22436f6e746174746163692056494c4c412044454c20434f52534f223b7d, 5, '', 'http://grupposamed.com.local/it/admin/structure/yamlform/manage/contattaci_villa_del_corso/delete', 'http://grupposamed.com.local/it/admin/structure/yamlform/manage/contattaci_villa_del_corso/delete', '176.32.19.170', 1562943200),
(9470, 1, 'yamlform', 'YAML form @label elements saved.', 0x613a313a7b733a363a22406c6162656c223b733a31353a22436f6e746174746163692041524b41223b7d, 5, '', 'http://grupposamed.com.local/it/admin/structure/yamlform/manage/contattaci_gecas/duplicate', 'http://grupposamed.com.local/it/admin/structure/yamlform/manage/contattaci_gecas/duplicate', '176.32.19.170', 1562943250),
(9471, 1, 'content', '@type: added %title.', 0x613a323a7b733a353a224074797065223b733a383a2279616d6c666f726d223b733a363a22257469746c65223b733a31323a22436f6e74617474692052454d223b7d, 5, '<a href="/it/contatti-rem" hreflang="it">View</a>', 'http://grupposamed.com.local/node/add/yamlform', 'http://grupposamed.com.local/node/add/yamlform', '176.32.19.170', 1562943755),
(9472, 1, 'content', '@type: updated %title.', 0x613a323a7b733a353a224074797065223b733a383a2279616d6c666f726d223b733a363a22257469746c65223b733a31323a22436f6e74617474692052454d223b7d, 5, '<a href="/it/rem/contatti" hreflang="it">View</a>', 'http://grupposamed.com.local/it/node/39/edit', 'http://grupposamed.com.local/it/node/39/edit', '176.32.19.170', 1562944130),
(9473, 1, 'content', '@type: updated %title.', 0x613a323a7b733a353a224074797065223b733a383a2279616d6c666f726d223b733a363a22257469746c65223b733a31323a22436f6e74617474692052454d223b7d, 5, '<a href="/it/rem/contatti" hreflang="it">View</a>', 'http://grupposamed.com.local/it/node/39/edit', 'http://grupposamed.com.local/it/node/39/edit', '176.32.19.170', 1562944516),
(9474, 1, 'content', '@type: added %title.', 0x613a323a7b733a353a224074797065223b733a383a2279616d6c666f726d223b733a363a22257469746c65223b733a31343a22436f6e7461747469204745434153223b7d, 5, '<a href="/it/contatti-gecas" hreflang="it">View</a>', 'http://grupposamed.com.local/node/add/yamlform', 'http://grupposamed.com.local/node/add/yamlform', '176.32.19.170', 1562945053),
(9475, 1, 'content', '@type: updated %title.', 0x613a323a7b733a353a224074797065223b733a383a2279616d6c666f726d223b733a363a22257469746c65223b733a31343a22436f6e7461747469204745434153223b7d, 5, '<a href="/it/gecas/contatti" hreflang="it">View</a>', 'http://grupposamed.com.local/it/node/40/edit', 'http://grupposamed.com.local/it/node/40/edit', '176.32.19.170', 1562945077),
(9476, 1, 'content', '@type: updated %title.', 0x613a323a7b733a353a224074797065223b733a383a2279616d6c666f726d223b733a363a22257469746c65223b733a31343a22436f6e7461747469204745434153223b7d, 5, '<a href="/it/gecas/contatti" hreflang="it">View</a>', 'http://grupposamed.com.local/it/node/40/edit', 'http://grupposamed.com.local/it/node/40/edit', '176.32.19.170', 1562945144),
(9477, 1, 'page not found', '@uri', 0x613a313a7b733a343a2240757269223b733a36313a222f7468656d65732f637573746f6d2f70726f6265732f6a732f6d6173746572736c696465722f6d6173746572736c696465722e6d696e2e6a732e6d6170223b7d, 4, '', 'http://grupposamed.com.local/themes/custom/probes/js/masterslider/masterslider.min.js.map', '', '176.32.19.170', 1562945186),
(9478, 1, 'yamlform', 'YAML form @label elements saved.', 0x613a313a7b733a363a22406c6162656c223b733a31363a22436f6e74617474616369204745434153223b7d, 5, '', 'http://grupposamed.com.local/it/admin/structure/yamlform/manage/contattaci_gecas', 'http://grupposamed.com.local/it/admin/structure/yamlform/manage/contattaci_gecas', '176.32.19.170', 1562945239),
(9479, 1, 'content', '@type: added %title.', 0x613a323a7b733a353a224074797065223b733a383a2279616d6c666f726d223b733a363a22257469746c65223b733a31393a22436f6e74617474692056494c4c41204c495341223b7d, 5, '<a href="/it/villa-lisa/contatti" hreflang="it">View</a>', 'http://grupposamed.com.local/node/add/yamlform', 'http://grupposamed.com.local/node/add/yamlform', '176.32.19.170', 1562945573),
(9480, 1, 'yamlform', 'YAML form @label elements saved.', 0x613a313a7b733a363a22406c6162656c223b733a32313a22436f6e746174746163692056494c4c41204c495341223b7d, 5, '', 'http://grupposamed.com.local/it/admin/structure/yamlform/manage/contattaci_villa_lisa', 'http://grupposamed.com.local/it/admin/structure/yamlform/manage/contattaci_villa_lisa', '176.32.19.170', 1562945612),
(9481, 1, 'page not found', '@uri', 0x613a313a7b733a343a2240757269223b733a35323a222f69742f61646d696e2f7374727563747572652f6d656e752f6d616e6167652f6d61696e2d6d656e752d76696c6c612d6c697361223b7d, 4, '', 'http://grupposamed.com.local/it/admin/structure/menu/manage/main-menu-villa-lisa', '', '176.32.19.170', 1562945643),
(9482, 1, 'content', '@type: added %title.', 0x613a323a7b733a353a224074797065223b733a383a2279616d6c666f726d223b733a363a22257469746c65223b733a31333a22436f6e74617474692041524b41223b7d, 5, '<a href="/it/arka/contatti" hreflang="it">View</a>', 'http://grupposamed.com.local/node/add/yamlform', 'http://grupposamed.com.local/node/add/yamlform', '176.32.19.170', 1562945976),
(9483, 1, 'yamlform', 'YAML form @label elements saved.', 0x613a313a7b733a363a22406c6162656c223b733a31353a22436f6e746174746163692041524b41223b7d, 5, '', 'http://grupposamed.com.local/it/admin/structure/yamlform/manage/contattaci_arka', 'http://grupposamed.com.local/it/admin/structure/yamlform/manage/contattaci_arka', '176.32.19.170', 1562945990),
(9484, 1, 'page not found', '@uri', 0x613a313a7b733a343a2240757269223b733a31363a222f69742f696f6d2f636f6e7461747469223b7d, 4, '', 'http://grupposamed.com.local/it/iom/contatti', '', '176.32.19.170', 1562946084),
(9485, 1, 'content', '@type: updated %title.', 0x613a323a7b733a353a224074797065223b733a383a2279616d6c666f726d223b733a363a22257469746c65223b733a31323a22436f6e746174746920494f4d223b7d, 5, '<a href="/it/iom/contatti-iom" hreflang="it">View</a>', 'http://grupposamed.com.local/it/node/38/edit', 'http://grupposamed.com.local/it/node/38/edit', '176.32.19.170', 1562946257),
(9486, 1, 'page not found', '@uri', 0x613a313a7b733a343a2240757269223b733a373a222f6c6f676f7574223b7d, 4, '', 'http://grupposamed.com.local/logout', '', '176.32.19.170', 1562946462),
(9487, 1, 'user', 'Session closed for %name.', 0x613a313a7b733a353a22256e616d65223b733a353a2261646d696e223b7d, 5, '', 'http://grupposamed.com.local/user/logout', '', '176.32.19.170', 1562946473),
(9488, 0, 'page not found', '@uri', 0x613a313a7b733a343a2240757269223b733a36313a222f7468656d65732f637573746f6d2f70726f6265732f6a732f6d6173746572736c696465722f6d6173746572736c696465722e6d696e2e6a732e6d6170223b7d, 4, '', 'http://grupposamed.com.local/themes/custom/probes/js/masterslider/masterslider.min.js.map', '', '176.32.19.170', 1562946518),
(9489, 0, 'cron', 'Cron run completed.', 0x613a303a7b7d, 5, '', 'http://grupposamed.com.local/', '', '176.32.19.170', 1563176132),
(9490, 0, 'page not found', '@uri', 0x613a313a7b733a343a2240757269223b733a36313a222f7468656d65732f637573746f6d2f70726f6265732f6a732f6d6173746572736c696465722f6d6173746572736c696465722e6d696e2e6a732e6d6170223b7d, 4, '', 'http://grupposamed.com.local/themes/custom/probes/js/masterslider/masterslider.min.js.map', '', '176.32.19.170', 1563177058),
(9491, 0, 'access denied', '@uri', 0x613a313a7b733a343a2240757269223b733a363a222f61646d696e223b7d, 4, '', 'http://grupposamed.com.local/admin', '', '176.32.19.170', 1563180186),
(9492, 1, 'user', 'Session opened for %name.', 0x613a313a7b733a353a22256e616d65223b733a353a2261646d696e223b7d, 5, '', 'http://grupposamed.com.local/user/login', 'http://grupposamed.com.local/user/login', '176.32.19.170', 1563180206),
(9493, 1, 'php', '%type: @message in %function (line %line of %file).', 0x613a353a7b733a353a222574797065223b733a31303a2255736572206572726f72223b733a383a22406d657373616765223b4f3a32353a2244727570616c5c436f72655c52656e6465725c4d61726b7570223a313a7b733a393a22002a00737472696e67223b733a3732373a2244727570616c5c436f72655c44617461626173655c4461746162617365457863657074696f6e57726170706572207468726f776e207768696c652063616c6c696e67205f5f746f537472696e67206f6e20612044727570616c5c436f72655c537472696e675472616e736c6174696f6e5c5472616e736c617461626c654d61726b7570206f626a65637420696e202f7661722f7777772f68746d6c2f636d732d67727570706f2d73616d65642f636f72652f6c69622f44727570616c2f436f72652f44617461626173652f436f6e6e656374696f6e2e706870206f6e206c696e65203637313a2053514c53544154455b48593030305d3a2047656e6572616c206572726f723a2032303036204d7953514c207365727665722068617320676f6e6520617761793a2053454c45435420732e2a2c20742e6c616e6775616765204153206c616e67756167652c20742e7472616e736c6174696f6e204153207472616e736c6174696f6e2c20742e637573746f6d697a656420415320637573746f6d697a65640a46524f4d200a7b6c6f63616c65735f736f757263657d20730a4c454654204f55544552204a4f494e207b6c6f63616c65735f7461726765747d2074204f4e20742e6c6964203d20732e6c696420414e4420742e6c616e6775616765203d203a6c616e67636f64650a5748455245202028732e736f7572636520494e2020283a64625f636f6e646974696f6e5f706c616365686f6c6465725f30292920414e442028732e636f6e7465787420494e2020283a64625f636f6e646974696f6e5f706c616365686f6c6465725f3129293b2041727261790a280a202020205b3a64625f636f6e646974696f6e5f706c616365686f6c6465725f305d203d2667743b2044697361626c65640a202020205b3a64625f636f6e646974696f6e5f706c616365686f6c6465725f315d203d2667743b20506c7572616c0a202020205b3a6c616e67636f64655d203d2667743b2069740a290a223b7d733a393a222566756e6374696f6e223b733a36323a2244727570616c5c436f72655c537472696e675472616e736c6174696f6e5c5472616e736c617461626c654d61726b75702d3e5f5f746f537472696e672829223b733a353a222566696c65223b733a38323a222f7661722f7777772f68746d6c2f636d732d67727570706f2d73616d65642f636f72652f6c69622f44727570616c2f436f6d706f6e656e742f5574696c6974792f546f537472696e6754726169742e706870223b733a353a22256c696e65223b693a32303b7d, 3, '', 'http://grupposamed.com.local/it/admin/structure/block', 'http://grupposamed.com.local/it/admin/structure/block/block-content', '176.32.19.170', 1563183925),
(9494, 0, 'cron', 'Cron run completed.', 0x613a303a7b7d, 5, '', 'http://grupposamed.com.local/', '', '176.32.19.170', 1563201516),
(9495, 1, 'page not found', '@uri', 0x613a313a7b733a343a2240757269223b733a36313a222f7468656d65732f637573746f6d2f70726f6265732f6a732f6d6173746572736c696465722f6d6173746572736c696465722e6d696e2e6a732e6d6170223b7d, 4, '', 'http://grupposamed.com.local/themes/custom/probes/js/masterslider/masterslider.min.js.map', '', '176.32.19.170', 1563202892),
(9496, 0, 'cron', 'Cron run completed.', 0x613a303a7b7d, 5, '', 'http://grupposamed.188.226.214.224.xip.io/it', '', '66.249.81.242', 1563227111),
(9497, 0, 'cron', 'Cron run completed.', 0x613a303a7b7d, 5, '', 'http://grupposamed.com.local/', '', '176.32.19.170', 1563263835),
(9498, 1, 'block_content', '@type: updated %info.', 0x613a323a7b733a353a224074797065223b733a353a226261736963223b733a353a2225696e666f223b733a32383a225b50726f6265735d20426c6f636b20746f70206d656e752048544d4c223b7d, 5, '', 'http://grupposamed.com.local/it/block/77?destination=node', 'http://grupposamed.com.local/it/block/77?destination=node', '176.32.19.170', 1563268556),
(9499, 1, 'block_content', '@type: updated %info.', 0x613a323a7b733a353a224074797065223b733a353a226261736963223b733a353a2225696e666f223b733a33363a225b50726f6265735d20426c6f636b20746f7062617220736f6369616c207374796c652031223b7d, 5, '', 'http://grupposamed.com.local/it/block/76?destination=node', 'http://grupposamed.com.local/it/block/76?destination=node', '176.32.19.170', 1563269528),
(9500, 1, 'block_content', '@type: updated %info.', 0x613a323a7b733a353a224074797065223b733a353a226261736963223b733a353a2225696e666f223b733a33353a225b47727570706f53616d65645d5b486f6d655d204c696e6b20696d706f7274616e7469223b7d, 5, '', 'http://grupposamed.com.local/it/block/97?destination=node', 'http://grupposamed.com.local/it/block/97?destination=node', '176.32.19.170', 1563270020),
(9501, 1, 'page not found', '@uri', 0x613a313a7b733a343a2240757269223b733a31333a222f6c652d737472757474757265223b7d, 4, '', 'http://grupposamed.com.local/le-strutture', 'http://grupposamed.com.local/node', '176.32.19.170', 1563270037),
(9502, 0, 'cron', 'Cron run completed.', 0x613a303a7b7d, 5, '', 'http://grupposamed.com.local/node/add', '', '176.32.19.170', 1563280798),
(9503, 1, 'page not found', '@uri', 0x613a313a7b733a343a2240757269223b733a32353a222f6e6f64652f6164642f7261737365676e612d7374616d7061223b7d, 4, '', 'http://grupposamed.com.local/node/add/rassegna-stampa', '', '176.32.19.170', 1563281220),
(9504, 1, 'page not found', '@uri', 0x613a313a7b733a343a2240757269223b733a32353a222f6e6f64652f6164642f7261737365676e612d7374616d7061223b7d, 4, '', 'http://grupposamed.com.local/node/add/rassegna-stampa', 'http://grupposamed.com.local/it/node/add/progetti', '176.32.19.170', 1563282873),
(9505, 1, 'user', 'Session opened for %name.', 0x613a313a7b733a353a22256e616d65223b733a353a2261646d696e223b7d, 5, '', 'http://grupposamed.188.226.214.224.xip.io/it/user/login', 'http://grupposamed.188.226.214.224.xip.io/it/user/login', '2.35.188.202', 1563283679),
(9506, 0, 'cron', 'Cron run completed.', 0x613a303a7b7d, 5, '', 'http://grupposamed.com.local/', '', '37.77.123.203', 1563347279),
(9507, 1, 'content', '@type: added %title.', 0x613a323a7b733a353a224074797065223b733a31303a227370656369616c697461223b733a363a22257469746c65223b733a31353a225370656369616c6974612054657374223b7d, 5, '<a href="/it/specialita-test" hreflang="it">View</a>', 'http://grupposamed.com.local/it/node/add/specialita', 'http://grupposamed.com.local/it/node/add/specialita', '37.77.123.203', 1563349050),
(9508, 1, 'user', 'Session closed for %name.', 0x613a313a7b733a353a22256e616d65223b733a353a2261646d696e223b7d, 5, '', 'http://grupposamed.com.local/user/logout', '', '37.77.123.203', 1563354047),
(9509, 0, 'php', '%type: @message in %function (line %line of %file).', 0x613a353a7b733a353a222574797065223b733a32333a225265636f76657261626c6520666174616c206572726f72223b733a383a22406d657373616765223b4f3a32353a2244727570616c5c436f72655c52656e6465725c4d61726b7570223a313a7b733a393a22002a00737472696e67223b733a36343a224f626a656374206f6620636c6173732044727570616c5c436f72655c55726c20636f756c64206e6f7420626520636f6e76657274656420746f20737472696e67223b7d733a393a222566756e6374696f6e223b733a31313a2273657474614c6f676f2829223b733a353a222566696c65223b733a36343a222f7661722f7777772f68746d6c2f636d732d67727570706f2d73616d65642f7468656d65732f637573746f6d2f70726f6265732f70726f6265732e7468656d65223b733a353a22256c696e65223b693a3238343b7d, 3, '', 'http://grupposamed.com.local/user/login', '', '37.77.123.203', 1563356533),
(9510, 0, 'cron', 'Cron run completed.', 0x613a303a7b7d, 5, '', 'http://grupposamed.com.local/', '', '37.77.123.203', 1563358668),
(9511, 1, 'user', 'Session opened for %name.', 0x613a313a7b733a353a22256e616d65223b733a353a2261646d696e223b7d, 5, '', 'http://grupposamed.com.local/it/user/login', 'http://grupposamed.com.local/it/user/login', '37.77.123.203', 1563368785),
(9512, 0, 'cron', 'Cron run completed.', 0x613a303a7b7d, 5, '', 'http://grupposamed.com.local/', '', '37.77.123.203', 1563369491),
(9513, 1, 'block_content', '@type: updated %info.', 0x613a323a7b733a353a224074797065223b733a353a226261736963223b733a353a2225696e666f223b733a37303a225b47727570706f53616d65645d5b52656d5d204361727461206465692073657276697a69202d204d6f64656c6c6f206f7267616e697a7a617469766f202d2050726976616379223b7d, 5, '', 'http://grupposamed.com.local/it/block/141?destination=node%2F5', 'http://grupposamed.com.local/it/block/141?destination=node/5', '37.77.123.203', 1563369979),
(9514, 1, 'page not found', '@uri', 0x613a313a7b733a343a2240757269223b733a36313a222f7468656d65732f637573746f6d2f70726f6265732f6a732f6d6173746572736c696465722f6d6173746572736c696465722e6d696e2e6a732e6d6170223b7d, 4, '', 'http://grupposamed.com.local/themes/custom/probes/js/masterslider/masterslider.min.js.map', '', '37.77.123.203', 1563369998),
(9515, 1, 'block_content', '@type: updated %info.', 0x613a323a7b733a353a224074797065223b733a353a226261736963223b733a353a2225696e666f223b733a37303a225b47727570706f53616d65645d5b496f6d5d204361727461206465692073657276697a69202d204d6f64656c6c6f206f7267616e697a7a617469766f202d2050726976616379223b7d, 5, '', 'http://grupposamed.com.local/it/block/136?destination=node%2F3', 'http://grupposamed.com.local/it/block/136?destination=node/3', '37.77.123.203', 1563370196),
(9516, 1, 'block_content', '@type: updated %info.', 0x613a323a7b733a353a224074797065223b733a353a226261736963223b733a353a2225696e666f223b733a37323a225b47727570706f53616d65645d5b47656361735d204361727461206465692073657276697a69202d204d6f64656c6c6f206f7267616e697a7a617469766f202d2050726976616379223b7d, 5, '', 'http://grupposamed.com.local/it/block/138?destination=node%2F4', 'http://grupposamed.com.local/it/block/138?destination=node/4', '37.77.123.203', 1563370237),
(9517, 1, 'block_content', '@type: updated %info.', 0x613a323a7b733a353a224074797065223b733a353a226261736963223b733a353a2225696e666f223b733a37363a225b47727570706f53616d65645d5b56696c6c614c6973615d204361727461206465692073657276697a69202d204d6f64656c6c6f206f7267616e697a7a617469766f202d2050726976616379223b7d, 5, '', 'http://grupposamed.com.local/it/block/139?destination=node%2F6', 'http://grupposamed.com.local/it/block/139?destination=node/6', '37.77.123.203', 1563370276),
(9518, 1, 'block_content', '@type: updated %info.', 0x613a323a7b733a353a224074797065223b733a353a226261736963223b733a353a2225696e666f223b733a37313a225b47727570706f53616d65645d5b41726b615d204361727461206465692073657276697a69202d204d6f64656c6c6f206f7267616e697a7a617469766f202d2050726976616379223b7d, 5, '', 'http://grupposamed.com.local/it/block/143?destination=node%2F8', 'http://grupposamed.com.local/it/block/143?destination=node/8', '37.77.123.203', 1563370338),
(9519, 1, 'content', '@type: updated %title.', 0x613a323a7b733a353a224074797065223b733a393a22686f6d655f70616765223b733a363a22257469746c65223b733a31343a22486f6d6520506167652041726b61223b7d, 5, '<a href="/it/home-page-arka" hreflang="it">View</a>', 'http://grupposamed.com.local/it/node/8/edit', 'http://grupposamed.com.local/it/node/8/edit', '37.77.123.203', 1563371190),
(9520, 0, 'cron', 'Cron run completed.', 0x613a303a7b7d, 5, '', 'http://grupposamed.com.local/', '', '37.77.123.203', 1563433898),
(9521, 1, 'page not found', '@uri', 0x613a313a7b733a343a2240757269223b733a36313a222f7468656d65732f637573746f6d2f70726f6265732f6a732f6d6173746572736c696465722f6d6173746572736c696465722e6d696e2e6a732e6d6170223b7d, 4, '', 'http://grupposamed.com.local/themes/custom/probes/js/masterslider/masterslider.min.js.map', '', '37.77.123.203', 1563436098),
(9522, 1, 'page not found', '@uri', 0x613a313a7b733a343a2240757269223b733a36313a222f7468656d65732f637573746f6d2f70726f6265732f6a732f6d6173746572736c696465722f6d6173746572736c696465722e6d696e2e6a732e6d6170223b7d, 4, '', 'http://grupposamed.com.local/themes/custom/probes/js/masterslider/masterslider.min.js.map', '', '37.77.123.203', 1563436146),
(9523, 1, 'page not found', '@uri', 0x613a313a7b733a343a2240757269223b733a36313a222f7468656d65732f637573746f6d2f70726f6265732f6a732f6d6173746572736c696465722f6d6173746572736c696465722e6d696e2e6a732e6d6170223b7d, 4, '', 'http://grupposamed.com.local/themes/custom/probes/js/masterslider/masterslider.min.js.map', '', '37.77.123.203', 1563437433),
(9524, 1, 'page not found', '@uri', 0x613a313a7b733a343a2240757269223b733a36313a222f7468656d65732f637573746f6d2f70726f6265732f6a732f6d6173746572736c696465722f6d6173746572736c696465722e6d696e2e6a732e6d6170223b7d, 4, '', 'http://grupposamed.com.local/themes/custom/probes/js/masterslider/masterslider.min.js.map', '', '37.77.123.203', 1563437554),
(9525, 1, 'page not found', '@uri', 0x613a313a7b733a343a2240757269223b733a36313a222f7468656d65732f637573746f6d2f70726f6265732f6a732f6d6173746572736c696465722f6d6173746572736c696465722e6d696e2e6a732e6d6170223b7d, 4, '', 'http://grupposamed.com.local/themes/custom/probes/js/masterslider/masterslider.min.js.map', '', '37.77.123.203', 1563437906),
(9526, 0, 'cron', 'Cron run completed.', 0x613a303a7b7d, 5, '', 'http://grupposamed.com.local/', '', '37.77.123.203', 1563446644),
(9527, 1, 'content', '@type: updated %title.', 0x613a323a7b733a353a224074797065223b733a31303a227370656369616c697461223b733a363a22257469746c65223b733a31353a225370656369616c6974612054657374223b7d, 5, '<a href="/it/specialita-test" hreflang="it">View</a>', 'http://grupposamed.com.local/it/node/43/edit', 'http://grupposamed.com.local/it/node/43/edit', '37.77.123.203', 1563446915),
(9528, 1, 'content', '@type: updated %title.', 0x613a323a7b733a353a224074797065223b733a31303a227370656369616c697461223b733a363a22257469746c65223b733a31353a225370656369616c6974612054657374223b7d, 5, '<a href="/it/specialita-test" hreflang="it">View</a>', 'http://grupposamed.com.local/it/node/43/edit', 'http://grupposamed.com.local/it/node/43/edit', '37.77.123.203', 1563446941),
(9529, 0, 'cron', 'Cron run completed.', 0x613a303a7b7d, 5, '', 'http://grupposamed.com.local/it/home-page-iom', 'http://grupposamed.com.local/', '37.77.123.203', 1563457506),
(9530, 1, 'yamlform', 'YAML form @label handlers saved.', 0x613a313a7b733a363a22406c6162656c223b733a31363a22436f6e74617474616369204745434153223b7d, 5, '', 'http://grupposamed.com.local/it/admin/structure/yamlform/manage/contattaci_gecas/handlers', 'http://grupposamed.com.local/it/admin/structure/yamlform/manage/contattaci_gecas/handlers', '37.77.123.203', 1563459747),
(9531, 1, 'php', '%type: @message in %function (line %line of %file).', 0x613a353a7b733a353a222574797065223b733a34353a2244727570616c5c436f72655c44617461626173655c4461746162617365457863657074696f6e57726170706572223b733a383a22406d657373616765223b733a313037393a2253514c53544154455b48593030305d3a2047656e6572616c206572726f723a2032303036204d7953514c207365727665722068617320676f6e6520617761793a20435245415445205441424c45207b63616368655f646973636f766572797d20280a6063696460205641524348415228323535292042494e415259204348415241435445522053455420617363696920434f4c4c4154452061736369695f67656e6572616c5f6369204e4f54204e554c4c2044454641554c5420272720434f4d4d454e5420275072696d617279204b65793a20556e697175652063616368652049442e272c200a606461746160204c4f4e47424c4f42204e554c4c2044454641554c54204e554c4c20434f4d4d454e5420274120636f6c6c656374696f6e206f66206461746120746f2063616368652e272c200a606578706972656020494e54204e4f54204e554c4c2044454641554c54203020434f4d4d454e5420274120556e69782074696d657374616d7020696e6469636174696e67207768656e2074686520636163686520656e7472792073686f756c64206578706972652c206f72202d3120666f72206e657665722e272c200a60637265617465646020444543494d414c2831342c203329204e4f54204e554c4c2044454641554c54203020434f4d4d454e542027412074696d657374616d702077697468206d696c6c697365636f6e6420707265636973696f6e20696e6469636174696e67207768656e2074686520636163686520656e7472792077617320637265617465642e272c200a6073657269616c697a65646020534d414c4c494e54204e4f54204e554c4c2044454641554c54203020434f4d4d454e5420274120666c616720746f20696e646963617465207768657468657220636f6e74656e742069732073657269616c697a656420283129206f72206e6f74202830292e272c200a607461677360204c4f4e4754455854204e554c4c2044454641554c54204e554c4c20434f4d4d454e54202753706163652d736570617261746564206c697374206f66206361636865207461677320666f72207468697320656e7472792e272c200a60636865636b73756d6020564152434841522832353529204348415241435445522053455420617363696920434f4c4c4154452061736369695f67656e6572616c5f6369204e4f54204e554c4c20434f4d4d454e5420275468652074616720696e76616c69646174696f6e20636865636b73756d207768656e207468697320656e747279207761732073617665642e272c200a5052494d415259204b455920286063696460292c200a494e44455820606578706972656020286065787069726560290a2920454e47494e45203d20496e6e6f44422044454641554c54204348415241435445522053455420757466386d623420434f4d4d454e54202753746f7261676520666f7220746865206361636865204150492e273b2041727261790a280a290a223b733a393a222566756e6374696f6e223b733a35313a2244727570616c5c436f72655c506c7567696e5c44656661756c74506c7567696e4d616e616765722d3e63616368655365742829223b733a353a222566696c65223b733a38323a222f7661722f7777772f68746d6c2f636d732d67727570706f2d73616d65642f636f72652f6c69622f44727570616c2f436f72652f43616368652f55736543616368654261636b656e6454726169742e706870223b733a353a22256c696e65223b693a37313b7d, 3, '', 'http://grupposamed.com.local/it/admin/structure/block', 'http://grupposamed.com.local/it/admin/structure/yamlform/manage/contattaci_gecas/handlers', '37.77.123.203', 1563459893),
(9532, 1, 'php', '%type: @message in %function (line %line of %file).', 0x613a353a7b733a353a222574797065223b733a34353a2244727570616c5c436f72655c44617461626173655c4461746162617365457863657074696f6e57726170706572223b733a383a22406d657373616765223b733a313037363a2253514c53544154455b48593030305d3a2047656e6572616c206572726f723a2032303036204d7953514c207365727665722068617320676f6e6520617761793a20435245415445205441424c45207b63616368655f636f6e6669677d20280a6063696460205641524348415228323535292042494e415259204348415241435445522053455420617363696920434f4c4c4154452061736369695f67656e6572616c5f6369204e4f54204e554c4c2044454641554c5420272720434f4d4d454e5420275072696d617279204b65793a20556e697175652063616368652049442e272c200a606461746160204c4f4e47424c4f42204e554c4c2044454641554c54204e554c4c20434f4d4d454e5420274120636f6c6c656374696f6e206f66206461746120746f2063616368652e272c200a606578706972656020494e54204e4f54204e554c4c2044454641554c54203020434f4d4d454e5420274120556e69782074696d657374616d7020696e6469636174696e67207768656e2074686520636163686520656e7472792073686f756c64206578706972652c206f72202d3120666f72206e657665722e272c200a60637265617465646020444543494d414c2831342c203329204e4f54204e554c4c2044454641554c54203020434f4d4d454e542027412074696d657374616d702077697468206d696c6c697365636f6e6420707265636973696f6e20696e6469636174696e67207768656e2074686520636163686520656e7472792077617320637265617465642e272c200a6073657269616c697a65646020534d414c4c494e54204e4f54204e554c4c2044454641554c54203020434f4d4d454e5420274120666c616720746f20696e646963617465207768657468657220636f6e74656e742069732073657269616c697a656420283129206f72206e6f74202830292e272c200a607461677360204c4f4e4754455854204e554c4c2044454641554c54204e554c4c20434f4d4d454e54202753706163652d736570617261746564206c697374206f66206361636865207461677320666f72207468697320656e7472792e272c200a60636865636b73756d6020564152434841522832353529204348415241435445522053455420617363696920434f4c4c4154452061736369695f67656e6572616c5f6369204e4f54204e554c4c20434f4d4d454e5420275468652074616720696e76616c69646174696f6e20636865636b73756d207768656e207468697320656e747279207761732073617665642e272c200a5052494d415259204b455920286063696460292c200a494e44455820606578706972656020286065787069726560290a2920454e47494e45203d20496e6e6f44422044454641554c54204348415241435445522053455420757466386d623420434f4d4d454e54202753746f7261676520666f7220746865206361636865204150492e273b2041727261790a280a290a223b733a393a222566756e6374696f6e223b733a34383a2244727570616c5c436f72655c436f6e6669675c43616368656453746f726167652d3e726561644d756c7469706c652829223b733a353a222566696c65223b733a37363a222f7661722f7777772f68746d6c2f636d732d67727570706f2d73616d65642f636f72652f6c69622f44727570616c2f436f72652f436f6e6669672f43616368656453746f726167652e706870223b733a353a22256c696e65223b693a3130353b7d, 3, '', 'http://grupposamed.com.local/it/admin/structure/block', 'http://grupposamed.com.local/it/admin/structure/yamlform/manage/contattaci_gecas/handlers', '37.77.123.203', 1563459893),
(9533, 1, 'access denied', '@uri', 0x613a313a7b733a343a2240757269223b733a35373a222f69742f61646d696e2f7374727563747572652f6d656e752f6974656d2f3138352f656469743f64657374696e6174696f6e3d757365722f31223b7d, 4, '', 'http://grupposamed.com.local/it/admin/structure/menu/item/185/edit?destination=user%2F1', 'http://grupposamed.com.local/it/admin/structure/menu/manage/link-utili?destination=user/1', '37.77.123.203', 1563461556),
(9534, 1, 'page not found', '@uri', 0x613a313a7b733a343a2240757269223b733a36313a222f7468656d65732f637573746f6d2f70726f6265732f6a732f6d6173746572736c696465722f6d6173746572736c696465722e6d696e2e6a732e6d6170223b7d, 4, '', 'http://grupposamed.com.local/themes/custom/probes/js/masterslider/masterslider.min.js.map', '', '37.77.123.203', 1563462282),
(9535, 1, 'page not found', '@uri', 0x613a313a7b733a343a2240757269223b733a36313a222f7468656d65732f637573746f6d2f70726f6265732f6a732f6d6173746572736c696465722f6d6173746572736c696465722e6d696e2e6a732e6d6170223b7d, 4, '', 'http://grupposamed.com.local/themes/custom/probes/js/masterslider/masterslider.min.js.map', '', '37.77.123.203', 1563462734);
INSERT INTO `watchdog` (`wid`, `uid`, `type`, `message`, `variables`, `severity`, `link`, `location`, `referer`, `hostname`, `timestamp`) VALUES
(9536, 1, 'page not found', '@uri', 0x613a313a7b733a343a2240757269223b733a36313a222f7468656d65732f637573746f6d2f70726f6265732f6a732f6d6173746572736c696465722f6d6173746572736c696465722e6d696e2e6a732e6d6170223b7d, 4, '', 'http://grupposamed.com.local/themes/custom/probes/js/masterslider/masterslider.min.js.map', '', '37.77.123.203', 1563463323),
(9537, 1, 'page not found', '@uri', 0x613a313a7b733a343a2240757269223b733a36313a222f7468656d65732f637573746f6d2f70726f6265732f6a732f6d6173746572736c696465722f6d6173746572736c696465722e6d696e2e6a732e6d6170223b7d, 4, '', 'http://grupposamed.com.local/themes/custom/probes/js/masterslider/masterslider.min.js.map', '', '37.77.123.203', 1563463347),
(9538, 1, 'page not found', '@uri', 0x613a313a7b733a343a2240757269223b733a36313a222f7468656d65732f637573746f6d2f70726f6265732f6a732f6d6173746572736c696465722f6d6173746572736c696465722e6d696e2e6a732e6d6170223b7d, 4, '', 'http://grupposamed.com.local/themes/custom/probes/js/masterslider/masterslider.min.js.map', '', '37.77.123.203', 1563463371),
(9539, 1, 'page not found', '@uri', 0x613a313a7b733a343a2240757269223b733a36313a222f7468656d65732f637573746f6d2f70726f6265732f6a732f6d6173746572736c696465722f6d6173746572736c696465722e6d696e2e6a732e6d6170223b7d, 4, '', 'http://grupposamed.com.local/themes/custom/probes/js/masterslider/masterslider.min.js.map', '', '37.77.123.203', 1563463384),
(9540, 1, 'page not found', '@uri', 0x613a313a7b733a343a2240757269223b733a36313a222f7468656d65732f637573746f6d2f70726f6265732f6a732f6d6173746572736c696465722f6d6173746572736c696465722e6d696e2e6a732e6d6170223b7d, 4, '', 'http://grupposamed.com.local/themes/custom/probes/js/masterslider/masterslider.min.js.map', '', '37.77.123.203', 1563463752),
(9541, 0, 'cron', 'Cron run completed.', 0x613a303a7b7d, 5, '', 'http://grupposamed.188.226.214.224.xip.io/', '', '134.90.243.168', 1563481415),
(9542, 0, 'cron', 'Cron run completed.', 0x613a303a7b7d, 5, '', 'http://grupposamed.com.local/', '', '37.77.123.203', 1563520415);

-- --------------------------------------------------------

--
-- Struttura della tabella `yamlform_submission`
--

CREATE TABLE IF NOT EXISTS `yamlform_submission` (
  `sid` int(11) NOT NULL AUTO_INCREMENT,
  `yamlform_id` varchar(32) CHARACTER SET ascii NOT NULL COMMENT 'The ID of the target entity.',
  `uuid` varchar(128) CHARACTER SET ascii NOT NULL,
  `token` varchar(255) DEFAULT NULL,
  `uri` varchar(2000) DEFAULT NULL,
  `created` int(11) DEFAULT NULL,
  `completed` int(11) DEFAULT NULL,
  `changed` int(11) DEFAULT NULL,
  `in_draft` tinyint(4) DEFAULT NULL,
  `current_page` varchar(128) DEFAULT NULL,
  `remote_addr` varchar(128) DEFAULT NULL,
  `uid` int(10) unsigned DEFAULT NULL COMMENT 'The ID of the target entity.',
  `langcode` varchar(12) CHARACTER SET ascii DEFAULT NULL,
  `entity_type` varchar(32) CHARACTER SET ascii DEFAULT NULL,
  `entity_id` varchar(255) DEFAULT NULL,
  PRIMARY KEY (`sid`),
  UNIQUE KEY `yamlform_submission_field__uuid__value` (`uuid`),
  KEY `yamlform_submission__4335723089` (`yamlform_id`),
  KEY `yamlform_submission_field__uid__target_id` (`uid`)
) ENGINE=InnoDB  DEFAULT CHARSET=utf8mb4 COMMENT='The base table for yamlform_submission entities.' AUTO_INCREMENT=10 ;

--
-- Dump dei dati per la tabella `yamlform_submission`
--

INSERT INTO `yamlform_submission` (`sid`, `yamlform_id`, `uuid`, `token`, `uri`, `created`, `completed`, `changed`, `in_draft`, `current_page`, `remote_addr`, `uid`, `langcode`, `entity_type`, `entity_id`) VALUES
(1, 'book_a_table', '328e5440-8ff6-4cd8-8e74-ccc80e015749', 'Jw4e2SLrjShNsHp9Qx2Fy1SmFNAFX5Koo2yhI0Qfw4E', '/yamlform/book_a_table/test', 1467619401, 1467619401, 1467619401, 0, NULL, '127.0.0.1', 1, 'en', 'yamlform', 'book_a_table'),
(2, 'book_a_table', '76ca673d-09d1-4f10-944f-298c471e1c33', 'YhZaxZBBm0huv0xN_eJyazRgcL9I1MdNVyKUFglkCUI', '/home-restaurant', 1467619483, 1467619483, 1467619483, 0, NULL, '127.0.0.1', 0, 'en', 'node', '108'),
(3, 'book_a_table', 'f5ab6a34-0062-4567-97ae-ee370bed3ff1', 'RTsNcZ6qFXBb9jv3JAKaGikVJFjGDmwNGNI4eb5mBKU', '/home-restaurant', 1467619653, 1467619653, 1467619653, 0, NULL, '127.0.0.1', 0, 'en', 'node', '108'),
(4, 'book_a_table', '45b46f1d-c1a0-4009-a06c-ad292abb8022', 'iSxw8Z_LESqRDVYHOwcAGVn-MgI2pfv9mS4Qkz6Oq5k', '/home-restaurant', 1467619814, 1467619814, 1467619814, 0, NULL, '127.0.0.1', 0, 'en', 'node', '108'),
(5, 'book_a_table', '7bb37a36-aa89-4bda-b97a-257d45d43bc6', 'cLulBuN6I-L0gpNVha4lplg6YsZNogD6DA_Qept82Rk', '/home-restaurant', 1467619853, 1467619853, 1467619853, 0, NULL, '127.0.0.1', 0, 'en', 'node', '108'),
(6, 'book_a_table', 'ea5d28e7-7286-49d0-a582-80ee23763906', 'A6aDRPIvDVfbNDgAjWaCdk-FYszVqxwYwbsIrklRUdw', '/home-restaurant', 1467620065, 1467620065, 1467620065, 0, NULL, '127.0.0.1', 0, 'en', 'node', '108'),
(7, 'book_a_table', '6e3fb7dc-ee40-4050-aeb8-340b03357f9b', 'TYgzABmkBB3Lp-ZW8BLTCGIL9kUwcyt6WQpXDhzqgmE', '/home-restaurant', 1467620139, 1467620139, 1467620139, 0, NULL, '127.0.0.1', 0, 'en', 'node', '108'),
(8, 'quick_contact', '1ab5a160-4d25-4acd-b446-f07a8aef1af8', '4k2bQsE71KWnC2GmvfGOGVqhvVwaHGi2GmIuAV0fXpU', '/home-business-1', 1468492180, 1468492180, 1468492180, 0, NULL, '127.0.0.1', 0, 'en', 'node', '51'),
(9, 'quick_contact', '3bf58d34-0012-4fcc-b88f-c4f9a71b1565', 'yYJUsjbAo32SYQ2hZAOUVOBY1lBq2vZjlUn9abgyoTE', '/home-business-1', 1468492291, 1468492291, 1468492291, 0, NULL, '127.0.0.1', 0, 'en', 'node', '51');

-- --------------------------------------------------------

--
-- Struttura della tabella `yamlform_submission_data`
--

CREATE TABLE IF NOT EXISTS `yamlform_submission_data` (
  `yamlform_id` varchar(32) NOT NULL COMMENT 'The YAML form id.',
  `sid` int(10) unsigned NOT NULL COMMENT 'The unique identifier for this submission.',
  `name` varchar(128) NOT NULL COMMENT 'The name of the input.',
  `delta` varchar(128) NOT NULL DEFAULT '' COMMENT 'The delta of the input''s value.',
  `value` mediumtext NOT NULL COMMENT 'The input''s value.',
  PRIMARY KEY (`sid`,`name`,`delta`),
  KEY `yamlform_id` (`yamlform_id`),
  KEY `sid_yamlform_id` (`sid`,`yamlform_id`)
) ENGINE=InnoDB DEFAULT CHARSET=utf8mb4 COMMENT='Stores all submitted data for YAML form submissions.';

--
-- Dump dei dati per la tabella `yamlform_submission_data`
--

INSERT INTO `yamlform_submission_data` (`yamlform_id`, `sid`, `name`, `delta`, `value`) VALUES
('book_a_table', 1, 'date', '', '1940-07-07'),
('book_a_table', 1, 'people', '', '2'),
('book_a_table', 1, 'time', '', '8:00am'),
('book_a_table', 2, 'date', '', '2016-07-06'),
('book_a_table', 2, 'people', '', '4'),
('book_a_table', 2, 'time', '', '8:30am'),
('book_a_table', 3, 'date', '', '2016-07-06'),
('book_a_table', 3, 'people', '', '2'),
('book_a_table', 3, 'time', '', '8:30am'),
('book_a_table', 4, 'date', '', ''),
('book_a_table', 4, 'people', '', '1'),
('book_a_table', 4, 'time', '', '8:00am'),
('book_a_table', 5, 'date', '', ''),
('book_a_table', 5, 'people', '', '1'),
('book_a_table', 5, 'time', '', '8:00am'),
('book_a_table', 6, 'date', '', ''),
('book_a_table', 6, 'people', '', '1'),
('book_a_table', 6, 'time', '', '8:00am'),
('book_a_table', 7, 'date', '', ''),
('book_a_table', 7, 'people', '', '2'),
('book_a_table', 7, 'time', '', '8:00am'),
('quick_contact', 8, 'email', '', 'thanhtuanhp@gmail.com'),
('quick_contact', 8, 'message', '', 'Chao buoi chieu nhe'),
('quick_contact', 8, 'name', '', 'Thanh Tuan'),
('quick_contact', 8, 'subject', '', 'Hello anh'),
('quick_contact', 9, 'email', '', 'thanhtuanhp@gmail.com'),
('quick_contact', 9, 'message', '', '5565756568'),
('quick_contact', 9, 'name', '', 'Thanh Tuan'),
('quick_contact', 9, 'subject', '', '222');

