-- https://www.phpmyadmin.net/
--
-- Creato il: Set 20, 2018 alle 14:46
-- Versione del server: 5.5.60
-- Versione PHP: 7.2.6

START TRANSACTION;



--
-- Database: `elimina_code_rem`
--

-- --------------------------------------------------------

--
-- Struttura della tabella `ec_accettazione`
--

CREATE TABLE `ec_accettazione` (
  `id` int(11) NOT NULL,
  `id_totem` int(11) NOT NULL COMMENT 'id del totem',
  `id_prenotazione` int(11) NOT NULL,
  `id_operatore` int(11) NOT NULL,
  `id_prestazione` int(11) DEFAULT NULL,
  `id_modalita` int(11) NOT NULL,
  `id_servizio` int(11) DEFAULT NULL,
  `id_medico` int(11) DEFAULT NULL,
  `id_agenda` int(11) DEFAULT NULL,
  `data_inserimento` date NOT NULL,
  `ora_accettazione` time NOT NULL,
  `nome_paziente` varchar(45) NOT NULL,
  `data_nascita` date DEFAULT NULL
) ENGINE=MyISAM DEFAULT CHARSET=utf8;

-- --------------------------------------------------------

--
-- Struttura della tabella `ec_agenda_servizi_giornaliera`
--

CREATE TABLE `ec_agenda_servizi_giornaliera` (
  `id` int(11) NOT NULL,
  `id_agenda_HTSAN` int(11) NOT NULL,
  `nome_agenda` varchar(45) DEFAULT NULL,
  `id_medico` int(11) DEFAULT NULL,
  `nome_medico` varchar(35) DEFAULT NULL,
  `id_servizio` int(11) DEFAULT NULL,
  `nome_servizio` varchar(35) DEFAULT NULL,
  `id_modalita` int(11) DEFAULT NULL,
  `data` date DEFAULT NULL,
  `ora_inizio` time DEFAULT NULL,
  `ora_fine` time DEFAULT NULL,
  `prenotati` int(2) DEFAULT NULL,
  `liberi` int(2) DEFAULT NULL
) ENGINE=InnoDB DEFAULT CHARSET=utf8;

--
-- Dump dei dati per la tabella `ec_agenda_servizi_giornaliera`
--

INSERT INTO `ec_agenda_servizi_giornaliera` (`id`, `id_agenda_HTSAN`, `nome_agenda`, `id_medico`, `nome_medico`, `id_servizio`, `nome_servizio`, `id_modalita`, `data`, `ora_inizio`, `ora_fine`, `prenotati`, `liberi`) VALUES
(1, 3, 'VISITE DOTT.SSA UMINA', 700, 'UMINA VINCENZA', 24, 'RADIOTERAPIA', 1, '2018-09-06', '11:00:00', '13:00:00', NULL, NULL),
(2, 33, 'VISITE DOTT.SSA MARINO', 14, 'LORENZA MARINO', 24, 'RADIOTERAPIA', 1, '2018-09-06', '15:00:00', '15:15:00', NULL, NULL),
(3, 1000, 'CENTRAGGI', 0, '0', 0, 'Radioterapia', 1, '2018-09-06', '09:00:00', '20:00:00', NULL, NULL),
(4, 1002, 'CICLI 2', 0, '0', 0, 'Cicli Radioterapici', 3, '2018-09-06', '08:10:00', '20:00:00', NULL, NULL),
(5, 1001, 'CICLI 1', 0, '0', 0, 'Cicli Radioterapici', 3, '2018-09-06', '08:00:00', '20:00:00', NULL, NULL),
(6, 5013, 'GINECOLOGIA', 354, 'SPARTA\' ANNA', 0, '', 5, '2018-09-06', '15:00:00', '17:00:00', NULL, NULL),
(7, 5039, 'AMB 3 OTORINO', 154, 'FICARRA SIMONA', 38, 'OTORINOLARINGOIATRIA', 5, '2018-09-06', '10:00:00', '11:40:00', NULL, NULL),
(8, 5047, 'PRERICOVERO VISITA', 0, '', 0, '', 5, '2018-09-06', '08:00:00', '08:20:00', NULL, NULL),
(9, 5052, 'TAC', 131, 'CALTAVUTURO CLAUDIA', 65, 'TAC', 5, '2018-09-06', '08:30:00', '13:00:00', NULL, NULL),
(10, 5057, 'CHIRURGIA ONCOLOGICA', 785, 'GIANNONE GIORGIO', 6401, 'CHIRURGIA ONCOLOGICA', 5, '2018-09-06', '14:00:00', '19:45:00', NULL, NULL),
(11, 5070, 'Amb Nutrizione Clinica', 813, 'ROCCARO ANNA', 55, 'NUTRIZIONE CLINICA', 5, '2018-09-06', '11:30:00', '12:15:00', NULL, NULL),
(12, 5076, 'CHIRURGO SENOLOGO', 783, 'FISICHELLA GIACOMO', 6411, 'BREAST UNIT', 5, '2018-09-06', '15:00:00', '17:40:00', NULL, NULL),
(13, 5077, 'CHIRURGIA TORACICA', 0, '', 6406, 'CHIRURGIA TORACICA', 5, '2018-09-06', '09:00:00', '09:40:00', NULL, NULL),
(14, 5116, 'SIGNORELLI MARIO', 116, 'SIGNORELLI MARIO', 63, 'ECOGRAFIA', 5, '2018-09-06', '10:00:00', '11:30:00', NULL, NULL),
(15, 5121, 'CALTAVUTURO CLAUDIA', 131, 'CALTAVUTURO CLAUDIA', 69, 'RADIOLOGIA', 5, '2018-09-06', '09:20:00', '12:00:00', NULL, NULL),
(16, 5131, 'CALTAVUTURO (TAC/RX ESTERNI)', 131, 'CALTAVUTURO CLAUDIA', 65, 'TAC', 5, '2018-09-06', '10:00:00', '12:30:00', NULL, NULL),
(17, 5146, 'AMB PRIMARIO ONCOLOGIA', 145, 'GIUFFRIDA DARIO', 64, 'ONCOLOGIA AMBUL.', 5, '2018-09-06', '11:00:00', '12:20:00', NULL, NULL),
(18, 5161, 'Dermatologia', 780, 'GURGONE SILVIA', 75, 'DERMATOLOGIA', 5, '2018-09-06', '09:00:00', '13:15:00', NULL, NULL),
(19, 5201, 'DH TERAPIA INF. LUNGA', 0, '', 2, 'DAY HOSPITAL', 5, '2018-09-06', '07:30:00', '08:55:00', NULL, NULL),
(20, 5202, 'DH TERAPIA INF. MEDIA', 0, '', 2, 'DAY HOSPITAL', 5, '2018-09-06', '07:30:00', '08:55:00', NULL, NULL),
(21, 5203, 'DH TERAPIA INF. BREVE', 0, '', 2, 'DAY HOSPITAL', 5, '2018-09-06', '07:30:00', '09:55:00', NULL, NULL),
(22, 5345, 'AMB ONCOEMATOLOGIA', 345, 'SCIRE\' PAOLA', 6404, 'ONCOEMATOLOGIA', 5, '2018-09-06', '15:30:00', '17:30:00', NULL, NULL),
(23, 5354, 'SPARTA\' ANNA', 354, 'SPARTA\' ANNA', 59, 'GINECOLOGIA', 5, '2018-09-06', '14:30:00', '17:30:00', NULL, NULL),
(24, 5359, 'AMB 3 PRIMARIO OTORINO', 359, 'LENTINI GIUSEPPE', 38, 'OTORINOLARINGOIATRIA', 5, '2018-09-06', '08:30:00', '10:00:00', NULL, NULL),
(25, 5369, 'DI MAURO SEBASTIANO', 369, 'DI MAURO SEBASTIANO', 75, 'DERMATOLOGIA', 5, '2018-09-06', '14:45:00', '17:45:00', NULL, NULL),
(26, 5430, 'AMB 4 UROLOGIA', 0, '', 43, 'UROLOGIA', 5, '2018-09-06', '09:00:00', '10:15:00', NULL, NULL),
(27, 5641, 'AMB ONCOLOGIA', 0, '', 64, 'ONCOLOGIA AMBUL.', 5, '2018-09-06', '15:00:00', '16:30:00', NULL, NULL),
(28, 5701, 'COPPOLINO SINIBALDO', 701, 'COPPOLINO SINIBALDO', 68, 'PNEUMOLOGIA', 5, '2018-09-06', '11:00:00', '12:30:00', NULL, NULL),
(29, 6003, 'PRERICOVERI UROLOGIA', 0, '', 43, 'UROLOGIA', 5, '2018-09-06', '11:20:00', '12:40:00', NULL, NULL),
(30, 6005, 'PRERICOVERI GINECOLOGIA', 0, '', 6401, 'CHIRURGIA ONCOLOGICA', 5, '2018-09-06', '09:40:00', '11:00:00', NULL, NULL),
(31, 6006, 'PRERICOVERI SENOLOGIA', 0, '', 6411, 'BREAST UNIT', 5, '2018-09-06', '08:00:00', '09:20:00', NULL, NULL),
(32, 6008, 'prericoveri senologia', 0, '', 0, '', 5, '2018-09-06', '08:00:00', '09:20:00', NULL, NULL),
(33, 6010, 'Controlli post-operatori', 0, '', 0, '', 5, '2018-09-06', '10:00:00', '12:20:00', NULL, NULL);

-- --------------------------------------------------------

--
-- Struttura della tabella `ec_agende`
--

CREATE TABLE `ec_agende` (
  `id` int(11) NOT NULL,
  `id_agenda_HTSAN` int(11) NOT NULL,
  `nome_agenda` varchar(45) DEFAULT NULL,
  `id_servizio` int(11) DEFAULT NULL,
  `nome_servizio` varchar(45) DEFAULT NULL,
  `id_medico` int(11) DEFAULT NULL,
  `nome_medico` varchar(45) DEFAULT NULL,
  `tipo` varchar(16) DEFAULT NULL,
  `id_modalita` int(11) NOT NULL,
  `stato` int(3) DEFAULT NULL,
  `condivisione` int(11) NOT NULL DEFAULT '0' COMMENT 'indica se l''agenda non va condivisa(0), se va condivisa solo con i medici di radioterapia(1) o se va condivisa con i medici e con i tecnici di radioterapia(2). va co',
  `attiva_da` date DEFAULT NULL,
  `attiva_fino_a` date DEFAULT NULL,
  `etichetta_ticket` varchar(3) DEFAULT NULL,
  `abilitata` int(11) NOT NULL DEFAULT '1' COMMENT '0=non abilitata, 1=abilitata. Serve per la configurazione degli ambulatori di IOM'
) ENGINE=InnoDB DEFAULT CHARSET=utf8;

--
-- Dump dei dati per la tabella `ec_agende`
--

INSERT INTO `ec_agende` (`id`, `id_agenda_HTSAN`, `nome_agenda`, `id_servizio`, `nome_servizio`, `id_medico`, `nome_medico`, `tipo`, `id_modalita`, `stato`, `condivisione`, `attiva_da`, `attiva_fino_a`, `etichetta_ticket`, `abilitata`) VALUES
(9, 3, 'VISITE DOTT.SSA UMINA', NULL, 'RADIOTERAPIA', 700, 'UMINA VINCENZA', 'AMBULATORIO', 1, 1, 0, '2017-02-23', NULL, 'VU', 1),
(10, 12, 'PET', NULL, 'MEDICINA NUCLEARE', 3, 'CASTORINA LUIGI', 'AMBULATORIO', 2, 1, 0, NULL, NULL, 'PE', 1),
(12, 22, 'SCINTIGRAFIE MIOCARDICHE', NULL, 'MEDICINA NUCLEARE', 3, 'CASTORINA LUIGI', 'AMBULATORIO', 2, 1, 0, NULL, NULL, 'MI', 1),
(13, 1, 'CONTROLLI DOTT.DI GRAZIA', NULL, 'RADIOTERAPIA', 7, 'DI GRAZIA ALFIO', 'AMBULATORIO', 1, 1, 0, NULL, NULL, 'VD', 1),
(15, 4, 'VISITE CONTR. POST TERAPIA', NULL, 'RADIOTERAPIA', 0, '', 'AMBULATORIO', 1, 1, 1, NULL, NULL, 'CO', 1),
(16, 8, 'VISITE DOTT.BORDONARO', NULL, 'RADIOTERAPIA', 737, 'BORDONARO LUIGI', 'AMBULATORIO', 1, 0, 0, NULL, NULL, 'VB', 1),
(17, 2, 'VISITE DOTT.DI GRAZIA', NULL, 'RADIOTERAPIA', 7, 'DI GRAZIA ALFIO', 'AMBULATORIO', 1, 1, 0, NULL, NULL, 'VD', 1),
(18, 24, 'SCINTIGRAFIE - ALTRO', NULL, 'MEDICINA NUCLEARE', 3, 'CASTORINA LUIGI', 'AMBULATORIO', 2, 1, 0, NULL, NULL, 'SC', 1),
(20, 11, 'PET COLINA', NULL, 'MEDICINA NUCLEARE', 3, 'CASTORINA LUIGI', 'AMBULATORIO', 2, 1, 0, NULL, NULL, 'PC', 1),
(21, 33, 'VISITE DOTT.SSA MARINO', NULL, 'RADIOTERAPIA', 14, 'LORENZA MARINO', 'AMBULATORIO', 1, 1, 0, NULL, NULL, 'VM', 1),
(29, 1000, 'Centraggi', 0, 'RADIOTERAPIA', 0, '', 'AMBULATORIO', 1, 1, 2, NULL, NULL, 'CE', 1),
(30, 21, 'SCINTIGRAFIE OSSEE', 0, 'MEDICINA NUCLEARE', 3, 'LUIGI CASTORINA', 'AMBULATORIO', 2, 1, 0, NULL, NULL, 'OS', 1),
(31, 1001, 'Cicli 1', NULL, 'CICLI RADIOTERAPICI', 0, NULL, '', 3, 1, 2, NULL, NULL, 'CR', 1),
(32, 1002, 'Cicli 2', NULL, 'CICLI RADIOTERAPICI', 0, NULL, '', 3, 1, 2, NULL, NULL, 'CR', 1),
(33, 5039, 'AMB 3 OTORINO', 38, 'OTORINOLARINGOIATRIA', 154, 'FICARRA SIMONA', 'AMBULATORIO', 5, 1, 0, '2001-05-17', '2031-12-18', 'IOA', 1),
(34, 5040, 'EMATOLOGIA PRIV.DR.SSA SCIRE', 6404, 'ONCOEMATOLOGIA', 345, 'SCIRE PAOLA', 'AMBULATORIO', 5, 1, 0, '2003-09-12', '2031-12-12', 'IOB', 0),
(35, 5057, 'CHIRURGIA ONCOLOGICA', 6401, 'CHIRURGIA ONCOLOGICA', 785, 'GIANNONE GIORGIO', 'AMBULATORIO', 5, 1, 0, '2016-09-16', '2031-12-18', 'IOC', 0),
(36, 5068, 'AMB CURE PALLIATIVE', 6433, 'CURE PALLIATIVE', 101, 'COVATO GIUSEPPE', 'AMBULATORIO', 5, 1, 0, '2012-10-15', '2031-12-18', 'IOD', 0),
(37, 5071, 'Amb Nutrizione Clinica', 55, 'NUTRIZIONE CLINICA', 813, 'ROCCARO ANNA', 'AMBULATORIO', 5, 1, 0, '2030-06-17', '2031-12-18', 'IOE', 1),
(38, 5075, 'CHIRURGIA ONCOLOGICA', 6401, 'CHIRURGIA ONCOLOGICA', 786, 'FORESTA GASPARE', 'AMBULATORIO', 5, 1, 0, '2016-09-16', '2031-12-18', 'IOF', 0),
(39, 5077, 'CHIRURGIA TORACICA', 6406, 'CHIRURGIA TORACICA', 0, '', 'AMBULATORIO', 5, 1, 0, '2024-10-16', '2031-12-18', 'IOG', 0),
(40, 5090, 'AISTOM', 0, '', 0, '', 'AMBULATORIO', 5, 1, 0, '2005-09-17', '2031-12-18', 'IOH', 0),
(41, 5144, 'AMB ENDOCRINOLOGIA', 0, '', 145, 'GIUFFRIDA DARIO', 'AMBULATORIO', 5, 1, 0, '2020-04-10', '2031-12-17', 'IOI', 0),
(42, 5145, 'AMB PRIMARIO ONCOLOGIA', 6400, 'ONCOLOGIA MEDICA', 145, 'GIUFFRIDA DARIO', 'AMBULATORIO', 5, 1, 0, '2015-04-10', '2031-12-17', 'IOL', 0),
(43, 5146, 'AMB PRIMARIO ONCOLOGIA', 64, 'ONCOLOGIA AMBUL.', 145, 'GIUFFRIDA DARIO', 'AMBULATORIO', 5, 1, 0, '2020-04-10', '2031-12-15', 'IOM', 0),
(44, 5161, 'Dermatologia', 75, 'DERMATOLOGIA', 780, 'GURGONE SILVIA', 'AMBULATORIO', 5, 1, 0, '2029-06-16', '2031-12-18', 'ION', 0),
(45, 5173, 'AGENDA DOTT.SA SCRIMINACI', 94, 'PSICOLOGIA', 173, 'SCRIMINACI MARIA CARMELA', 'AMBULATORIO', 5, 1, 0, '2013-09-13', '2031-12-18', 'IOO', 0),
(46, 5345, 'AMB ONCOEMATOLOGIA', 6404, 'ONCOEMATOLOGIA', 345, 'SCIRE\' PAOLA', 'AMBULATORIO', 5, 1, 0, '2026-11-10', '2031-12-18', 'IOP', 0),
(47, 5359, 'AMB 3 PRIMARIO OTORINO', 38, 'OTORINOLARINGOIATRIA', 359, 'LENTINI GIUSEPPE', 'AMBULATORIO', 5, 1, 0, '2015-04-10', '2031-12-18', 'IOQ', 0),
(48, 5364, 'AMB PRIMARIO ONCOEMATOLOGIA', 66, 'ONCOEMATOLOGIA AMBULAT./REF.', 364, 'GIUSTOLISI ROSARIO', 'AMBULATORIO', 5, 1, 0, '2020-04-10', '2031-12-18', 'IOR', 0),
(49, 5369, 'DI MAURO SEBASTIANO', 75, 'DERMATOLOGIA', 369, 'DI MAURO SEBASTIANO', 'AMBULATORIO', 5, 1, 0, '2011-10-14', '2031-12-18', 'IOS', 0),
(50, 5641, 'AMB ONCOLOGIA', 64, 'ONCOLOGIA AMBUL.', 0, '', 'AMBULATORIO', 5, 1, 0, '2001-01-15', '2031-12-18', 'IOT', 0),
(51, 5701, 'COPPOLINO SINIBALDO', 68, 'PNEUMOLOGIA', 701, 'COPPOLINO SINIBALDO', 'AMBULATORIO', 5, 1, 0, '2026-11-10', '2031-12-18', 'IOU', 0),
(52, 5801, 'VISITE NEURORADIOLOGIA', 30, 'NEUROCHIRURGIA', 801, 'MANFRE LUIGI', 'AMBULATORIO', 5, 1, 0, '2010-01-17', '2031-12-18', 'IOV', 0);

-- --------------------------------------------------------

--
-- Struttura della tabella `ec_agende_iom`
--

CREATE TABLE `ec_agende_iom` (
  `id` int(11) NOT NULL,
  `id_agenda_HTSAN` int(11) NOT NULL,
  `nome_agenda` varchar(45) DEFAULT NULL,
  `id_servizio` int(11) DEFAULT NULL,
  `nome_servizio` varchar(45) DEFAULT NULL,
  `id_medico` int(11) DEFAULT NULL,
  `nome_medico` varchar(45) DEFAULT NULL,
  `tipo` varchar(16) DEFAULT NULL,
  `id_modalita` int(11) NOT NULL,
  `stato` int(3) DEFAULT NULL,
  `condivisione` int(11) NOT NULL DEFAULT '0' COMMENT 'indica se l''agenda non va condivisa(0), se va condivisa solo con i medici di radioterapia(1) o se va condivisa con i medici e con i tecnici di radioterapia(2). va co',
  `attiva_da` date DEFAULT NULL,
  `attiva_fino_a` date DEFAULT NULL,
  `etichetta_ticket` varchar(3) DEFAULT NULL
) ENGINE=InnoDB DEFAULT CHARSET=utf8;

--
-- Dump dei dati per la tabella `ec_agende_iom`
--

INSERT INTO `ec_agende_iom` (`id`, `id_agenda_HTSAN`, `nome_agenda`, `id_servizio`, `nome_servizio`, `id_medico`, `nome_medico`, `tipo`, `id_modalita`, `stato`, `condivisione`, `attiva_da`, `attiva_fino_a`, `etichetta_ticket`) VALUES
(1, 5039, 'AMB 3 OTORINO', 38, 'OTORINOLARINGOIATRIA', 154, 'FICARRA SIMONA', 'AMBULATORIO', 5, 1, 0, '2001-05-17', '2031-12-18', 'IOA'),
(2, 5040, 'EMATOLOGIA PRIV.DR.SSA SCIRE', 6404, 'ONCOEMATOLOGIA', 345, 'SCIRE PAOLA', 'AMBULATORIO', 5, 1, 0, '2003-09-12', '2031-12-12', 'IOB'),
(3, 5057, 'CHIRURGIA ONCOLOGICA', 6401, 'CHIRURGIA ONCOLOGICA', 785, 'GIANNONE GIORGIO', 'AMBULATORIO', 5, 1, 0, '2016-09-16', '2031-12-18', 'IOC'),
(4, 5068, 'AMB CURE PALLIATIVE', 6433, 'CURE PALLIATIVE', 101, 'COVATO GIUSEPPE', 'AMBULATORIO', 5, 1, 0, '2012-10-15', '2031-12-18', 'IOD'),
(5, 5071, 'Amb Nutrizione Clinica', 55, 'NUTRIZIONE CLINICA', 813, 'ROCCARO ANNA', 'AMBULATORIO', 5, 1, 0, '2030-06-17', '2031-12-18', 'IOE'),
(6, 5075, 'CHIRURGIA ONCOLOGICA', 6401, 'CHIRURGIA ONCOLOGICA', 786, 'FORESTA GASPARE', 'AMBULATORIO', 5, 1, 0, '2016-09-16', '2031-12-18', 'IOF'),
(7, 5077, 'CHIRURGIA TORACICA', 6406, 'CHIRURGIA TORACICA', 0, '', 'AMBULATORIO', 5, 1, 0, '2024-10-16', '2031-12-18', 'IOG'),
(8, 5090, 'AISTOM', 0, '', 0, '', 'AMBULATORIO', 5, 1, 0, '2005-09-17', '2031-12-18', 'IOH'),
(9, 5144, 'AMB ENDOCRINOLOGIA', 0, '', 145, 'GIUFFRIDA DARIO', 'AMBULATORIO', 5, 1, 0, '2020-04-10', '2031-12-17', 'IOI'),
(10, 5145, 'AMB PRIMARIO ONCOLOGIA', 6400, 'ONCOLOGIA MEDICA', 145, 'GIUFFRIDA DARIO', 'AMBULATORIO', 5, 1, 0, '2015-04-10', '2031-12-17', 'IOL'),
(11, 5146, 'AMB PRIMARIO ONCOLOGIA', 64, 'ONCOLOGIA AMBUL.', 145, 'GIUFFRIDA DARIO', 'AMBULATORIO', 5, 1, 0, '2020-04-10', '2031-12-15', 'IOM'),
(12, 5161, 'Dermatologia', 75, 'DERMATOLOGIA', 780, 'GURGONE SILVIA', 'AMBULATORIO', 5, 1, 0, '2029-06-16', '2031-12-18', 'ION'),
(13, 5173, 'AGENDA DOTT.SA SCRIMINACI', 94, 'PSICOLOGIA', 173, 'SCRIMINACI MARIA CARMELA', 'AMBULATORIO', 5, 1, 0, '2013-09-13', '2031-12-18', 'IOO'),
(14, 5345, 'AMB ONCOEMATOLOGIA', 6404, 'ONCOEMATOLOGIA', 345, 'SCIRE\' PAOLA', 'AMBULATORIO', 5, 1, 0, '2026-11-10', '2031-12-18', 'IOP'),
(15, 5359, 'AMB 3 PRIMARIO OTORINO', 38, 'OTORINOLARINGOIATRIA', 359, 'LENTINI GIUSEPPE', 'AMBULATORIO', 5, 1, 0, '2015-04-10', '2031-12-18', 'IOQ'),
(16, 5364, 'AMB PRIMARIO ONCOEMATOLOGIA', 66, 'ONCOEMATOLOGIA AMBULAT./REF.', 364, 'GIUSTOLISI ROSARIO', 'AMBULATORIO', 5, 1, 0, '2020-04-10', '2031-12-18', 'IOR'),
(17, 5369, 'DI MAURO SEBASTIANO', 75, 'DERMATOLOGIA', 369, 'DI MAURO SEBASTIANO', 'AMBULATORIO', 5, 1, 0, '2011-10-14', '2031-12-18', 'IOS'),
(18, 5641, 'AMB ONCOLOGIA', 64, 'ONCOLOGIA AMBUL.', 0, '', 'AMBULATORIO', 5, 1, 0, '2001-01-15', '2031-12-18', 'IOT'),
(19, 5701, 'COPPOLINO SINIBALDO', 68, 'PNEUMOLOGIA', 701, 'COPPOLINO SINIBALDO', 'AMBULATORIO', 5, 1, 0, '2026-11-10', '2031-12-18', 'IOU'),
(20, 5801, 'VISITE NEURORADIOLOGIA', 30, 'NEUROCHIRURGIA', 801, 'MANFRE LUIGI', 'AMBULATORIO', 5, 1, 0, '2010-01-17', '2031-12-18', 'IOV');

-- --------------------------------------------------------

--
-- Struttura della tabella `ec_digital_signage_equipe_medica`
--

CREATE TABLE `ec_digital_signage_equipe_medica` (
  `id` int(11) NOT NULL,
  `fullname` varchar(255) NOT NULL,
  `role` varchar(255) NOT NULL,
  `filename` varchar(255) NOT NULL
) ENGINE=InnoDB DEFAULT CHARSET=latin1;

-- --------------------------------------------------------

--
-- Struttura della tabella `ec_digital_signage_news`
--

CREATE TABLE `ec_digital_signage_news` (
  `id` int(11) NOT NULL,
  `titolo` varchar(255) NOT NULL,
  `data` datetime NOT NULL,
  `descrizione` text NOT NULL,
  `nome_immagine` varchar(255) DEFAULT NULL,
  `tipo_immagine` varchar(45) DEFAULT NULL,
  `creato_da` int(11) DEFAULT '0',
  `modificato_da` int(11) DEFAULT '0',
  `data_creazione` datetime DEFAULT NULL,
  `data_modifica` datetime DEFAULT NULL,
  `eliminato` int(2) NOT NULL DEFAULT '0'
) ENGINE=MyISAM DEFAULT CHARSET=utf8;

--
-- Dump dei dati per la tabella `ec_digital_signage_news`
--

INSERT INTO `ec_digital_signage_news` (`id`, `titolo`, `data`, `descrizione`, `nome_immagine`, `tipo_immagine`, `creato_da`, `modificato_da`, `data_creazione`, `data_modifica`, `eliminato`) VALUES
(1, 'cdsd', '2018-07-17 16:38:00', 'cds', 'cds', 'cds', 1, 0, '2018-07-16 16:45:27', NULL, 1),
(2, 'cds<c', '2018-07-17 16:45:00', 'cds', 'cds', 'cd', 1, 0, '2018-07-16 16:45:40', NULL, 1),
(3, 'Below is a collection of 3d fonts', '2018-07-17 16:45:00', 'You can use the following tool to generate text images based on your selection of colors, sizes using 3d fonts in seconds. To download the image, just right-click on the image and save. To embed images on web pages or forums,', 'cds', 'cd', 1, 1, '2018-07-16 16:46:22', '2018-09-13 14:27:54', 0),
(4, 'Una notizia', '2018-07-30 16:47:00', 'fdvfd', NULL, NULL, 1, 1, '2018-07-16 16:47:59', '2018-07-16 17:37:40', 1),
(5, 'Cool Fancy Text Generator', '2018-07-23 16:48:00', 'Cool Fancy Text Generator is a copy and paste font generator and font changer that creates Twitter, Facebook, Instagram fonts. It converts a normal text to different free cool fonts styles, such as tattoo fonts, calligraphy fonts, web script fonts, cursive fon', NULL, NULL, 1, 1, '2018-07-16 16:48:24', '2018-09-07 14:16:39', 0),
(6, '3D fonts are now seen more and more in our daily life.', '2018-07-24 16:48:00', 'They are frequently seen especially in titles, slogans, posters, etc. For example, the title text for the famous movies Indiana Jones and Superman were both designed in a 3d style. 3D fonts can be used for', '539c896cf8abf2793615f9e4a22362e9.jpg', 'image/jpeg', 1, 1, '2018-07-16 16:49:00', '2018-09-18 14:27:12', 0),
(7, 'cds', '2018-07-16 17:49:00', 'cda', NULL, NULL, 1, 0, '2018-07-16 17:49:42', NULL, 1);

-- --------------------------------------------------------

--
-- Struttura della tabella `ec_digital_signage_rss`
--

CREATE TABLE `ec_digital_signage_rss` (
  `id` int(11) NOT NULL,
  `titolo` varchar(45) NOT NULL,
  `canale` varchar(255) NOT NULL,
  `creato_da` int(11) NOT NULL,
  `modificato_da` int(11) NOT NULL,
  `data_creazione` datetime NOT NULL,
  `data_modifica` datetime NOT NULL,
  `eliminato` int(2) NOT NULL DEFAULT '0'
) ENGINE=InnoDB DEFAULT CHARSET=latin1;

--
-- Dump dei dati per la tabella `ec_digital_signage_rss`
--

INSERT INTO `ec_digital_signage_rss` (`id`, `titolo`, `canale`, `creato_da`, `modificato_da`, `data_creazione`, `data_modifica`, `eliminato`) VALUES
(1, 'la repubblica', 'http://www.repubblica.it/rss/politica/rss2.0.xml', 1, 1, '2018-09-07 14:21:29', '2018-09-13 14:29:06', 0),
(2, 'ansa', 'https://www.ansa.it/sito/ansait_rss.xml', 1, 0, '2018-09-10 16:22:40', '0000-00-00 00:00:00', 1);

-- --------------------------------------------------------

--
-- Struttura della tabella `ec_digital_signage_slideshow`
--

CREATE TABLE `ec_digital_signage_slideshow` (
  `id` int(11) NOT NULL,
  `fullname` varchar(255) NOT NULL,
  `description` text NOT NULL,
  `filename` varchar(255) NOT NULL,
  `filetype` varchar(45) NOT NULL,
  `active` int(1) NOT NULL,
  `sorting` int(11) NOT NULL
) ENGINE=InnoDB DEFAULT CHARSET=latin1;

--
-- Dump dei dati per la tabella `ec_digital_signage_slideshow`
--

INSERT INTO `ec_digital_signage_slideshow` (`id`, `fullname`, `description`, `filename`, `filetype`, `active`, `sorting`) VALUES
(1, 'Lorem Ipsum è un testo segnaposto', 'Lorem Ipsum è considerato il testo segnaposto standard sin dal sedicesimo secolo, quando un anonimo tipografo prese una cassetta di caratteri e li assemblò per preparare un testo campione.', '99b5c56d784eb2380756ea120123e84b.jpg', 'image', 1, 0),
(2, 'Neque porro quisquam est qui dolorem ipsum quia dolor sit amet, consectetur, adipisci velit...', 'Neque porro quisquam est qui dolorem ipsum quia dolor sit amet, consectetur, adipisci velit...', 'f62f32059aec011fbf20fbbf204290ba.jpg', 'image', 1, 1),
(3, 'Sample WebM, Ogg, and MP4 Video Files for HTML5', 'Sample WebM, Ogg, and MP4 Video Files for HTML5', '037f85af4dccb49bb2db15c3a22bb839.mp4', 'video', 1, 0);

-- --------------------------------------------------------

--
-- Struttura della tabella `ec_display`
--

CREATE TABLE `ec_display` (
  `id` int(11) NOT NULL,
  `logo` varchar(100) NOT NULL,
  `info` text NOT NULL,
  `organigramma` text NOT NULL,
  `id_meteo` int(11) NOT NULL
) ENGINE=MyISAM DEFAULT CHARSET=utf8;

-- --------------------------------------------------------

--
-- Struttura della tabella `ec_feed`
--

CREATE TABLE `ec_feed` (
  `id` int(11) NOT NULL,
  `titolo` varchar(255) NOT NULL,
  `intervallo` int(11) NOT NULL,
  `url` varchar(255) NOT NULL,
  `categoria` varchar(255) NOT NULL,
  `blocco_entrata` int(11) NOT NULL
) ENGINE=MyISAM DEFAULT CHARSET=utf8;

-- --------------------------------------------------------

--
-- Struttura della tabella `ec_immagini`
--

CREATE TABLE `ec_immagini` (
  `id` int(11) NOT NULL,
  `titolo` varchar(255) NOT NULL,
  `descrizione` text NOT NULL
) ENGINE=MyISAM DEFAULT CHARSET=utf8;

-- --------------------------------------------------------

--
-- Struttura della tabella `ec_modalita`
--

CREATE TABLE `ec_modalita` (
  `id` int(11) NOT NULL,
  `codice` varchar(50) NOT NULL,
  `ordine` int(11) NOT NULL,
  `nome` varchar(50) NOT NULL,
  `creato_da` int(11) NOT NULL,
  `modificato_da` int(11) NOT NULL,
  `data_creazione` datetime NOT NULL,
  `data_modifica` datetime NOT NULL,
  `eliminato` int(11) NOT NULL,
  `etichetta_ticket` varchar(3) DEFAULT NULL
) ENGINE=MyISAM DEFAULT CHARSET=utf8;

--
-- Dump dei dati per la tabella `ec_modalita`
--

INSERT INTO `ec_modalita` (`id`, `codice`, `ordine`, `nome`, `creato_da`, `modificato_da`, `data_creazione`, `data_modifica`, `eliminato`, `etichetta_ticket`) VALUES
(3, '03', 2, 'Cicli Radioterapici', 0, 0, '2017-08-01 00:00:00', '2017-08-01 00:00:00', 0, 'CR'),
(2, '02', 3, 'M. Nucleare', 0, 0, '2017-08-01 00:00:00', '2017-08-01 00:00:00', 0, 'MN'),
(1, '01', 1, 'Radioterapia', 0, 0, '2017-08-01 00:00:00', '2017-08-01 00:00:00', 0, 'RT'),
(4, '04', 4, 'Informazioni', 0, 0, '2017-08-01 00:00:00', '2017-08-01 00:00:00', 0, 'I'),
(5, '05', 5, 'Ambulatori-IOM', 0, 0, '2017-12-21 11:20:00', '2017-12-21 11:20:00', 0, 'IOM');

-- --------------------------------------------------------

--
-- Struttura della tabella `ec_news`
--

CREATE TABLE `ec_news` (
  `id` int(11) NOT NULL,
  `titolo` varchar(255) NOT NULL,
  `data` datetime NOT NULL,
  `descrizione` text NOT NULL,
  `creato_da` int(11) DEFAULT '0',
  `modificato_da` int(11) DEFAULT '0',
  `data_creazione` datetime DEFAULT NULL,
  `data_modifica` datetime DEFAULT NULL,
  `eliminato` int(2) NOT NULL DEFAULT '0'
) ENGINE=MyISAM DEFAULT CHARSET=utf8;

--
-- Dump dei dati per la tabella `ec_news`
--

INSERT INTO `ec_news` (`id`, `titolo`, `data`, `descrizione`, `creato_da`, `modificato_da`, `data_creazione`, `data_modifica`, `eliminato`) VALUES
(15, '5365', '2017-09-11 16:17:00', '564t65', 1, 0, '2017-09-11 16:17:42', NULL, 1),
(16, 'ewew', '2017-09-06 16:21:00', 'fewafe', 1, 0, '2017-09-11 16:21:09', NULL, 1),
(17, 'notizia 3', '2017-09-21 16:23:00', 'dewqferfre', 1, 0, '2017-09-11 16:23:45', NULL, 1),
(18, 'notizia 2', '2017-09-19 16:29:00', 'dewdEWverrrrcdj', 1, 1, '2017-09-11 16:29:26', '2017-09-11 17:09:08', 1),
(19, 'rrr', '2017-08-29 17:10:00', 'rrrrgrd', 1, 1, '2017-09-11 17:10:32', '2017-09-11 17:45:54', 1),
(20, 'conv. dicembre', '2017-12-15 14:05:00', '15 e 16 dicembre CONVEGNO ECM AGGIORNAMENTO SULLA STRATEGIA TERAPEUTICA DEI TUMORI DEL PANCREAS E DEL COLON E DEL RETTO. Resp. scientifici prof. Giorgio Giannone, prof. Dario Giuffrida, prof. Stefano Pergolizzi. \r\nPer info comunicazione@grupposamed.com', 141, 0, '2017-11-28 14:05:46', NULL, 0),
(21, 'Notizia 1', '2018-01-30 08:27:00', 'Lorem ipsum dolor sit amet, consectetuer adipiscing elit. Aenean commodo ligula eget dolor. Aenean massa. Cum sociis natoque penatibus et magnis dis parturient montes, nascetur ridiculus mus. Donec quam felis, ultricies nec, pellentesque eu, pretium quis, sem.', 1, 1, '2018-01-19 08:28:01', '2018-01-19 08:32:18', 0),
(22, 'prova', '2018-01-30 17:14:00', 'ciao come stai ', 1, 1, '2018-01-30 17:14:53', '2018-02-09 10:09:49', 0);

-- --------------------------------------------------------

--
-- Struttura della tabella `ec_organigramma`
--

CREATE TABLE `ec_organigramma` (
  `id` int(11) NOT NULL,
  `descrizione` varchar(500) NOT NULL,
  `creato_da` int(11) NOT NULL,
  `modificato_da` int(11) NOT NULL,
  `data_creazione` datetime NOT NULL,
  `data_modifica` datetime NOT NULL,
  `eliminato` int(2) NOT NULL DEFAULT '0'
) ENGINE=InnoDB DEFAULT CHARSET=latin1;

--
-- Dump dei dati per la tabella `ec_organigramma`
--

INSERT INTO `ec_organigramma` (`id`, `descrizione`, `creato_da`, `modificato_da`, `data_creazione`, `data_modifica`, `eliminato`) VALUES
(2, 'fjkberkjrbkejbvkv\r\nv jvb djkvbdjkb\r\nvdf vkfdbv ksjb', 84, 0, '2014-08-01 18:35:30', '0000-00-00 00:00:00', 0);

-- --------------------------------------------------------

--
-- Struttura della tabella `ec_prenotazioni_dh_ambulatori`
--

CREATE TABLE `ec_prenotazioni_dh_ambulatori` (
  `id` int(11) NOT NULL,
  `data` date DEFAULT NULL,
  `ora` time DEFAULT NULL,
  `nome_paziente` varchar(45) DEFAULT NULL,
  `data_nascita` date DEFAULT NULL,
  `id_agenda` int(11) DEFAULT NULL,
  `nome_agenda` varchar(35) DEFAULT NULL,
  `fuorilista` int(11) DEFAULT '0',
  `accettato` int(2) DEFAULT NULL
) ENGINE=InnoDB DEFAULT CHARSET=utf8;

--
-- Dump dei dati per la tabella `ec_prenotazioni_dh_ambulatori`
--

INSERT INTO `ec_prenotazioni_dh_ambulatori` (`id`, `data`, `ora`, `nome_paziente`, `data_nascita`, `id_agenda`, `nome_agenda`, `fuorilista`, `accettato`) VALUES
(1, '2018-09-06', '08:00:00', 'GRASSO GIUSEPPA', '2017-12-21', 3, 'UMINA VINCENZA', 0, 0),
(2, '2018-09-06', '08:30:00', 'CAMPIONE ALDO', '1956-10-04', 3, 'UMINA VINCENZA', 0, 0),
(3, '2018-09-06', '11:00:00', 'VELLA ORAZIO', '2017-12-21', 3, 'UMINA VINCENZA', 0, 0),
(4, '2018-09-06', '11:30:00', 'LA RUSSA EUGENIO', '2017-12-21', 3, 'UMINA VINCENZA', 0, 0),
(5, '2018-09-06', '12:00:00', 'PRICOCO ANGELO', '2017-12-21', 3, 'UMINA VINCENZA', 0, 0),
(6, '2018-09-06', '15:00:00', 'RUSSO GRAZIA', '1959-06-25', 33, 'LORENZA MARINO', 0, 0),
(7, '2018-09-06', '09:00:00', 'Banchi Carmela', NULL, 1000, 'CENTRAGGI', 0, 0),
(8, '2018-09-06', '10:00:00', 'Scalia Giancarlo Maria', NULL, 1000, 'CENTRAGGI', 0, 0),
(9, '2018-09-06', '11:40:00', 'Cusolito Mario', NULL, 1000, 'CENTRAGGI', 0, 0),
(10, '2018-09-06', '12:00:00', 'Samuele Salvatore', NULL, 1000, 'CENTRAGGI', 0, 0),
(11, '2018-09-06', '12:10:00', 'Bertuna Angelo', NULL, 1000, 'CENTRAGGI', 0, 0),
(12, '2018-09-06', '12:20:00', 'Gennuso Sebastiano', NULL, 1000, 'CENTRAGGI', 0, 0),
(13, '2018-09-06', '12:40:00', 'Pappalardo Sebastiano', NULL, 1000, 'CENTRAGGI', 0, 0),
(14, '2018-09-06', '14:40:00', 'Savoca Grazia', NULL, 1000, 'CENTRAGGI', 0, 0),
(15, '2018-09-06', '15:00:00', 'Brunetti Carmela', NULL, 1000, 'CENTRAGGI', 0, 0),
(16, '2018-09-06', '15:20:00', 'Nebbioso Daniela', NULL, 1000, 'CENTRAGGI', 0, 0),
(17, '2018-09-06', '15:40:00', 'Carlino Antonio', NULL, 1000, 'CENTRAGGI', 0, 0),
(18, '2018-09-06', '16:00:00', 'Tiralongo Gaetana', NULL, 1000, 'CENTRAGGI', 0, 0),
(19, '2018-09-06', '16:20:00', 'Fichera Gaetano', NULL, 1000, 'CENTRAGGI', 0, 0),
(20, '2018-09-06', '17:00:00', 'Cordone Giovanna', NULL, 1000, 'CENTRAGGI', 0, 0),
(21, '2018-09-06', '17:40:00', 'Ranno Silvana', NULL, 1000, 'CENTRAGGI', 0, 0),
(22, '2018-09-06', '17:50:00', 'Saladdino Giovanna', NULL, 1000, 'CENTRAGGI', 0, 0),
(23, '2018-09-06', '18:00:00', 'Campione Aldo', NULL, 1000, 'CENTRAGGI', 0, 0),
(24, '2018-09-06', '08:10:00', 'Mantello Agostino', NULL, 1001, 'CICLI 1', 0, 0),
(25, '2018-09-06', '08:20:00', 'Portale Maria', NULL, 1001, 'CICLI 1', 0, 0),
(26, '2018-09-06', '08:30:00', 'Giulfo Assunta', NULL, 1001, 'CICLI 1', 0, 0),
(27, '2018-09-06', '08:40:00', 'Russo Rosario', NULL, 1001, 'CICLI 1', 0, 0),
(28, '2018-09-06', '09:00:00', 'Proetto Rosa', NULL, 1001, 'CICLI 1', 0, 0),
(29, '2018-09-06', '09:10:00', 'Vitale Giovanna Maria Teodolina', NULL, 1001, 'CICLI 1', 0, 0),
(30, '2018-09-06', '09:20:00', 'Spinella Maria Giovanna', NULL, 1001, 'CICLI 1', 0, 0),
(31, '2018-09-06', '09:30:00', 'Russo Anna Maria', NULL, 1001, 'CICLI 1', 0, 0),
(32, '2018-09-06', '09:50:00', 'Privitera Maria', NULL, 1001, 'CICLI 1', 0, 0),
(33, '2018-09-06', '10:10:00', 'Tiralongo Maria', NULL, 1001, 'CICLI 1', 0, 0),
(34, '2018-09-06', '10:20:00', 'Arcidiacono Concetta', NULL, 1001, 'CICLI 1', 0, 0),
(35, '2018-09-06', '10:40:00', 'Martorana Pasquale Gioacchino', NULL, 1001, 'CICLI 1', 0, 0),
(36, '2018-09-06', '11:00:00', 'Puglisi Giuseppa', NULL, 1001, 'CICLI 1', 0, 0),
(37, '2018-09-06', '11:20:00', 'Rosa Cesare', NULL, 1001, 'CICLI 1', 0, 0),
(38, '2018-09-06', '11:30:00', 'Micalizzi Pina', NULL, 1001, 'CICLI 1', 0, 0),
(39, '2018-09-06', '11:40:00', 'Cusolito Mario', NULL, 1001, 'CICLI 1', 0, 0),
(40, '2018-09-06', '12:00:00', 'Giangreco Calogero Salvatore', NULL, 1001, 'CICLI 1', 0, 0),
(41, '2018-09-06', '12:20:00', 'Zarbo Nicolò', NULL, 1001, 'CICLI 1', 0, 0),
(42, '2018-09-06', '14:00:00', 'Porpora Santo', NULL, 1001, 'CICLI 1', 0, 0),
(43, '2018-09-06', '14:10:00', 'Pappalardo Sebastiano', NULL, 1001, 'CICLI 1', 0, 0),
(44, '2018-09-06', '14:30:00', 'Greco Lucia', NULL, 1001, 'CICLI 1', 0, 0),
(45, '2018-09-06', '14:40:00', 'Parisi Umberto', NULL, 1001, 'CICLI 1', 0, 0),
(46, '2018-09-06', '15:00:00', 'Erbesso Salvatore', NULL, 1001, 'CICLI 1', 0, 0),
(47, '2018-09-06', '15:20:00', 'Italia Paolo', NULL, 1001, 'CICLI 1', 0, 0),
(48, '2018-09-06', '15:40:00', 'Chiavaro Anna', NULL, 1001, 'CICLI 1', 0, 0),
(49, '2018-09-06', '16:00:00', 'Carlino Antonio', NULL, 1001, 'CICLI 1', 0, 0),
(50, '2018-09-06', '16:20:00', 'Salanitro Rosaria', NULL, 1001, 'CICLI 1', 0, 0),
(51, '2018-09-06', '16:30:00', 'Epifanio Giuseppa', NULL, 1001, 'CICLI 1', 0, 0),
(52, '2018-09-06', '16:40:00', 'Finocchiaro Giuseppe', NULL, 1001, 'CICLI 1', 0, 0),
(53, '2018-09-06', '17:00:00', 'Fanciullo Marianna', NULL, 1001, 'CICLI 1', 0, 0),
(54, '2018-09-06', '17:10:00', 'Musarra Pizzo Rosa Maria', NULL, 1001, 'CICLI 1', 0, 0),
(55, '2018-09-06', '17:20:00', 'Pettinato Francesco Oreste', NULL, 1001, 'CICLI 1', 0, 0),
(56, '2018-09-06', '17:50:00', 'Fischetti Domenica Antonina Carmela', NULL, 1001, 'CICLI 1', 0, 0),
(57, '2018-09-06', '18:10:00', 'De Giorgio Angelo', NULL, 1001, 'CICLI 1', 0, 0),
(58, '2018-09-06', '18:30:00', 'Colosimo Antonio', NULL, 1001, 'CICLI 1', 0, 0),
(59, '2018-09-06', '18:50:00', 'Nicolosi Domenico', NULL, 1001, 'CICLI 1', 0, 0),
(60, '2018-09-06', '19:10:00', 'Cordone Giovanna', NULL, 1001, 'CICLI 1', 0, 0),
(61, '2018-09-06', '19:30:00', 'Garro Pinella', NULL, 1001, 'CICLI 1', 0, 0),
(62, '2018-09-06', '08:00:00', 'Famà Vincenzo', NULL, 1002, 'CICLI 2', 0, 0),
(63, '2018-09-06', '08:10:00', 'Bonnici Laura', NULL, 1002, 'CICLI 2', 0, 0),
(64, '2018-09-06', '08:40:00', 'Sapienza Alfio', NULL, 1002, 'CICLI 2', 0, 0),
(65, '2018-09-06', '09:10:00', 'Meli Lucia', NULL, 1002, 'CICLI 2', 0, 0),
(66, '2018-09-06', '09:20:00', 'Giustolisi Francesco', NULL, 1002, 'CICLI 2', 0, 0),
(67, '2018-09-06', '09:40:00', 'Cutuli Orazio', NULL, 1002, 'CICLI 2', 0, 0),
(68, '2018-09-06', '09:50:00', 'Modicano Dario', NULL, 1002, 'CICLI 2', 0, 0),
(69, '2018-09-06', '10:10:00', 'Massimino Carmelo', NULL, 1002, 'CICLI 2', 0, 0),
(70, '2018-09-06', '10:30:00', 'Maggio Nunzia', NULL, 1002, 'CICLI 2', 0, 0),
(71, '2018-09-06', '10:40:00', 'Samuele Salvatore', NULL, 1002, 'CICLI 2', 0, 0),
(72, '2018-09-06', '11:00:00', 'Bertuna Angelo', NULL, 1002, 'CICLI 2', 0, 0),
(73, '2018-09-06', '11:20:00', 'Banchi Carmela', NULL, 1002, 'CICLI 2', 0, 0),
(74, '2018-09-06', '11:50:00', 'Scalia Giancarlo Maria', NULL, 1002, 'CICLI 2', 0, 0),
(75, '2018-09-06', '00:00:00', 'NO PRENOTAZIONI', '2017-12-21', 5039, 'FICARRA SIMONA', 0, 0),
(76, '2018-09-06', '00:00:00', 'NO PRENOTAZIONI', '2017-12-21', 5057, 'GIANNONE GIORGIO', 0, NULL),
(77, '2018-09-06', '15:20:00', 'NON PRENOTARE', '2017-12-21', 5076, 'FISICHELLA GIACOMO', 0, NULL),
(78, '2018-09-06', '00:00:00', 'NO PRENOTAZIONI', '2017-12-21', 5077, '', 0, NULL),
(79, '2018-09-06', '00:00:00', 'NO PRENOTAZIONI', '2017-12-21', 5116, 'SIGNORELLI MARIO', 0, NULL),
(80, '2018-09-06', '11:00:00', 'NASISI MARIA', '2017-12-21', 5146, 'GIUFFRIDA DARIO', 0, NULL),
(81, '2018-09-06', '07:30:00', 'GILY GABRIELLA', '1943-11-16', 5201, '', 0, NULL),
(82, '2018-09-06', '07:35:00', 'SALLEMI GINO', '1955-05-06', 5201, '', 0, NULL),
(83, '2018-09-06', '07:40:00', 'ROCCA SEBASTIANO', '1955-04-24', 5201, '', 0, NULL),
(84, '2018-09-06', '07:45:00', 'PENNISI CARMELO', '1940-05-19', 5201, '', 0, NULL),
(85, '2018-09-06', '07:50:00', 'CONTINO ORAZIO', '1942-10-12', 5201, '', 0, NULL),
(86, '2018-09-06', '07:30:00', 'CITRIGLIA FRANCESCO', '1941-01-21', 5202, '', 0, NULL),
(87, '2018-09-06', '07:35:00', 'CASA\' ANTONINO', '1960-11-11', 5202, '', 0, NULL),
(88, '2018-09-06', '07:40:00', 'PASTARO GIOVANNI', '1960-06-01', 5202, '', 0, NULL),
(89, '2018-09-06', '07:45:00', 'VICINO CONCETTA', '1963-10-05', 5202, '', 0, NULL),
(90, '2018-09-06', '07:50:00', 'BUFALINO ANTONINO', '1949-05-10', 5202, '', 0, NULL),
(91, '2018-09-06', '07:55:00', 'D\'AMATO ADELE', '1950-01-15', 5202, '', 0, NULL),
(92, '2018-09-06', '07:30:00', 'COCO ALFIO', '1936-11-10', 5203, '', 0, NULL),
(93, '2018-09-06', '07:35:00', 'MENDOLA MARIA', '1955-09-30', 5203, '', 0, NULL),
(94, '2018-09-06', '07:40:00', 'FERRIGNO VINCENZO', '1953-03-19', 5203, '', 0, NULL),
(95, '2018-09-06', '07:45:00', 'AIELLO GIUSEPPE', '1958-04-29', 5203, '', 0, NULL),
(96, '2018-09-06', '07:50:00', 'ARICO\' ANNA MARIA', '1957-07-05', 5203, '', 0, NULL),
(97, '2018-09-06', '07:55:00', 'DI PIAZZA ANTONINA', '1948-01-07', 5203, '', 0, NULL),
(98, '2018-09-06', '08:00:00', 'MARINO SANTA', '1941-05-06', 5203, '', 0, NULL),
(99, '2018-09-06', '08:05:00', 'LA ROCCA GIOVANNA', '1972-01-29', 5203, '', 0, NULL),
(100, '2018-09-06', '08:10:00', 'MARASSA\' GIUSEPPE', '1946-11-06', 5203, '', 0, NULL),
(101, '2018-09-06', '08:15:00', 'CHINES FRANCESCO', '1954-06-06', 5203, '', 0, NULL),
(102, '2018-09-06', '08:20:00', 'CHIARENZA GIUSEPPE', '1952-09-03', 5203, '', 0, NULL),
(103, '2018-09-06', '08:25:00', 'FRAZZETTO ANTONELLA', '1973-06-13', 5203, '', 0, NULL),
(104, '2018-09-06', '08:30:00', 'SORBELLO ROSARIO', '1954-06-22', 5203, '', 0, NULL),
(105, '2018-09-06', '08:35:00', 'GRECO LUCIA', '1948-02-24', 5203, '', 0, NULL),
(106, '2018-09-06', '08:40:00', 'TOMASELLI VITTORIA', '1943-01-30', 5203, '', 0, NULL),
(107, '2018-09-06', '08:45:00', 'LO RICCO FRANCESCA', '1967-09-02', 5203, '', 0, NULL),
(108, '2018-09-06', '08:50:00', 'DE MARI MARIA TERESA', '1947-07-29', 5203, '', 0, NULL),
(109, '2018-09-06', '08:55:00', 'SPAMPINATO LORENZO', '1948-01-16', 5203, '', 0, NULL),
(110, '2018-09-06', '09:00:00', 'SCIACCA GIOVANNA', '1975-07-08', 5203, '', 0, NULL),
(111, '2018-09-06', '00:00:00', 'NO PRENOTAZIONI', '2017-12-21', 5345, 'SCIRE\' PAOLA', 0, NULL),
(112, '2018-09-06', '00:00:00', 'NO PRENOTAZIONI', '2017-12-21', 5354, 'SPARTA\' ANNA', 0, NULL),
(113, '2018-09-06', '00:00:00', 'NO PRENOTAZIONI', '2017-12-21', 5359, 'LENTINI GIUSEPPE', 0, NULL),
(114, '2018-09-06', '00:00:00', 'NO PRENOTAZIONI', '2017-12-21', 5369, 'DI MAURO SEBASTIANO', 0, NULL),
(115, '2018-09-06', '09:00:00', 'NON PRENOTARE', '2017-12-21', 5430, '', 0, NULL),
(116, '2018-09-06', '00:00:00', 'NO PRENOTAZIONI', '2017-12-21', 5641, '', 0, NULL),
(117, '2018-09-06', '15:00:00', 'NON PRENOTARE', '2017-12-21', 5641, '', 0, NULL),
(118, '2018-09-06', '15:30:00', 'NON PRENOTARE', '2017-12-21', 5641, '', 0, NULL),
(119, '2018-09-06', '16:00:00', 'NO DOTTORESSA', '2017-12-21', 5641, '', 0, NULL),
(120, '2018-09-06', '16:30:00', 'NO DOTTORESSA', '2017-12-21', 5641, '', 0, NULL),
(121, '2018-09-06', '00:00:00', 'NO PRENOTAZIONI', '2017-12-21', 5701, 'COPPOLINO SINIBALDO', 0, NULL);

-- --------------------------------------------------------

--
-- Struttura della tabella `ec_prenotazioni_ricoveri`
--

CREATE TABLE `ec_prenotazioni_ricoveri` (
  `id` int(11) NOT NULL,
  `data` date DEFAULT NULL,
  `ora` time DEFAULT NULL,
  `nome_paziente` varchar(45) DEFAULT NULL,
  `data_nascita` date DEFAULT NULL,
  `regime` varchar(35) DEFAULT NULL,
  `reparto` varchar(35) DEFAULT NULL,
  `id_medico` int(11) DEFAULT NULL,
  `fuorilista` int(11) DEFAULT '0',
  `accettato` varchar(2) DEFAULT NULL
) ENGINE=InnoDB DEFAULT CHARSET=utf8;

-- --------------------------------------------------------

--
-- Struttura della tabella `ec_prestazione_ambulatorio`
--

CREATE TABLE `ec_prestazione_ambulatorio` (
  `id` int(11) NOT NULL,
  `id_accettazione` int(11) NOT NULL,
  `codice_agenda` int(11) DEFAULT NULL,
  `id_infermiere` int(11) NOT NULL,
  `id_medico` int(11) DEFAULT NULL,
  `id_utente` int(11) DEFAULT NULL,
  `info_aggiuntive` varchar(255) DEFAULT NULL,
  `cod_prestazione` int(11) NOT NULL,
  `status` int(11) NOT NULL,
  `data` date NOT NULL,
  `inizio_prestazione` time DEFAULT NULL,
  `fine_prestazione` time DEFAULT NULL,
  `ora_presa_carico` time DEFAULT NULL,
  `modalita` varchar(50) NOT NULL
) ENGINE=MyISAM DEFAULT CHARSET=utf8;

-- --------------------------------------------------------

--
-- Struttura della tabella `ec_prestazione_day_hospital`
--

CREATE TABLE `ec_prestazione_day_hospital` (
  `id` int(11) NOT NULL,
  `id_accettazione` int(11) NOT NULL,
  `id_infermiere` int(11) NOT NULL,
  `id_medico` int(11) NOT NULL,
  `data` date NOT NULL,
  `inizio_prelievo` time NOT NULL,
  `fine_prelievo` time NOT NULL,
  `status` int(11) NOT NULL,
  `cod_prestazione` int(11) DEFAULT NULL,
  `inizio_prestazione` time NOT NULL,
  `fine_prestazione` time NOT NULL,
  `ora_presa_carico` time NOT NULL,
  `modalita` varchar(50) NOT NULL
) ENGINE=InnoDB DEFAULT CHARSET=utf8;

-- --------------------------------------------------------

--
-- Struttura della tabella `ec_prestazione_ricovero`
--

CREATE TABLE `ec_prestazione_ricovero` (
  `id` int(11) NOT NULL,
  `id_accettazione` int(11) NOT NULL,
  `id_infermiere` int(11) NOT NULL,
  `cod_prestazione` int(11) NOT NULL,
  `status` int(11) NOT NULL,
  `data` date NOT NULL,
  `inizio_prestazione` time DEFAULT NULL,
  `fine_prestazione` time DEFAULT NULL,
  `ora_presa_carico` time DEFAULT NULL,
  `modalita` varchar(50) NOT NULL
) ENGINE=MyISAM DEFAULT CHARSET=utf8;

-- --------------------------------------------------------

--
-- Struttura della tabella `ec_programma_agenda`
--

CREATE TABLE `ec_programma_agenda` (
  `id` int(11) NOT NULL,
  `giorno` varchar(35) NOT NULL,
  `am_inizio` time NOT NULL,
  `am_fine` time NOT NULL,
  `am_freq` int(11) NOT NULL,
  `pm_inizio` time NOT NULL,
  `pm_fine` time NOT NULL,
  `pm_freq` int(11) NOT NULL
) ENGINE=MyISAM DEFAULT CHARSET=utf8;

-- --------------------------------------------------------

--
-- Struttura della tabella `ec_programma_modalita`
--

CREATE TABLE `ec_programma_modalita` (
  `id` int(11) NOT NULL,
  `id_utente` int(11) NOT NULL,
  `id_modalita` int(11) NOT NULL,
  `data_inizio` datetime NOT NULL,
  `data_fine` datetime NOT NULL,
  `creato_da` int(11) NOT NULL,
  `modificato_da` int(11) NOT NULL DEFAULT '0',
  `data_creazione` datetime DEFAULT NULL,
  `data_modifica` datetime DEFAULT NULL,
  `eliminato` int(11) NOT NULL DEFAULT '0'
) ENGINE=MyISAM DEFAULT CHARSET=utf8;

--
-- Dump dei dati per la tabella `ec_programma_modalita`
--

INSERT INTO `ec_programma_modalita` (`id`, `id_utente`, `id_modalita`, `data_inizio`, `data_fine`, `creato_da`, `modificato_da`, `data_creazione`, `data_modifica`, `eliminato`) VALUES
(1, 121, 1, '2017-06-23 14:17:00', '2021-06-23 14:17:00', 1, 0, '2017-06-23 14:18:10', '2017-06-23 14:18:10', 0),
(2, 121, 2, '2017-06-23 14:18:00', '2020-06-23 14:18:00', 1, 0, '2017-06-23 14:18:23', '2017-06-23 14:18:23', 0),
(3, 121, 3, '2017-06-23 14:18:00', '2021-06-23 14:18:00', 1, 0, '2017-06-23 14:18:38', '2017-06-23 14:18:38', 0),
(4, 121, 4, '2017-06-23 14:18:00', '2020-12-31 17:47:00', 1, 1, '2017-06-23 14:18:57', '2017-07-27 17:47:27', 0),
(5, 1, 1, '2017-07-18 13:42:00', '2018-09-19 14:49:00', 1, 1, '2017-07-18 13:42:51', '2018-01-18 14:49:07', 0),
(6, 1, 2, '2017-07-17 13:42:00', '2018-12-06 14:47:00', 1, 1, '2017-07-18 13:43:04', '2018-01-18 14:47:21', 0),
(7, 1, 3, '2017-07-17 13:43:00', '2021-07-22 09:32:00', 1, 1, '2017-07-18 13:43:15', '2018-07-25 09:32:54', 0),
(8, 1, 4, '2017-07-24 13:43:00', '2017-07-31 13:43:00', 1, 0, '2017-07-18 13:43:32', '2017-07-18 13:43:32', 1),
(9, 1, 4, '2017-07-17 14:17:00', '2020-07-24 14:17:00', 1, 0, '2017-07-18 14:18:02', '2017-07-18 14:18:02', 0),
(10, 132, 1, '2017-07-20 17:44:00', '2020-12-31 17:45:00', 1, 0, '2017-07-27 17:45:15', '2017-07-27 17:45:15', 0),
(11, 132, 2, '2017-07-20 17:45:00', '2020-12-31 17:45:00', 1, 0, '2017-07-27 17:45:42', '2017-07-27 17:45:42', 0),
(12, 132, 3, '2017-07-20 17:45:00', '2017-12-31 17:46:00', 1, 0, '2017-07-27 17:46:10', '2017-07-27 17:46:10', 0),
(13, 132, 4, '2017-07-20 17:46:00', '2020-12-31 17:46:00', 1, 0, '2017-07-27 17:46:44', '2017-07-27 17:46:44', 0),
(14, 144, 4, '2017-07-20 17:48:00', '2020-12-31 17:48:00', 1, 0, '2017-07-27 17:48:23', '2017-07-27 17:48:23', 0),
(15, 144, 3, '2017-07-20 17:48:00', '2020-12-31 17:48:00', 1, 0, '2017-07-27 17:48:56', '2017-07-27 17:48:56', 0),
(16, 143, 1, '2017-07-20 17:49:00', '2021-12-31 19:00:00', 1, 1, '2017-07-27 17:49:37', '2017-09-08 09:25:54', 0),
(17, 143, 2, '2017-07-20 17:49:00', '2020-12-31 17:49:00', 1, 0, '2017-07-27 17:49:57', '2017-07-27 17:49:57', 0),
(18, 143, 3, '2017-07-20 17:50:00', '2021-12-31 19:00:00', 1, 1, '2017-07-27 17:50:14', '2017-09-08 09:26:11', 0),
(19, 143, 4, '2017-07-20 17:50:00', '2020-12-31 17:50:00', 1, 0, '2017-07-27 17:50:42', '2017-07-27 17:50:42', 0),
(20, 122, 1, '2017-08-11 08:00:00', '2017-08-11 08:00:00', 1, 0, '2017-08-11 14:17:19', '2017-08-11 14:17:19', 1),
(21, 146, 1, '2017-08-30 08:00:00', '2021-08-31 08:00:00', 1, 0, '2017-08-31 16:05:58', '2017-08-31 16:05:58', 0),
(22, 146, 3, '2017-08-31 08:00:00', '2021-08-31 08:00:00', 1, 0, '2017-08-31 16:06:15', '2017-08-31 16:06:15', 0),
(23, 1, 8, '2016-02-10 15:44:00', '2018-12-26 15:59:00', 1, 1, '2018-01-18 15:36:41', '2018-01-18 15:59:58', 1),
(24, 147, 1, '2018-01-01 08:00:00', '2022-01-12 08:00:00', 1, 0, '2018-01-19 08:50:04', NULL, 0),
(25, 147, 2, '2018-01-01 08:00:00', '2023-01-24 08:00:00', 1, 0, '2018-01-19 08:50:55', NULL, 0),
(26, 147, 3, '2018-01-01 08:00:00', '2023-01-25 08:00:00', 1, 0, '2018-01-19 08:51:13', NULL, 0),
(27, 147, 4, '2018-01-01 08:00:00', '2021-01-13 08:00:00', 1, 0, '2018-01-19 08:51:28', NULL, 0),
(28, 1, 5, '2018-07-02 08:00:00', '2022-07-07 08:00:00', 1, 0, '2018-07-27 11:01:51', NULL, 0);

-- --------------------------------------------------------

--
-- Struttura della tabella `ec_rss`
--

CREATE TABLE `ec_rss` (
  `id` int(11) NOT NULL,
  `titolo` varchar(45) NOT NULL,
  `canale` varchar(255) NOT NULL,
  `creato_da` int(11) NOT NULL,
  `modificato_da` int(11) NOT NULL,
  `data_creazione` datetime NOT NULL,
  `data_modifica` datetime NOT NULL,
  `eliminato` int(2) NOT NULL DEFAULT '0'
) ENGINE=InnoDB DEFAULT CHARSET=latin1;

--
-- Dump dei dati per la tabella `ec_rss`
--

INSERT INTO `ec_rss` (`id`, `titolo`, `canale`, `creato_da`, `modificato_da`, `data_creazione`, `data_modifica`, `eliminato`) VALUES
(4, 'Sport Google', 'http://xml.corriereobjects.it/rss/spettacoli.xml', 84, 84, '2014-08-01 18:34:57', '2014-11-18 12:45:11', 1),
(5, 'corriere', 'http://xml2.corriereobjects.it/rss/homepage.xml', 1, 141, '2018-01-19 06:42:44', '2018-01-26 16:46:37', 0);

-- --------------------------------------------------------

--
-- Struttura della tabella `ec_ruoli`
--

CREATE TABLE `ec_ruoli` (
  `id` int(11) NOT NULL,
  `ruolo` varchar(30) NOT NULL,
  `parent_id` int(11) NOT NULL,
  `creato_da` int(11) NOT NULL,
  `modificato_da` int(11) NOT NULL,
  `data_creazione` datetime DEFAULT NULL,
  `data_modifica` datetime DEFAULT NULL,
  `eliminato` int(11) DEFAULT '0'
) ENGINE=MyISAM DEFAULT CHARSET=utf8;

--
-- Dump dei dati per la tabella `ec_ruoli`
--

INSERT INTO `ec_ruoli` (`id`, `ruolo`, `parent_id`, `creato_da`, `modificato_da`, `data_creazione`, `data_modifica`, `eliminato`) VALUES
(1, 'super-amministratore', 0, 0, 0, NULL, NULL, 0),
(2, 'amministratore', 0, 0, 0, NULL, NULL, 0),
(3, 'operatore', 0, 0, 0, NULL, NULL, 0),
(4, 'infermiere', 0, 0, 0, NULL, NULL, 0),
(5, 'medico', 0, 0, 0, NULL, NULL, 0),
(6, 'comunicazione', 0, 0, 0, NULL, NULL, 0);

-- --------------------------------------------------------

--
-- Struttura della tabella `ec_servizi`
--

CREATE TABLE `ec_servizi` (
  `id` int(11) NOT NULL,
  `id_servizio_HTSAN` int(11) DEFAULT NULL,
  `nome_servizio` varchar(35) DEFAULT NULL
) ENGINE=InnoDB DEFAULT CHARSET=utf8;

--
-- Dump dei dati per la tabella `ec_servizi`
--

INSERT INTO `ec_servizi` (`id`, `id_servizio_HTSAN`, `nome_servizio`) VALUES
(1, 2, 'DAY HOSPITAL'),
(2, 201, 'DAY SURGERY'),
(3, 203, 'UROLOGIA D.H.'),
(4, 204, 'ONCOEMATOLOGIA D.H.'),
(5, 3, 'ANATOMIA PATOLOGICA'),
(6, 5, 'ANGIOLOGIA'),
(7, 8, 'CARDIOLOGIA'),
(8, 120, 'IORT'),
(9, 18, 'EMOTRASFUSIONE'),
(10, 30, 'NEUROCHIRURGIA'),
(11, 34, 'OCULISTICA'),
(12, 38, 'OTORINOLARINGOIATRIA'),
(13, 3801, 'MICROCHIRURGIA ORL'),
(14, 43, 'UROLOGIA'),
(15, 4301, 'LITOTRISSIA'),
(16, 49, 'TERAPIA INTENSIVA'),
(17, 50, 'ANESTESIA/TERAP.ANTALGICA AMB.'),
(18, 56, 'RECUPERO E RIABILITAZIONE'),
(19, 58, 'ENDOSCOPIA'),
(20, 59, 'GINECOLOGIA'),
(21, 61, 'MEDICINA NUCLEARE'),
(22, 63, 'ECOGRAFIA'),
(23, 631, 'ECOGRAFIA DR.RIZZO'),
(24, 64, 'ONCOLOGIA AMBUL.'),
(25, 6400, 'ONCOLOGIA MEDICA'),
(26, 6401, 'CHIRURGIA ONCOLOGICA'),
(27, 6402, 'RADIOTERAPIA'),
(28, 6403, 'TERAPIA ANTALGICA'),
(29, 6404, 'ONCOEMATOLOGIA'),
(30, 6405, 'TMO'),
(31, 6406, 'CHIRURGIA TORACICA'),
(32, 6410, 'CHIRURGIA ONCOLOGICA AMB.'),
(33, 6411, 'BREAST UNIT'),
(34, 6433, 'CURE PALLIATIVE'),
(35, 65, 'TAC'),
(36, 66, 'ONCOEMATOLOGIA AMBULAT./REF.'),
(37, 67, 'RMN'),
(38, 68, 'PNEUMOLOGIA'),
(39, 69, 'RADIOLOGIA'),
(40, 6901, 'RADIOLOGIA INTERVENTISTICA'),
(41, 70, 'LABORATORIO ANALISI'),
(42, 7001, 'CITOFLUORIMETRIA'),
(43, 75, 'DERMATOLOGIA'),
(44, 76, 'ORTOPEDIA ONCOLOGICA'),
(45, 90, 'AMMINISTRAZIONE'),
(46, 901, 'AMBULATORI'),
(47, 902, 'SERVIZIO DIAGNOSTICA DH ONCOL.'),
(48, 91, 'CUCINA'),
(49, 94, 'PSICOLOGIA'),
(50, 95, 'SERVIZIO SOCIALE'),
(51, 96, 'SCREENING POLMONE'),
(52, 97, 'SCREENING TIROIDEO');

-- --------------------------------------------------------

--
-- Struttura della tabella `ec_slideshow`
--

CREATE TABLE `ec_slideshow` (
  `id` int(11) NOT NULL,
  `fullname` varchar(255) NOT NULL,
  `description` text NOT NULL,
  `filename` varchar(255) NOT NULL,
  `filetype` varchar(45) NOT NULL,
  `active` int(1) NOT NULL,
  `sorting` int(11) NOT NULL
) ENGINE=InnoDB DEFAULT CHARSET=latin1;

--
-- Dump dei dati per la tabella `ec_slideshow`
--

INSERT INTO `ec_slideshow` (`id`, `fullname`, `description`, `filename`, `filetype`, `active`, `sorting`) VALUES
(5, 'Primo Video', 'Descrizione per il primo Video', 'fcf895954ee23d081a3b918574effe72.mp4', 'video', 1, 0),
(6, 'Secondo Video', 'Descrizione per il secondo Video', '256b7b345a7ae3adf61ee04c0900b1e3.mp4', 'video', 1, 3),
(7, 'Immagine Struttura', 'Descrizione Immagine  Descrizione Immagine Struttura Descrizione Immagine Struttura  cdbs cdv shjv dhjsvhdbshbvdhsbvdjsbjvdhjsbcjh', '113d0ad8ae4751c7aa7832bc317c58d0.jpg', 'image', 1, 1),
(8, 'uno slideshow', 'ciao', '5608c13f5e9037c0d3a7f3bb80861da4.jpg', 'image', 1, 2);

-- --------------------------------------------------------

--
-- Struttura della tabella `ec_stanze`
--

CREATE TABLE `ec_stanze` (
  `id` int(11) NOT NULL,
  `id_agenda_htsan` int(11) NOT NULL,
  `numero_stanza` int(11) NOT NULL,
  `creato_da` int(11) NOT NULL,
  `modificato_da` int(11) NOT NULL,
  `data_creazione` datetime NOT NULL,
  `data_modifica` datetime NOT NULL,
  `eliminato` int(11) NOT NULL DEFAULT '0'
) ENGINE=InnoDB DEFAULT CHARSET=latin1;

--
-- Dump dei dati per la tabella `ec_stanze`
--

INSERT INTO `ec_stanze` (`id`, `id_agenda_htsan`, `numero_stanza`, `creato_da`, `modificato_da`, `data_creazione`, `data_modifica`, `eliminato`) VALUES
(1, 3, 10, 0, 0, '0000-00-00 00:00:00', '0000-00-00 00:00:00', 0),
(2, 12, 11, 0, 0, '0000-00-00 00:00:00', '0000-00-00 00:00:00', 0);

-- --------------------------------------------------------

--
-- Struttura della tabella `ec_status`
--

CREATE TABLE `ec_status` (
  `id` int(11) NOT NULL,
  `nome_status` varchar(35) NOT NULL
) ENGINE=MyISAM DEFAULT CHARSET=utf8;

--
-- Dump dei dati per la tabella `ec_status`
--

INSERT INTO `ec_status` (`id`, `nome_status`) VALUES
(1, 'Attivo'),
(2, 'Non Attivo'),
(3, 'Stampato'),
(4, 'Chiamata'),
(5, 'Presente'),
(6, 'Assente'),
(7, 'Chiuso');

-- --------------------------------------------------------

--
-- Struttura della tabella `ec_ticket_totem`
--

CREATE TABLE `ec_ticket_totem` (
  `id` int(11) NOT NULL,
  `id_modalita` int(11) NOT NULL,
  `id_agenda_htsan` int(11) NOT NULL,
  `data` datetime NOT NULL,
  `contatore_locale` int(11) NOT NULL,
  `contatore_globale` int(11) NOT NULL,
  `codice_ticket` varchar(36) NOT NULL
) ENGINE=MyISAM DEFAULT CHARSET=utf8;

--
-- Dump dei dati per la tabella `ec_ticket_totem`
--

INSERT INTO `ec_ticket_totem` (`id`, `id_modalita`, `id_agenda_htsan`, `data`, `contatore_locale`, `contatore_globale`, `codice_ticket`) VALUES
(1, 1, 1000, '2018-09-06 15:57:07', 1, 1, 'CE001'),
(2, 1, 33, '2018-09-06 15:57:10', 1, 2, 'VM001');

-- --------------------------------------------------------

--
-- Struttura della tabella `ec_totem_configurazione`
--

CREATE TABLE `ec_totem_configurazione` (
  `id` int(11) NOT NULL,
  `codice` int(11) NOT NULL,
  `nome` varchar(45) NOT NULL,
  `modalita` int(1) NOT NULL DEFAULT '0',
  `stato` int(1) NOT NULL DEFAULT '0'
) ENGINE=InnoDB DEFAULT CHARSET=latin1;

--
-- Dump dei dati per la tabella `ec_totem_configurazione`
--

INSERT INTO `ec_totem_configurazione` (`id`, `codice`, `nome`, `modalita`, `stato`) VALUES
(1, 1, 'Radioterapia', 1, 1),
(2, 2, 'M. Nucleare', 1, 1),
(3, 3, 'Day Hospital', 1, 1),
(4, 4, 'Informazioni', 1, 1),
(5, 2, 'DAY HOSPITAL', 0, 0),
(6, 201, 'DAY SURGERY', 0, 0),
(7, 203, 'UROLOGIA D.H.', 0, 0),
(8, 204, 'ONCOEMATOLOGIA D.H.', 0, 0),
(9, 3, 'ANATOMIA PATOLOGICA', 0, 0),
(10, 5, 'ANGIOLOGIA', 0, 0),
(11, 8, 'CARDIOLOGIA', 0, 1),
(12, 120, 'IORT', 0, 0),
(13, 18, 'EMOTRASFUSIONE', 0, 0),
(14, 30, 'NEUROCHIRURGIA', 0, 0),
(15, 34, 'OCULISTICA', 0, 0),
(16, 38, 'OTORINOLARINGOIATRIA', 0, 0),
(17, 3801, 'MICROCHIRURGIA ORL', 0, 0),
(18, 43, 'UROLOGIA', 0, 0),
(19, 4301, 'LITOTRISSIA', 0, 0),
(20, 49, 'TERAPIA INTENSIVA', 0, 0),
(21, 50, 'ANESTESIA/TERAP.ANTALGICA AMB.', 0, 0),
(22, 56, 'RECUPERO E RIABILITAZIONE', 0, 0),
(23, 58, 'ENDOSCOPIA', 0, 0),
(24, 59, 'GINECOLOGIA', 0, 0),
(25, 61, 'MEDICINA NUCLEARE', 0, 0),
(26, 63, 'ECOGRAFIA', 0, 0),
(27, 631, 'ECOGRAFIA DR.RIZZO', 0, 0),
(28, 64, 'ONCOLOGIA AMBUL.', 0, 0),
(29, 6400, 'ONCOLOGIA MEDICA', 0, 0),
(30, 6401, 'CHIRURGIA ONCOLOGICA', 0, 0),
(31, 6402, 'RADIOTERAPIA', 0, 0),
(32, 6403, 'TERAPIA ANTALGICA', 0, 0),
(33, 6404, 'ONCOEMATOLOGIA', 0, 0),
(34, 6405, 'TMO', 0, 0),
(35, 6406, 'CHIRURGIA TORACICA', 0, 0),
(36, 6410, 'CHIRURGIA ONCOLOGICA AMB.', 0, 0),
(37, 6411, 'BREAST UNIT', 0, 0),
(38, 6433, 'CURE PALLIATIVE', 0, 0),
(39, 65, 'TAC', 0, 0),
(40, 66, 'ONCOEMATOLOGIA AMBULAT./REF.', 0, 0),
(41, 67, 'RMN', 0, 0),
(42, 68, 'PNEUMOLOGIA', 0, 0),
(43, 69, 'RADIOLOGIA', 0, 0),
(44, 6901, 'RADIOLOGIA INTERVENTISTICA', 0, 0),
(45, 70, 'LABORATORIO ANALISI', 0, 0),
(46, 7001, 'CITOFLUORIMETRIA', 0, 0),
(47, 75, 'DERMATOLOGIA', 0, 0),
(48, 76, 'ORTOPEDIA ONCOLOGICA', 0, 0),
(49, 90, 'AMMINISTRAZIONE', 0, 0),
(50, 901, 'AMBULATORI', 0, 0),
(51, 902, 'SERVIZIO DIAGNOSTICA DH ONCOL.', 0, 0),
(52, 91, 'CUCINA', 0, 0),
(53, 94, 'PSICOLOGIA', 0, 0),
(54, 95, 'SERVIZIO SOCIALE', 0, 0),
(55, 96, 'SCREENING POLMONE', 0, 0),
(56, 97, 'SCREENING TIROIDEO', 0, 0);

-- --------------------------------------------------------

--
-- Struttura della tabella `ec_tracking_operatore`
--

CREATE TABLE `ec_tracking_operatore` (
  `id` int(11) NOT NULL,
  `id_operatore` int(11) NOT NULL,
  `status` int(11) NOT NULL,
  `data` date NOT NULL,
  `ora` time NOT NULL
) ENGINE=MyISAM DEFAULT CHARSET=utf8;

-- --------------------------------------------------------

--
-- Struttura della tabella `ec_tracking_status_ticket`
--

CREATE TABLE `ec_tracking_status_ticket` (
  `id` int(11) NOT NULL,
  `ticket_id` int(11) NOT NULL,
  `utente_id` int(11) NOT NULL,
  `status` int(11) NOT NULL,
  `data` datetime NOT NULL
) ENGINE=InnoDB DEFAULT CHARSET=utf8;

--
-- Dump dei dati per la tabella `ec_tracking_status_ticket`
--

INSERT INTO `ec_tracking_status_ticket` (`id`, `ticket_id`, `utente_id`, `status`, `data`) VALUES
(1, 1, 0, 3, '2018-09-06 15:57:07'),
(2, 2, 0, 3, '2018-09-06 15:57:10'),
(3, 2, 1, 4, '2018-09-06 15:58:38'),
(4, 2, 1, 6, '2018-09-06 16:00:17'),
(5, 1, 1, 4, '2018-09-06 16:00:24'),
(6, 1, 1, 6, '2018-09-06 16:01:38');

-- --------------------------------------------------------

--
-- Struttura della tabella `ec_tracking_ticket`
--

CREATE TABLE `ec_tracking_ticket` (
  `id` int(11) NOT NULL,
  `id_operatore` int(11) NOT NULL,
  `id_ticket` int(11) NOT NULL,
  `status` int(11) NOT NULL,
  `data` date NOT NULL,
  `ora` time NOT NULL,
  `in_carica` int(11) NOT NULL DEFAULT '0'
) ENGINE=MyISAM DEFAULT CHARSET=utf8;

--
-- Dump dei dati per la tabella `ec_tracking_ticket`
--

INSERT INTO `ec_tracking_ticket` (`id`, `id_operatore`, `id_ticket`, `status`, `data`, `ora`, `in_carica`) VALUES
(1, 0, 1, 6, '2018-09-06', '15:57:07', 0),
(2, 0, 2, 6, '2018-09-06', '15:57:10', 0);

-- --------------------------------------------------------

--
-- Struttura della tabella `ec_utenti_ruoli`
--

CREATE TABLE `ec_utenti_ruoli` (
  `id` int(11) NOT NULL,
  `id_utente` int(11) NOT NULL,
  `id_ruolo` int(11) NOT NULL
) ENGINE=InnoDB DEFAULT CHARSET=latin1;

--
-- Dump dei dati per la tabella `ec_utenti_ruoli`
--

INSERT INTO `ec_utenti_ruoli` (`id`, `id_utente`, `id_ruolo`) VALUES
(124, 90, 5),
(140, 139, 5),
(142, 137, 5),
(143, 136, 3),
(144, 135, 3),
(145, 134, 5),
(147, 132, 3),
(149, 130, 1),
(150, 129, 3),
(151, 127, 5),
(152, 128, 5),
(153, 126, 1),
(154, 125, 1),
(155, 124, 3),
(156, 123, 3),
(157, 122, 3),
(158, 121, 3),
(159, 120, 3),
(160, 119, 3),
(162, 117, 5),
(163, 116, 5),
(164, 115, 5),
(166, 113, 5),
(167, 112, 5),
(168, 110, 5),
(169, 111, 5),
(170, 109, 5),
(172, 106, 5),
(173, 107, 5),
(174, 105, 5),
(176, 103, 5),
(178, 101, 5),
(180, 99, 5),
(181, 98, 5),
(182, 96, 5),
(184, 95, 1),
(185, 138, 3),
(187, 140, 3),
(188, 141, 6),
(189, 102, 5),
(190, 131, 3),
(191, 100, 5),
(192, 104, 5),
(193, 114, 5),
(194, 108, 5),
(195, 118, 3),
(196, 142, 5),
(200, 143, 3),
(201, 144, 3),
(202, 145, 3),
(203, 146, 5),
(204, 133, 5),
(205, 97, 5),
(206, 1, 1),
(207, 147, 3);

-- --------------------------------------------------------

--
-- Struttura della tabella `ec_video`
--

CREATE TABLE `ec_video` (
  `id` int(11) NOT NULL,
  `titolo` varchar(255) NOT NULL,
  `descrizione` text NOT NULL,
  `orario` time NOT NULL,
  `tipologia` varchar(36) NOT NULL
) ENGINE=MyISAM DEFAULT CHARSET=utf8;

-- --------------------------------------------------------

--
-- Struttura stand-in per le viste `flusso ambulatorio`
-- (Vedi sotto per la vista effettiva)
--
CREATE TABLE `flusso ambulatorio` (
`IdPrestazione` int(11)
,`IdModalita` varchar(50)
,`IdAgenda` int(11)
,`Data` varchar(10)
,`IdInfermiere` bigint(11)
,`IdMedico` bigint(11)
,`Accettato` time
,`Chiamato` time
,`InizioPrestazione` time
,`FinePrestazione` time
);

-- --------------------------------------------------------

--
-- Struttura stand-in per le viste `flusso dh`
-- (Vedi sotto per la vista effettiva)
--
CREATE TABLE `flusso dh` (
`IdPrestazione` int(11)
,`IdModalita` varchar(50)
,`Data` varchar(10)
,`IdInfermiere` bigint(11)
,`IdMedico` bigint(11)
,`InizioPrelievo` time
,`FinePrelievo` time
,`InizioPrestazione` time
,`FinePrestazione` time
);

-- --------------------------------------------------------

--
-- Struttura stand-in per le viste `flusso dh completo`
-- (Vedi sotto per la vista effettiva)
--
CREATE TABLE `flusso dh completo` (
`IdPrestazione` int(11)
,`IdTicket` int(11)
,`IdModalita` varchar(50)
,`Data` varchar(10)
,`IdOperatore` bigint(11)
,`Prelevato` datetime
,`Chiamato` datetime
,`Presente` datetime
,`Assente` datetime
,`IdInfermiere` bigint(11)
,`IdMedico` bigint(11)
,`InizioPrelievo` time
,`FinePrelievo` time
,`InizioPrestazione` time
,`FinePrestazione` time
);

-- --------------------------------------------------------

--
-- Struttura stand-in per le viste `flusso ricovero`
-- (Vedi sotto per la vista effettiva)
--
CREATE TABLE `flusso ricovero` (
`IdRicovero` int(11)
,`IdModalita` varchar(50)
,`Data` varchar(10)
,`IdInfermiere` bigint(11)
,`Accettato` time
,`Chiamato` time
,`InizioRicovero` time
,`FineRicovero` time
);

-- --------------------------------------------------------

--
-- Struttura stand-in per le viste `flusso ticket`
-- (Vedi sotto per la vista effettiva)
--
CREATE TABLE `flusso ticket` (
`IdTicket` int(11)
,`IdModalita` int(11)
,`IdAgenda` int(11)
,`Data` varchar(10)
,`IdOperatore` bigint(11)
,`Prelevato` datetime
,`Chiamato` datetime
,`Presente` datetime
,`Assente` datetime
,`Accettato` datetime
);

-- --------------------------------------------------------

--
-- Struttura stand-in per le viste `numero stati ticket per operatore`
-- (Vedi sotto per la vista effettiva)
--
CREATE TABLE `numero stati ticket per operatore` (
`id_operatore` int(11)
,`DataCorrente` varchar(10)
,`N_Totali` bigint(21)
,`N_Chiamati` bigint(21)
,`N_Presenti` bigint(21)
,`N_Assenti` bigint(21)
,`N_Accettati` bigint(21)
);

-- --------------------------------------------------------

--
-- Struttura stand-in per le viste `ticket prelevati e accettati`
-- (Vedi sotto per la vista effettiva)
--
CREATE TABLE `ticket prelevati e accettati` (
`id_ticket` int(11)
,`id_modalita` int(11)
,`codice_ticket` varchar(36)
,`data_prelievo_ticket` datetime
,`id_operatore` int(11)
,`data_accettazione` date
,`ora_accettazione` time
);

-- --------------------------------------------------------

--
-- Struttura stand-in per le viste `totale stati ticket per data e modalita`
-- (Vedi sotto per la vista effettiva)
--
CREATE TABLE `totale stati ticket per data e modalita` (
`IdModalita` int(11)
,`DataCorrente` varchar(10)
,`N_Totali` bigint(21)
,`N_Prelevati` bigint(21)
,`N_Chiamati` bigint(21)
,`N_Presenti` bigint(21)
,`N_Assenti` bigint(21)
,`N_Accettati` bigint(21)
);

-- --------------------------------------------------------

--
-- Struttura per vista `flusso ambulatorio`
--

CREATE ALGORITHM=UNDEFINED DEFINER=`root`@`localhost` SQL SECURITY DEFINER VIEW `flusso ambulatorio`  AS  select `pa`.`id` AS `IdPrestazione`,`pa`.`modalita` AS `IdModalita`,`pa`.`codice_agenda` AS `IdAgenda`,date_format(`pa`.`data`,'%Y-%m-%d') AS `Data`,max((case when (`pa`.`id_infermiere` > 0) then `pa`.`id_infermiere` end)) AS `IdInfermiere`,max((case when (`pa`.`id_medico` > 0) then `pa`.`id_medico` end)) AS `IdMedico`,`acc`.`ora_accettazione` AS `Accettato`,`pa`.`ora_presa_carico` AS `Chiamato`,`pa`.`inizio_prestazione` AS `InizioPrestazione`,`pa`.`fine_prestazione` AS `FinePrestazione` from (`ec_prestazione_ambulatorio` `pa` join `ec_accettazione` `acc` on((`acc`.`id` = `pa`.`id_accettazione`))) group by `pa`.`id` ;

-- --------------------------------------------------------

--
-- Struttura per vista `flusso dh`
--

CREATE ALGORITHM=UNDEFINED DEFINER=`root`@`localhost` SQL SECURITY DEFINER VIEW `flusso dh`  AS  select `pd`.`id` AS `IdPrestazione`,`pd`.`modalita` AS `IdModalita`,date_format(`pd`.`data`,'%Y-%m-%d') AS `Data`,max((case when (`pd`.`id_infermiere` > 0) then `pd`.`id_infermiere` end)) AS `IdInfermiere`,max((case when (`pd`.`id_medico` > 0) then `pd`.`id_medico` end)) AS `IdMedico`,`pd`.`inizio_prelievo` AS `InizioPrelievo`,`pd`.`fine_prelievo` AS `FinePrelievo`,`pd`.`inizio_prestazione` AS `InizioPrestazione`,`pd`.`fine_prestazione` AS `FinePrestazione` from (`ec_prestazione_day_hospital` `pd` join `ec_accettazione` `acc` on((`acc`.`id` = `pd`.`id_accettazione`))) group by `pd`.`id` ;

-- --------------------------------------------------------

--
-- Struttura per vista `flusso dh completo`
--

CREATE ALGORITHM=UNDEFINED DEFINER=`root`@`localhost` SQL SECURITY DEFINER VIEW `flusso dh completo`  AS  select `pd`.`id` AS `IdPrestazione`,`t`.`ticket_id` AS `IdTicket`,`pd`.`modalita` AS `IdModalita`,date_format(`pd`.`data`,'%Y-%m-%d') AS `Data`,max((case when (`t`.`utente_id` > 0) then `t`.`utente_id` end)) AS `IdOperatore`,max((case when (`t`.`status` = 3) then `t`.`data` end)) AS `Prelevato`,max((case when (`t`.`status` = 4) then `t`.`data` end)) AS `Chiamato`,max((case when (`t`.`status` = 7) then `t`.`data` end)) AS `Presente`,max((case when (`t`.`status` = 6) then `t`.`data` end)) AS `Assente`,max((case when (`pd`.`id_infermiere` > 0) then `pd`.`id_infermiere` end)) AS `IdInfermiere`,max((case when (`pd`.`id_medico` > 0) then `pd`.`id_medico` end)) AS `IdMedico`,`pd`.`inizio_prelievo` AS `InizioPrelievo`,`pd`.`fine_prelievo` AS `FinePrelievo`,`pd`.`inizio_prestazione` AS `InizioPrestazione`,`pd`.`fine_prestazione` AS `FinePrestazione` from (((`ec_tracking_status_ticket` `t` join `ec_ticket_totem` `tt` on((`t`.`ticket_id` = `tt`.`id`))) join `ec_accettazione` `acc` on((`tt`.`id` = `acc`.`id_totem`))) join `ec_prestazione_day_hospital` `pd` on((`pd`.`id` = `acc`.`id_prestazione`))) where (`tt`.`id_modalita` = 3) group by `pd`.`id` ;

-- --------------------------------------------------------

--
-- Struttura per vista `flusso ricovero`
--

CREATE ALGORITHM=UNDEFINED DEFINER=`root`@`localhost` SQL SECURITY DEFINER VIEW `flusso ricovero`  AS  select `pr`.`id` AS `IdRicovero`,`pr`.`modalita` AS `IdModalita`,date_format(`pr`.`data`,'%Y-%m-%d') AS `Data`,max((case when (`pr`.`id_infermiere` > 0) then `pr`.`id_infermiere` end)) AS `IdInfermiere`,`acc`.`ora_accettazione` AS `Accettato`,`pr`.`ora_presa_carico` AS `Chiamato`,`pr`.`inizio_prestazione` AS `InizioRicovero`,`pr`.`fine_prestazione` AS `FineRicovero` from (`ec_prestazione_ricovero` `pr` join `ec_accettazione` `acc` on((`acc`.`id` = `pr`.`id_accettazione`))) group by `pr`.`id` ;

-- --------------------------------------------------------

--
-- Struttura per vista `flusso ticket`
--

CREATE ALGORITHM=UNDEFINED DEFINER=`root`@`localhost` SQL SECURITY DEFINER VIEW `flusso ticket`  AS  select `t`.`ticket_id` AS `IdTicket`,`tt`.`id_modalita` AS `IdModalita`,`tt`.`id_agenda_htsan` AS `IdAgenda`,date_format(`t`.`data`,'%Y-%m-%d') AS `Data`,max((case when (`t`.`utente_id` > 0) then `t`.`utente_id` end)) AS `IdOperatore`,max((case when (`t`.`status` = 3) then `t`.`data` end)) AS `Prelevato`,max((case when (`t`.`status` = 4) then `t`.`data` end)) AS `Chiamato`,max((case when (`t`.`status` = 5) then `t`.`data` end)) AS `Presente`,max((case when (`t`.`status` = 6) then `t`.`data` end)) AS `Assente`,max((case when (`t`.`status` = 7) then `t`.`data` end)) AS `Accettato` from (`ec_tracking_status_ticket` `t` join `ec_ticket_totem` `tt` on((`t`.`ticket_id` = `tt`.`id`))) group by `t`.`ticket_id` ;

-- --------------------------------------------------------

--
-- Struttura per vista `numero stati ticket per operatore`
--

CREATE ALGORITHM=UNDEFINED DEFINER=`root`@`localhost` SQL SECURITY DEFINER VIEW `numero stati ticket per operatore`  AS  select `t`.`utente_id` AS `id_operatore`,date_format(`t`.`data`,'%Y-%m-%d') AS `DataCorrente`,count(`t`.`status`) AS `N_Totali`,count((case when (`t`.`status` = 4) then `t`.`status` end)) AS `N_Chiamati`,count((case when (`t`.`status` = 5) then `t`.`status` end)) AS `N_Presenti`,count((case when (`t`.`status` = 6) then `t`.`status` end)) AS `N_Assenti`,count((case when (`t`.`status` = 7) then `t`.`status` end)) AS `N_Accettati` from (`ec_tracking_status_ticket` `t` join `ec_ticket_totem` `tt` on((`t`.`ticket_id` = `tt`.`id`))) where (date_format(`t`.`data`,'%Y-%m-%d') = curdate()) group by date_format(`t`.`data`,'%Y-%m-%d'),`t`.`utente_id` having (`t`.`utente_id` > 0) ;

-- --------------------------------------------------------

--
-- Struttura per vista `ticket prelevati e accettati`
--

CREATE ALGORITHM=UNDEFINED DEFINER=`root`@`localhost` SQL SECURITY DEFINER VIEW `ticket prelevati e accettati`  AS  select `ett`.`id` AS `id_ticket`,`ett`.`id_modalita` AS `id_modalita`,`ett`.`codice_ticket` AS `codice_ticket`,`ett`.`data` AS `data_prelievo_ticket`,`ea`.`id_operatore` AS `id_operatore`,`ea`.`data_inserimento` AS `data_accettazione`,`ea`.`ora_accettazione` AS `ora_accettazione` from (`ec_ticket_totem` `ett` left join `ec_accettazione` `ea` on((`ett`.`id` = `ea`.`id_totem`))) ;

-- --------------------------------------------------------

--
-- Struttura per vista `totale stati ticket per data e modalita`
--

CREATE ALGORITHM=UNDEFINED DEFINER=`root`@`localhost` SQL SECURITY DEFINER VIEW `totale stati ticket per data e modalita`  AS  select `tt`.`id_modalita` AS `IdModalita`,date_format(`t`.`data`,'%Y-%m-%d') AS `DataCorrente`,count(`t`.`status`) AS `N_Totali`,count((case when (`t`.`status` = 3) then `t`.`status` end)) AS `N_Prelevati`,count((case when (`t`.`status` = 4) then `t`.`status` end)) AS `N_Chiamati`,count((case when (`t`.`status` = 5) then `t`.`status` end)) AS `N_Presenti`,count((case when (`t`.`status` = 6) then `t`.`status` end)) AS `N_Assenti`,count((case when (`t`.`status` = 7) then `t`.`status` end)) AS `N_Accettati` from (`ec_tracking_status_ticket` `t` join `ec_ticket_totem` `tt` on((`t`.`ticket_id` = `tt`.`id`))) where (date_format(`t`.`data`,'%Y-%m-%d') = curdate()) group by date_format(`t`.`data`,'%Y-%m-%d'),`tt`.`id_modalita` ;

--
-- Indici per le tabelle scaricate
--

--
-- Indici per le tabelle `ec_accettazione`
--
ALTER TABLE `ec_accettazione`
  ADD PRIMARY KEY (`id`);

--
-- Indici per le tabelle `ec_agenda_servizi_giornaliera`
--
ALTER TABLE `ec_agenda_servizi_giornaliera`
  ADD PRIMARY KEY (`id`);

--
-- Indici per le tabelle `ec_agende`
--
ALTER TABLE `ec_agende`
  ADD PRIMARY KEY (`id`),
  ADD UNIQUE KEY `id_agenda_HTSAN` (`id_agenda_HTSAN`);

--
-- Indici per le tabelle `ec_agende_iom`
--
ALTER TABLE `ec_agende_iom`
  ADD PRIMARY KEY (`id`);

--
-- Indici per le tabelle `ec_digital_signage_equipe_medica`
--
ALTER TABLE `ec_digital_signage_equipe_medica`
  ADD PRIMARY KEY (`id`);

--
-- Indici per le tabelle `ec_digital_signage_news`
--
ALTER TABLE `ec_digital_signage_news`
  ADD PRIMARY KEY (`id`);

--
-- Indici per le tabelle `ec_digital_signage_rss`
--
ALTER TABLE `ec_digital_signage_rss`
  ADD PRIMARY KEY (`id`);

--
-- Indici per le tabelle `ec_digital_signage_slideshow`
--
ALTER TABLE `ec_digital_signage_slideshow`
  ADD PRIMARY KEY (`id`);

--
-- Indici per le tabelle `ec_display`
--
ALTER TABLE `ec_display`
  ADD PRIMARY KEY (`id`);

--
-- Indici per le tabelle `ec_feed`
--
ALTER TABLE `ec_feed`
  ADD PRIMARY KEY (`id`);

--
-- Indici per le tabelle `ec_immagini`
--
ALTER TABLE `ec_immagini`
  ADD PRIMARY KEY (`id`);

--
-- Indici per le tabelle `ec_modalita`
--
ALTER TABLE `ec_modalita`
  ADD PRIMARY KEY (`id`);

--
-- Indici per le tabelle `ec_news`
--
ALTER TABLE `ec_news`
  ADD PRIMARY KEY (`id`);

--
-- Indici per le tabelle `ec_organigramma`
--
ALTER TABLE `ec_organigramma`
  ADD PRIMARY KEY (`id`);

--
-- Indici per le tabelle `ec_prenotazioni_dh_ambulatori`
--
ALTER TABLE `ec_prenotazioni_dh_ambulatori`
  ADD PRIMARY KEY (`id`);

--
-- Indici per le tabelle `ec_prenotazioni_ricoveri`
--
ALTER TABLE `ec_prenotazioni_ricoveri`
  ADD PRIMARY KEY (`id`);

--
-- Indici per le tabelle `ec_prestazione_ambulatorio`
--
ALTER TABLE `ec_prestazione_ambulatorio`
  ADD PRIMARY KEY (`id`);

--
-- Indici per le tabelle `ec_prestazione_day_hospital`
--
ALTER TABLE `ec_prestazione_day_hospital`
  ADD PRIMARY KEY (`id`);

--
-- Indici per le tabelle `ec_prestazione_ricovero`
--
ALTER TABLE `ec_prestazione_ricovero`
  ADD PRIMARY KEY (`id`);

--
-- Indici per le tabelle `ec_programma_agenda`
--
ALTER TABLE `ec_programma_agenda`
  ADD PRIMARY KEY (`id`);

--
-- Indici per le tabelle `ec_programma_modalita`
--
ALTER TABLE `ec_programma_modalita`
  ADD PRIMARY KEY (`id`);

--
-- Indici per le tabelle `ec_rss`
--
ALTER TABLE `ec_rss`
  ADD PRIMARY KEY (`id`);

--
-- Indici per le tabelle `ec_ruoli`
--
ALTER TABLE `ec_ruoli`
  ADD PRIMARY KEY (`id`);

--
-- Indici per le tabelle `ec_servizi`
--
ALTER TABLE `ec_servizi`
  ADD PRIMARY KEY (`id`);

--
-- Indici per le tabelle `ec_slideshow`
--
ALTER TABLE `ec_slideshow`
  ADD PRIMARY KEY (`id`);

--
-- Indici per le tabelle `ec_stanze`
--
ALTER TABLE `ec_stanze`
  ADD PRIMARY KEY (`id`);

--
-- Indici per le tabelle `ec_status`
--
ALTER TABLE `ec_status`
  ADD PRIMARY KEY (`id`);

--
-- Indici per le tabelle `ec_ticket_totem`
--
ALTER TABLE `ec_ticket_totem`
  ADD PRIMARY KEY (`id`),
  ADD KEY `id_modalita` (`id_modalita`),
  ADD KEY `contatore_locale` (`contatore_locale`),
  ADD KEY `data` (`data`);

--
-- Indici per le tabelle `ec_totem_configurazione`
--
ALTER TABLE `ec_totem_configurazione`
  ADD PRIMARY KEY (`id`);

--
-- Indici per le tabelle `ec_tracking_operatore`
--
ALTER TABLE `ec_tracking_operatore`
  ADD PRIMARY KEY (`id`);

--
-- Indici per le tabelle `ec_tracking_status_ticket`
--
ALTER TABLE `ec_tracking_status_ticket`
  ADD PRIMARY KEY (`id`);

--
-- Indici per le tabelle `ec_tracking_ticket`
--
ALTER TABLE `ec_tracking_ticket`
  ADD PRIMARY KEY (`id`),
  ADD KEY `id_operatore` (`id_operatore`),
  ADD KEY `id_ticket` (`id_ticket`),
  ADD KEY `status` (`status`),
  ADD KEY `data` (`data`);

--
-- Indici per le tabelle `ec_utenti_ruoli`
--
ALTER TABLE `ec_utenti_ruoli`
  ADD PRIMARY KEY (`id`);

--
-- Indici per le tabelle `ec_video`
--
ALTER TABLE `ec_video`
  ADD PRIMARY KEY (`id`);

--
-- AUTO_INCREMENT per le tabelle scaricate
--

--
-- AUTO_INCREMENT per la tabella `ec_accettazione`
--
ALTER TABLE `ec_accettazione`
  MODIFY `id` int(11) NOT NULL AUTO_INCREMENT;

--
-- AUTO_INCREMENT per la tabella `ec_agenda_servizi_giornaliera`
--
ALTER TABLE `ec_agenda_servizi_giornaliera`
  MODIFY `id` int(11) NOT NULL AUTO_INCREMENT, AUTO_INCREMENT=34;

--
-- AUTO_INCREMENT per la tabella `ec_agende`
--
ALTER TABLE `ec_agende`
  MODIFY `id` int(11) NOT NULL AUTO_INCREMENT, AUTO_INCREMENT=53;

--
-- AUTO_INCREMENT per la tabella `ec_agende_iom`
--
ALTER TABLE `ec_agende_iom`
  MODIFY `id` int(11) NOT NULL AUTO_INCREMENT, AUTO_INCREMENT=21;

--
-- AUTO_INCREMENT per la tabella `ec_digital_signage_equipe_medica`
--
ALTER TABLE `ec_digital_signage_equipe_medica`
  MODIFY `id` int(11) NOT NULL AUTO_INCREMENT;

--
-- AUTO_INCREMENT per la tabella `ec_digital_signage_news`
--
ALTER TABLE `ec_digital_signage_news`
  MODIFY `id` int(11) NOT NULL AUTO_INCREMENT, AUTO_INCREMENT=8;

--
-- AUTO_INCREMENT per la tabella `ec_digital_signage_rss`
--
ALTER TABLE `ec_digital_signage_rss`
  MODIFY `id` int(11) NOT NULL AUTO_INCREMENT, AUTO_INCREMENT=3;

--
-- AUTO_INCREMENT per la tabella `ec_digital_signage_slideshow`
--
ALTER TABLE `ec_digital_signage_slideshow`
  MODIFY `id` int(11) NOT NULL AUTO_INCREMENT, AUTO_INCREMENT=4;

--
-- AUTO_INCREMENT per la tabella `ec_display`
--
ALTER TABLE `ec_display`
  MODIFY `id` int(11) NOT NULL AUTO_INCREMENT;

--
-- AUTO_INCREMENT per la tabella `ec_feed`
--
ALTER TABLE `ec_feed`
  MODIFY `id` int(11) NOT NULL AUTO_INCREMENT;

--
-- AUTO_INCREMENT per la tabella `ec_immagini`
--
ALTER TABLE `ec_immagini`
  MODIFY `id` int(11) NOT NULL AUTO_INCREMENT;

--
-- AUTO_INCREMENT per la tabella `ec_modalita`
--
ALTER TABLE `ec_modalita`
  MODIFY `id` int(11) NOT NULL AUTO_INCREMENT, AUTO_INCREMENT=6;

--
-- AUTO_INCREMENT per la tabella `ec_news`
--
ALTER TABLE `ec_news`
  MODIFY `id` int(11) NOT NULL AUTO_INCREMENT, AUTO_INCREMENT=23;

--
-- AUTO_INCREMENT per la tabella `ec_organigramma`
--
ALTER TABLE `ec_organigramma`
  MODIFY `id` int(11) NOT NULL AUTO_INCREMENT, AUTO_INCREMENT=3;

--
-- AUTO_INCREMENT per la tabella `ec_prenotazioni_dh_ambulatori`
--
ALTER TABLE `ec_prenotazioni_dh_ambulatori`
  MODIFY `id` int(11) NOT NULL AUTO_INCREMENT, AUTO_INCREMENT=122;

--
-- AUTO_INCREMENT per la tabella `ec_prenotazioni_ricoveri`
--
ALTER TABLE `ec_prenotazioni_ricoveri`
  MODIFY `id` int(11) NOT NULL AUTO_INCREMENT;

--
-- AUTO_INCREMENT per la tabella `ec_prestazione_ambulatorio`
--
ALTER TABLE `ec_prestazione_ambulatorio`
  MODIFY `id` int(11) NOT NULL AUTO_INCREMENT;

--
-- AUTO_INCREMENT per la tabella `ec_prestazione_day_hospital`
--
ALTER TABLE `ec_prestazione_day_hospital`
  MODIFY `id` int(11) NOT NULL AUTO_INCREMENT;

--
-- AUTO_INCREMENT per la tabella `ec_prestazione_ricovero`
--
ALTER TABLE `ec_prestazione_ricovero`
  MODIFY `id` int(11) NOT NULL AUTO_INCREMENT;

--
-- AUTO_INCREMENT per la tabella `ec_programma_agenda`
--
ALTER TABLE `ec_programma_agenda`
  MODIFY `id` int(11) NOT NULL AUTO_INCREMENT;

--
-- AUTO_INCREMENT per la tabella `ec_programma_modalita`
--
ALTER TABLE `ec_programma_modalita`
  MODIFY `id` int(11) NOT NULL AUTO_INCREMENT, AUTO_INCREMENT=29;

--
-- AUTO_INCREMENT per la tabella `ec_rss`
--
ALTER TABLE `ec_rss`
  MODIFY `id` int(11) NOT NULL AUTO_INCREMENT, AUTO_INCREMENT=6;

--
-- AUTO_INCREMENT per la tabella `ec_ruoli`
--
ALTER TABLE `ec_ruoli`
  MODIFY `id` int(11) NOT NULL AUTO_INCREMENT, AUTO_INCREMENT=7;

--
-- AUTO_INCREMENT per la tabella `ec_servizi`
--
ALTER TABLE `ec_servizi`
  MODIFY `id` int(11) NOT NULL AUTO_INCREMENT, AUTO_INCREMENT=53;

--
-- AUTO_INCREMENT per la tabella `ec_slideshow`
--
ALTER TABLE `ec_slideshow`
  MODIFY `id` int(11) NOT NULL AUTO_INCREMENT, AUTO_INCREMENT=9;

--
-- AUTO_INCREMENT per la tabella `ec_stanze`
--
ALTER TABLE `ec_stanze`
  MODIFY `id` int(11) NOT NULL AUTO_INCREMENT, AUTO_INCREMENT=3;

--
-- AUTO_INCREMENT per la tabella `ec_status`
--
ALTER TABLE `ec_status`
  MODIFY `id` int(11) NOT NULL AUTO_INCREMENT, AUTO_INCREMENT=8;

--
-- AUTO_INCREMENT per la tabella `ec_ticket_totem`
--
ALTER TABLE `ec_ticket_totem`
  MODIFY `id` int(11) NOT NULL AUTO_INCREMENT, AUTO_INCREMENT=3;

--
-- AUTO_INCREMENT per la tabella `ec_totem_configurazione`
--
ALTER TABLE `ec_totem_configurazione`
  MODIFY `id` int(11) NOT NULL AUTO_INCREMENT, AUTO_INCREMENT=57;

--
-- AUTO_INCREMENT per la tabella `ec_tracking_operatore`
--
ALTER TABLE `ec_tracking_operatore`
  MODIFY `id` int(11) NOT NULL AUTO_INCREMENT;

--
-- AUTO_INCREMENT per la tabella `ec_tracking_status_ticket`
--
ALTER TABLE `ec_tracking_status_ticket`
  MODIFY `id` int(11) NOT NULL AUTO_INCREMENT, AUTO_INCREMENT=7;

--
-- AUTO_INCREMENT per la tabella `ec_tracking_ticket`
--
ALTER TABLE `ec_tracking_ticket`
  MODIFY `id` int(11) NOT NULL AUTO_INCREMENT, AUTO_INCREMENT=3;

--
-- AUTO_INCREMENT per la tabella `ec_utenti_ruoli`
--
ALTER TABLE `ec_utenti_ruoli`
  MODIFY `id` int(11) NOT NULL AUTO_INCREMENT, AUTO_INCREMENT=208;

--
-- AUTO_INCREMENT per la tabella `ec_video`
--
ALTER TABLE `ec_video`
  MODIFY `id` int(11) NOT NULL AUTO_INCREMENT;
COMMIT;

