-- http://www.phpmyadmin.net
--
-- Generato il: Mag 29, 2020 alle 12:49
-- Versione del server: 5.5.35
-- Versione PHP: 5.5.30-1+deb.sury.org~precise+1




--
-- Database: `eliminacode`
--

-- --------------------------------------------------------

--
-- Struttura della tabella `ec_accettazione`
--

CREATE TABLE IF NOT EXISTS `ec_accettazione` (
  `id` int(11) NOT NULL AUTO_INCREMENT,
  `id_totem` int(11) NOT NULL,
  `id_prenotazione` int(11) NOT NULL,
  `id_operatore` int(11) NOT NULL,
  `id_prestazione` int(11) DEFAULT NULL,
  `id_modalita` int(11) NOT NULL,
  `id_servizio` int(11) DEFAULT NULL,
  `id_medico` int(11) DEFAULT NULL,
  `id_agenda` int(11) DEFAULT NULL,
  `data_inserimento` date NOT NULL,
  `ora_accettazione` time NOT NULL,
  `nome_paziente` varchar(45) NOT NULL,
  `data_nascita` date DEFAULT NULL,
  PRIMARY KEY (`id`)
) ENGINE=MyISAM  DEFAULT CHARSET=utf8 AUTO_INCREMENT=4 ;

--
-- Dump dei dati per la tabella `ec_accettazione`
--

INSERT INTO `ec_accettazione` (`id`, `id_totem`, `id_prenotazione`, `id_operatore`, `id_prestazione`, `id_modalita`, `id_servizio`, `id_medico`, `id_agenda`, `data_inserimento`, `ora_accettazione`, `nome_paziente`, `data_nascita`) VALUES
(1, 1, 17, 1, 1, 2, 0, 0, NULL, '2020-05-29', '11:47:50', 'SCALET MARIA ELVIRA', '1956-09-13'),
(2, 2, 117, 1, 1, 1, 64, 145, 146, '2020-05-29', '11:49:34', 'CALTABIANO ROBERTO', '2017-07-26'),
(3, 3, 78, 0, 1, 3, 2, 0, 201, '2020-05-29', '11:49:48', 'LO MORO NUNZIA', '1966-10-11');

-- --------------------------------------------------------

--
-- Struttura della tabella `ec_agenda_servizi_giornaliera`
--

CREATE TABLE IF NOT EXISTS `ec_agenda_servizi_giornaliera` (
  `id` int(11) NOT NULL AUTO_INCREMENT,
  `id_agenda_HTSAN` int(11) NOT NULL,
  `nome_agenda` varchar(45) DEFAULT NULL,
  `id_medico` int(11) DEFAULT NULL,
  `nome_medico` varchar(35) DEFAULT NULL,
  `id_servizio` int(11) DEFAULT NULL,
  `nome_servizio` varchar(35) DEFAULT NULL,
  `id_modalita` int(11) DEFAULT NULL,
  `data` date DEFAULT NULL,
  `ora_inizio` time DEFAULT NULL,
  `ora_fine` time DEFAULT NULL,
  `prenotati` int(2) DEFAULT NULL,
  `liberi` int(2) DEFAULT NULL,
  PRIMARY KEY (`id`)
) ENGINE=InnoDB  DEFAULT CHARSET=utf8 AUTO_INCREMENT=29 ;

--
-- Dump dei dati per la tabella `ec_agenda_servizi_giornaliera`
--

INSERT INTO `ec_agenda_servizi_giornaliera` (`id`, `id_agenda_HTSAN`, `nome_agenda`, `id_medico`, `nome_medico`, `id_servizio`, `nome_servizio`, `id_modalita`, `data`, `ora_inizio`, `ora_fine`, `prenotati`, `liberi`) VALUES
(1, 52, 'TAC', 131, 'CALTAVUTURO CLAUDIA', 65, 'TAC', 1, '2020-05-29', '08:30:00', '13:00:00', NULL, NULL),
(2, 47, 'PRERICOVERO VISITA', 0, '', 0, '', 1, '2020-05-29', '08:00:00', '08:20:00', NULL, NULL),
(3, 121, 'CALTAVUTURO CLAUDIA', 131, 'CALTAVUTURO CLAUDIA', 69, 'RADIOLOGIA', 1, '2020-05-29', '09:20:00', '12:00:00', NULL, NULL),
(4, 641, 'AMB ONCOLOGIA', 0, '', 64, 'ONCOLOGIA AMBUL.', 1, '2020-05-29', '15:00:00', '16:30:00', NULL, NULL),
(5, 369, 'DI MAURO SEBASTIANO', 369, 'DI MAURO SEBASTIANO', 75, 'DERMATOLOGIA', 1, '2020-05-29', '14:45:00', '17:45:00', NULL, NULL),
(6, 161, 'Dermatologia', 780, 'GURGONE SILVIA', 75, 'DERMATOLOGIA', 1, '2020-05-29', '09:00:00', '13:15:00', NULL, NULL),
(7, 430, 'AMB 4 UROLOGIA', 0, '', 43, 'UROLOGIA', 1, '2020-05-29', '09:00:00', '10:15:00', NULL, NULL),
(8, 116, 'SIGNORELLI MARIO', 116, 'SIGNORELLI MARIO', 63, 'ECOGRAFIA', 1, '2020-05-29', '10:00:00', '11:30:00', NULL, NULL),
(9, 354, 'SPARTA'' ANNA', 354, 'SPARTA'' ANNA', 59, 'GINECOLOGIA', 1, '2020-05-29', '15:00:00', '17:00:00', NULL, NULL),
(10, 359, 'AMB 3 PRIMARIO OTORINO', 359, 'LENTINI GIUSEPPE', 38, 'OTORINOLARINGOIATRIA', 1, '2020-05-29', '08:30:00', '10:00:00', NULL, NULL),
(11, 345, 'AMB ONCOEMATOLOGIA', 345, 'SCIRE'' PAOLA', 6404, 'ONCOEMATOLOGIA', 1, '2020-05-29', '15:30:00', '17:30:00', NULL, NULL),
(12, 57, 'CHIRURGIA ONCOLOGICA', 785, 'GIANNONE', 6401, 'CHIRURGIA ONCOLOGICA', 1, '2020-05-29', '14:00:00', '19:45:00', NULL, NULL),
(13, 76, 'CHIRURGO SENOLOGO', 783, 'FISICHELLA GIACOMO', 6411, 'BREAST UNIT', 1, '2020-05-29', '15:00:00', '17:40:00', NULL, NULL),
(14, 77, '', 0, '', 6406, 'CHIRURGIA TORACICA', 1, '2020-05-29', '09:00:00', '09:40:00', NULL, NULL),
(15, 1003, 'PRERICOVERI UROLOGIA', 0, '', 43, 'UROLOGIA', 1, '2020-05-29', '11:20:00', '12:40:00', NULL, NULL),
(16, 1005, 'PRERICOVERI GINECOLOGIA', 0, '', 6401, 'CHIRURGIA ONCOLOGICA', 1, '2020-05-29', '09:40:00', '11:00:00', NULL, NULL),
(17, 1006, 'PRERICOVERI SENOLOGIA', 0, '', 6411, 'BREAST UNIT', 1, '2020-05-29', '08:00:00', '09:20:00', NULL, NULL),
(18, 201, 'DH TERAPIA INF. LUNGA', 0, '', 2, 'DAY HOSPITAL', 3, '2020-05-29', '07:30:00', '08:55:00', NULL, NULL),
(19, 202, 'DH TERAPIA INF. MEDIA', 0, '', 2, 'DAY HOSPITAL', 3, '2020-05-29', '07:30:00', '08:55:00', NULL, NULL),
(20, 203, 'DH TERAPIA INF. BREVE', 0, '', 2, 'DAY HOSPITAL', 3, '2020-05-29', '07:30:00', '09:55:00', NULL, NULL),
(21, 1008, 'prericoveri senologia', 0, '', 0, '', 1, '2020-05-29', '08:00:00', '09:20:00', NULL, NULL),
(22, 1010, 'Controlli post-operatori', 0, '', 0, '', 1, '2020-05-29', '10:00:00', '12:20:00', NULL, NULL),
(23, 13, 'GINECOLOGIA', 354, 'SPARTA'' ANNA', 0, '', 1, '2020-05-29', '15:00:00', '17:00:00', NULL, NULL),
(24, 39, 'AMB 3 OTORINO', 154, 'FICARRA SIMONA', 38, 'OTORINOLARINGOIATRIA', 1, '2020-05-29', '10:00:00', '11:40:00', NULL, NULL),
(25, 70, 'Amb Nutrizione Clinica', 813, 'ROCCARO ANNA', 55, 'NUTRIZIONE CLINICA', 1, '2020-05-29', '11:30:00', '12:15:00', NULL, NULL),
(26, 380, 'AMB 1 CH TORACICA', 380, 'TROVATO SEBASTIANO', 6406, 'CHIRURGIA TORACICA', 1, '2020-05-29', '00:00:00', '00:00:00', NULL, NULL),
(27, 7, 'PAC DIAGNOSTICI D.I.', 131, 'CALTAVUTURO CLAUDIA', 65, 'TAC', 1, '2020-05-29', '11:00:00', '11:30:00', NULL, NULL),
(28, 146, 'AMB PRIMARIO ONCOLOGIA', 145, 'GIUFFRIDA DARIO', 64, 'ONCOLOGIA AMBUL.', 1, '2020-05-29', '12:00:00', '00:00:00', NULL, NULL);

-- --------------------------------------------------------

--
-- Struttura della tabella `ec_agende`
--

CREATE TABLE IF NOT EXISTS `ec_agende` (
  `id` int(11) NOT NULL AUTO_INCREMENT,
  `id_agenda_HTSAN` int(11) NOT NULL,
  `nome_agenda` varchar(45) DEFAULT NULL,
  `id_servizio` int(11) DEFAULT NULL,
  `nome_servizio` varchar(45) DEFAULT NULL,
  `id_medico` int(11) DEFAULT NULL,
  `nome_medico` varchar(45) DEFAULT NULL,
  `tipo` varchar(16) DEFAULT NULL,
  `id_modalita` int(11) NOT NULL,
  `stato` int(3) DEFAULT NULL,
  `attiva_da` date DEFAULT NULL,
  `attiva_fino_a` date DEFAULT NULL,
  PRIMARY KEY (`id`)
) ENGINE=InnoDB  DEFAULT CHARSET=utf8 AUTO_INCREMENT=101 ;

--
-- Dump dei dati per la tabella `ec_agende`
--

INSERT INTO `ec_agende` (`id`, `id_agenda_HTSAN`, `nome_agenda`, `id_servizio`, `nome_servizio`, `id_medico`, `nome_medico`, `tipo`, `id_modalita`, `stato`, `attiva_da`, `attiva_fino_a`) VALUES
(1, 173, 'AGENDA DOTT.SA SCRIMINACI', 0, 'PSICOLOGIA', 173, 'SCRIMINACI MARIA CARMELA', 'AMBULATORIO (I+E', 1, 1, '2014-05-13', '0000-00-00'),
(2, 58, 'AMATO GABRIELLA', 0, 'ONCOEMATOLOGIA', 107, 'AMATO GABRIELLA', 'AMBULATORIO (I+E', 1, 1, '2014-05-13', '0000-00-00'),
(3, 430, 'AMBULATORIO UROLOGIA', 0, 'UROLOGIA', 0, '', 'AMBULATORIO (I+E', 1, 1, '2014-05-13', '0000-00-00'),
(4, 186, 'ARRIGO ETTORE', 0, 'CHIRURGIA ONCOLOGICA AMB.', 186, 'ARRIGO ETTORE', '', 0, 1, '2014-05-13', '0000-00-00'),
(5, 166, 'BLANCO GIUSY', 0, 'ONCOLOGIA MEDICA', 166, 'BLANCO GIUSI', '', 0, 1, '2014-05-13', '0000-00-00'),
(6, 131, 'CALTAVUTURO (TAC/RX ESTERNI)', 65, 'TAC', 131, 'CALTAVUTURO CLAUDIA', 'AMBULATORIO (I+E', 1, 1, '2014-05-13', '0000-00-00'),
(7, 2, 'CARDIOLOGIA AMBULATORIALE', 8, 'CARDIOLOGIA', 0, '', 'AMBULATORIO (I+E', 1, 1, '2014-05-13', '0000-00-00'),
(8, 42, 'CH.ONCOLOGICA PRIV. DR.FULLONE', 0, 'CHIRURGIA ONCOLOGICA', 111, 'FULLONE FRANCESCO', 'AMBULATORIO (I+E', 1, 1, '2014-05-13', '0000-00-00'),
(9, 43, 'CH.ONCOLOGICA PRIV.DR.SALLUZZO', 0, 'CHIRURGIA ONCOLOGICA', 112, 'SALLUZZO SALVATORE', 'AMBULATORIO (I+E', 1, 1, '2014-05-13', '0000-00-00'),
(10, 41, 'CH.TORACICA DR.ARRIGO PRIVATO', 0, 'CHIRURGIA TORACICA', 186, 'ARRIGO ETTORE', 'AMBULATORIO (I+E', 1, 1, '2014-05-13', '0000-00-00'),
(11, 28, 'CHIR.ONCOLOGICA MEDICAZIONI', 0, 'CHIRURGIA ONCOLOGICA', 0, '', 'AMBULATORIO (I+E', 1, 1, '2014-05-13', '0000-00-00'),
(12, 27, 'CHIR.PLAST. MEDICAZIONI', 0, 'CHIRURGIA ONCOLOGICA', 0, '', 'AMBULATORIO (I+E', 1, 1, '2014-05-13', '0000-00-00'),
(13, 16, 'CHIRURGIA ONCOLOGICA', 0, 'CHIRURGIA ONCOLOGICA', 0, '', 'AMBULATORIO (I+E', 1, 1, '2014-05-13', '0000-00-00'),
(14, 6401, 'CHIRURGIA ONCOLOGICA', 0, 'CHIRURGIA ONCOLOGICA', 109, 'IUPPA ANTONIO', 'AMBULATORIO (I+E', 1, 1, '2014-05-13', '0000-00-00'),
(15, 5, 'CHIRURGIA TORACICA', 0, 'CHIRURGIA TORACICA', 0, '', 'AMBULATORIO (I+E', 1, 1, '2014-05-13', '0000-00-00'),
(16, 15, 'CHIRURGIA TORACICA', 0, 'CHIRURGIA TORACICA', 186, 'ARRIGO ETTORE', 'AMBULATORIO (I+E', 1, 1, '2014-05-13', '0000-00-00'),
(17, 346, 'CICALA SALVATORE', 0, 'CHIRURGIA ONCOLOGICA AMB.', 346, 'CICALA SALVATORE', '', 0, 1, '2014-05-13', '0000-00-00'),
(18, 701, 'COPPOLINO SINIBALDO', 68, 'PNEUMOLOGIA', 701, 'COPPOLINO SINIBALDO', 'AMBULATORIO (I+E', 1, 1, '2014-05-13', '0000-00-00'),
(19, 333, 'COSENTINO SALVATORE', 58, 'ENDOSCOPIA', 333, 'COSENTINO SALVATORE', 'AMBULATORIO (I+E', 1, 1, '2014-05-13', '0000-00-00'),
(20, 3, 'CRINO''', 0, 'AMBULATORI', 3, 'CRINO'' LUCIO', '', 0, 1, '2014-05-13', '0000-00-00'),
(21, 25, 'CURE PALLIATIVE', 0, 'CURE PALLIATIVE', 0, '', 'AMBULATORIO (I+E', 1, 1, '2014-05-13', '0000-00-00'),
(22, 34, 'CURE PALLIATIVE PRIVATO', 0, 'CURE PALLIATIVE', 0, '', 'AMBULATORIO (I+E', 1, 1, '2014-05-13', '0000-00-00'),
(23, 203, 'DH TERAPIA INF. BREVE', 2, 'DAY HOSPITAL', 0, '', 'RICOVERI', 2, 1, '2014-05-13', '0000-00-00'),
(24, 201, 'DH TERAPIA INF. LUNGA', 2, 'DAY HOSPITAL', 0, '', 'RICOVERI', 2, 1, '2014-05-13', '0000-00-00'),
(25, 202, 'DH TERAPIA INF. MEDIA', 2, 'DAY HOSPITAL', 0, '', 'RICOVERI', 2, 1, '2014-05-13', '0000-00-00'),
(26, 369, 'DI MAURO SEBASTIANO', 75, 'DERMATOLOGIA', 369, 'DI MAURO SEBASTIANO', 'AMBULATORIO (I+E', 1, 1, '2014-05-13', '0000-00-00'),
(27, 1, 'DIAG.IMM. AMBULATORIALE', 0, '', 0, '', 'AMBULATORIO (I+E', 1, 1, '2014-05-13', '0000-00-00'),
(28, 10, 'DIETOLOGIA', 0, '', 0, 'SCARFIA ALESSIA GIUSEPPINA', 'AMBULATORIO (I+E', 1, 1, '2014-05-13', '0000-00-00'),
(29, 12, 'EMATOLOGIA', 0, 'ONCOEMATOLOGIA', 0, '', 'AMBULATORIO (I+E', 1, 1, '2014-05-13', '0000-00-00'),
(30, 40, 'EMATOLOGIA PRIV.DR.SSA SCIRE''', 0, 'ONCOEMATOLOGIA', 345, 'SCIRE'' PAOLA', 'AMBULATORIO (I+E', 1, 1, '2014-05-13', '0000-00-00'),
(31, 33, 'ENDOCRINOCHIRURGIA DR.IPPOLITO', 0, 'CHIRURGIA ONCOLOGICA', 398, 'IPPOLITO ORAZIO', 'AMBULATORIO (I+E', 1, 1, '2014-05-13', '0000-00-00'),
(32, 24, 'ENDOCRINOCHIRURGIA MEDICAZIONI', 0, 'CHIRURGIA ONCOLOGICA', 398, 'IPPOLITO ORAZIO', 'AMBULATORIO (I+E', 1, 1, '2014-05-13', '0000-00-00'),
(33, 366, 'FALCONE LORENZO', 0, 'UROLOGIA', 366, 'FALCONE LORENZO', '', 0, 1, '2014-05-13', '0000-00-00'),
(34, 30, 'FISIOTERAPIA', 0, '', 0, '', 'AMBULATORIO (I+E', 1, 1, '2014-05-13', '0000-00-00'),
(35, 111, 'FULLONE FRANCESCO', 0, 'CHIRURGIA ONCOLOGICA', 111, 'FULLONE FRANCESCO', 'AMBULATORIO (I+E', 1, 1, '2014-05-13', '0000-00-00'),
(36, 13, 'GINECOLOGIA', 0, '', 354, 'SPARTA'' ANNA', 'AMBULATORIO (I+E', 1, 1, '2014-05-13', '0000-00-00'),
(37, 144, 'GIUFFRIDA (ENDOCRINOLOGIA)', 0, '', 145, 'GIUFFRIDA DARIO', 'AMBULATORIO (I+E', 1, 1, '2014-05-13', '0000-00-00'),
(38, 146, 'GIUFFRIDA (MATTINA)', 64, 'ONCOLOGIA AMBUL.', 145, 'GIUFFRIDA DARIO', '', 0, 1, '2014-05-13', '0000-00-00'),
(39, 145, 'GIUFFRIDA (POMERIGGIO)', 0, 'ONCOLOGIA MEDICA', 145, 'GIUFFRIDA DARIO', 'AMBULATORIO (I+E', 1, 1, '2014-05-13', '0000-00-00'),
(40, 171, 'GIUFFRIDA C.MAURIZIO (PRIVATO)', 0, 'NEUROCHIRURGIA', 171, 'GIUFFRIDA CARMELO MAURIZIO', 'AMBULATORIO (I+E', 1, 1, '2014-05-13', '0000-00-00'),
(41, 53, 'GIUFFRIDA CARMELO MAURIZIO', 0, 'NEUROCHIRURGIA', 171, 'GIUFFRIDA CARMELO MAURIZIO', 'AMBULATORIO (I+E', 1, 1, '2014-05-13', '0000-00-00'),
(42, 364, 'GIUSTOLISI ROSARIO', 0, 'ONCOEMATOLOGIA AMBULAT./REF.', 364, 'GIUSTOLISI ROSARIO', 'AMBULATORIO (I+E', 1, 1, '2014-05-13', '0000-00-00'),
(43, 114, 'GRASSO VINCENZO', 0, 'UROLOGIA', 114, 'GRASSO VINCENZO', '', 0, 1, '2014-05-13', '0000-00-00'),
(44, 161, 'IMPALLOMENI RAFFAELLO', 75, 'DERMATOLOGIA', 161, 'IMPALLOMENI RAFFAELLO', 'AMBULATORIO (I+E', 1, 1, '2014-05-13', '0000-00-00'),
(45, 109, 'IUPPA ANTONINO', 0, 'CHIRURGIA ONCOLOGICA', 109, 'IUPPA ANTONIO', 'AMBULATORIO (I+E', 1, 1, '2014-05-13', '0000-00-00'),
(46, 14, 'IUPPA ANTONIO', 0, 'CHIRURGIA ONCOLOGICA', 109, 'IUPPA ANTONIO', 'AMBULATORIO (I+E', 1, 1, '2014-05-13', '0000-00-00'),
(47, 395, 'IUPPA GIUSEPPE', 0, 'CHIRURGIA ONCOLOGICA', 395, 'IUPPA GIUSEPPE', '', 0, 1, '2014-05-13', '0000-00-00'),
(48, 359, 'LENTINI GIUSEPPE', 0, 'OTORINOLARINGOIATRIA', 359, 'LENTINI GIUSEPPE', 'AMBULATORIO (I+E', 1, 1, '2014-05-13', '0000-00-00'),
(49, 172, 'LIPERA MARIO', 0, 'CHIRURGIA ONCOLOGICA AMB.', 172, 'LIPERA MARIO', 'AMBULATORIO (I+E', 1, 1, '2014-05-13', '0000-00-00'),
(50, 165, 'MAFODDA ANTONINO', 64, 'ONCOLOGIA AMBUL.', 0, 'MAFODDA ANTONINO', 'AMBULATORIO (I+E', 1, 0, '2014-05-13', '0000-00-00'),
(51, 394, 'MAIO ROBERTA', 69, 'RADIOLOGIA', 394, 'MAIO ROBERTA FEDERICA', '', 0, 1, '2014-05-13', '0000-00-00'),
(52, 121, 'MAJORANA MARCELLO', 69, 'RADIOLOGIA', 121, 'MAJORANA MARCELLO', 'AMBULATORIO (I+E', 1, 1, '2014-05-13', '0000-00-00'),
(53, 147, 'MARE MARZIA', 0, 'ONCOLOGIA MEDICA', 147, 'MARE MARZIA', '', 0, 1, '2014-05-13', '0000-00-00'),
(54, 123, 'MARTINO MASSIMO', 0, 'CURE PALLIATIVE', 123, 'MARTINO MASSIMO', '', 0, 1, '2014-05-13', '0000-00-00'),
(55, 175, 'MUNAO'' STEFANIA', 0, 'ONCOLOGIA MEDICA', 175, 'MUNAO'' STEFANIA', 'AMBULATORIO (I+E', 1, 1, '2014-05-13', '0000-00-00'),
(56, 54, 'NEUROCHIRURGIA', 0, 'NEUROCHIRURGIA', 0, '', 'AMBULATORIO (I+E', 1, 1, '2014-05-13', '0000-00-00'),
(57, 661, 'ONCOEMATOLOGIA', 0, 'ONCOEMATOLOGIA AMBULAT./REF.', 0, '', 'AMBULATORIO (I+E', 1, 1, '2014-05-13', '0000-00-00'),
(58, 35, 'ONCOEMATOLOGIA PRIVATO', 0, 'ONCOEMATOLOGIA', 0, '', 'AMBULATORIO (I+E', 1, 1, '2014-05-13', '0000-00-00'),
(59, 32, 'ONCOEMATOLOGIA PROF.GIUSTOLISI', 0, 'ONCOEMATOLOGIA', 364, 'GIUSTOLISI ROSARIO', 'AMBULATORIO (I+E', 1, 1, '2014-05-13', '0000-00-00'),
(60, 641, 'ONCOLOGIA AMBULATORIALE', 64, 'ONCOLOGIA AMBUL.', 0, '', 'AMBULATORIO (I+E', 1, 1, '2014-05-13', '0000-00-00'),
(61, 23, 'ONCOLOGIA MEDICA', 0, 'ONCOLOGIA MEDICA', 0, '', 'AMBULATORIO (I+E', 1, 1, '2014-05-13', '0000-00-00'),
(62, 22, 'ORL', 0, 'OTORINOLARINGOIATRIA', 359, 'LENTINI GIUSEPPE', 'AMBULATORIO (I+E', 1, 1, '2014-05-13', '0000-00-00'),
(63, 39, 'ORL PRIVATO', 0, 'OTORINOLARINGOIATRIA', 359, 'LENTINI GIUSEPPE', 'AMBULATORIO (I+E', 1, 1, '2014-05-13', '0000-00-00'),
(64, 7, 'PAC DIAGNOSTICI D.I.', 0, '', 0, '', 'AMBULATORIO (I+E', 1, 1, '2014-05-13', '0000-00-00'),
(65, 6, 'PAC DIAGNOSTICO 1', 0, '', 333, 'COSENTINO SALVATORE', 'AMBULATORIO (I+E', 1, 1, '2014-05-13', '0000-00-00'),
(66, 8, 'PAC DIAGNOSTICO 2', 63, 'ECOGRAFIA', 116, 'SIGNORELLI MARIO', 'AMBULATORIO (I+E', 1, 1, '2014-05-13', '0000-00-00'),
(67, 9, 'PAC DIAGNOSTICO 3', 0, '', 121, 'MAJORANA MARCELLO', 'AMBULATORIO (I+E', 1, 1, '2014-05-13', '0000-00-00'),
(68, 180, 'PIETRO PINO', 0, 'UROLOGIA', 180, 'PINO PIETRO', '', 0, 1, '2014-05-13', '0000-00-00'),
(69, 29, 'PNEUMOLOGIA', 0, '', 701, 'COPPOLINO SINIBALDO', 'AMBULATORIO (I+E', 1, 1, '2014-05-13', '0000-00-00'),
(70, 393, 'PORRETTO CONCETTA MARIA', 0, '', 0, '', '', 0, 1, '2014-05-13', '0000-00-00'),
(71, 51, 'PRERICOVERI ANESTESIA', 0, '', 0, '', 'AMBULATORIO (I+E', 1, 1, '2014-05-13', '0000-00-00'),
(72, 48, 'PRERICOVERI CARDIOLOGIA', 0, '', 0, '', 'AMBULATORIO (I+E', 1, 1, '2014-05-13', '0000-00-00'),
(73, 49, 'PRERICOVERI RADIOLOGIA', 0, '', 0, '', 'AMBULATORIO (I+E', 1, 1, '2014-05-13', '0000-00-00'),
(74, 47, 'PRERICOVERO VISITA', 0, '', 0, '', 'AMBULATORIO (I+E', 1, 1, '2014-05-13', '0000-00-00'),
(75, 388, 'PRESTIFILIPPO ANGELA', 64, 'ONCOLOGIA AMBUL.', 388, 'PRESTIFILIPPO ANGELA', 'AMBULATORIO (I+E', 1, 1, '2014-05-13', '0000-00-00'),
(76, 55, 'PREVENZIONE TIROIDE', 0, '', 64, 'RUSSO BARBARO', 'AMBULATORIO (I+E', 1, 1, '2014-05-13', '0000-00-00'),
(77, 56, 'PULIAFITO IVANA', 0, 'ONCOLOGIA MEDICA', 715, 'PULIAFITO IVANA', 'AMBULATORIO (I+E', 1, 1, '2014-05-13', '0000-00-00'),
(78, 46, 'Prenotazione Chemioterapie', 0, '', 0, '', 'RICOVERI', 2, 0, '2014-05-13', '0000-00-00'),
(79, 132, 'RANNO CRISTIAN', 0, 'UROLOGIA', 132, 'RANNO CHRISTIAN', '', 0, 1, '2014-05-13', '0000-00-00'),
(80, 195, 'RUGGERI LUCA', 0, '', 0, 'RUGGERI LUCA', 'AMBULATORIO (I+E', 1, 0, '2014-05-13', '0000-00-00'),
(81, 351, 'RUSSO ALESSIO', 69, 'RADIOLOGIA', 351, 'RUSSO ALESSIO', '', 0, 1, '2014-05-13', '0000-00-00'),
(82, 112, 'SALLUZZO SALVATORE', 0, 'CHIRURGIA ONCOLOGICA', 112, 'SALLUZZO SALVATORE', 'AMBULATORIO (I+E', 1, 1, '2014-05-13', '0000-00-00'),
(83, 345, 'SCIRE'' PAOLA', 0, 'ONCOEMATOLOGIA', 345, 'SCIRE'' PAOLA', 'AMBULATORIO (I+E', 1, 1, '2014-05-13', '0000-00-00'),
(84, 11, 'SENOLOGIA MEDICAZIONI', 0, 'BREAST UNIT', 0, '', 'AMBULATORIO (I+E', 1, 1, '2014-05-13', '0000-00-00'),
(85, 45, 'SENOLOGIA PRIV. DR.LIPERA', 0, 'BREAST UNIT', 172, 'LIPERA MARIO', 'AMBULATORIO (I+E', 1, 1, '2014-05-13', '0000-00-00'),
(86, 44, 'SENOLOGICA PRIV. DR.CICALA', 0, 'BREAST UNIT', 346, 'CICALA SALVATORE', 'AMBULATORIO (I+E', 1, 1, '2014-05-13', '0000-00-00'),
(87, 116, 'SIGNORELLI MARIO', 63, 'ECOGRAFIA', 116, 'SIGNORELLI MARIO', 'AMBULATORIO (I+E', 1, 1, '2014-05-13', '0000-00-00'),
(88, 354, 'SPARTA'' ANNA', 59, 'GINECOLOGIA', 354, 'SPARTA'' ANNA', 'AMBULATORIO (I+E', 1, 1, '2014-05-13', '0000-00-00'),
(89, 52, 'TAC IN CONVENZIONE', 65, 'TAC', 0, '', 'AMBULATORIO (I+E', 1, 1, '2014-05-13', '0000-00-00'),
(90, 37, 'TERAPIA ANTALGICA PRIVATO', 0, 'TERAPIA ANTALGICA', 108, 'SGALAMBRO FRANCESCO', 'AMBULATORIO (I+E', 1, 1, '2014-05-13', '0000-00-00'),
(91, 380, 'TROVATO SEBASTIANO', 0, '', 0, '', '', 0, 1, '2014-05-13', '0000-00-00'),
(92, 21, 'URODINAMICA', 0, 'UROLOGIA', 114, 'GRASSO VINCENZO', 'AMBULATORIO (I+E', 1, 1, '2014-05-13', '0000-00-00'),
(93, 26, 'UROLOGIA', 0, 'UROLOGIA', 0, '', 'AMBULATORIO (I+E', 1, 1, '2014-05-13', '0000-00-00'),
(94, 18, 'UROLOGIA DR.FALCONE', 0, 'UROLOGIA', 366, 'FALCONE LORENZO', 'AMBULATORIO (I+E', 1, 1, '2014-05-13', '0000-00-00'),
(95, 20, 'UROLOGIA DR.GRASSO', 0, 'UROLOGIA', 114, 'GRASSO VINCENZO', 'AMBULATORIO (I+E', 1, 1, '2014-05-13', '0000-00-00'),
(96, 19, 'UROLOGIA DR.PINO', 0, 'UROLOGIA', 180, 'PINO PIETRO', 'AMBULATORIO (I+E', 1, 1, '2014-05-13', '0000-00-00'),
(97, 17, 'UROLOGIA MEDICAZIONI', 0, 'UROLOGIA', 0, '', 'AMBULATORIO (I+E', 1, 1, '2014-05-13', '0000-00-00'),
(98, 31, 'UROLOGIA PRIVATO DR.FALCONE', 0, 'UROLOGIA', 366, 'FALCONE LORENZO', 'AMBULATORIO (I+E', 1, 1, '2014-05-13', '0000-00-00'),
(99, 36, 'UROLOGIA PRIVATO DR.GRASSO', 0, 'UROLOGIA', 114, 'GRASSO VINCENZO', 'AMBULATORIO (I+E', 1, 1, '2014-05-13', '0000-00-00'),
(100, 38, 'UROLOGIA PRIVATO DR.RANNO', 0, 'UROLOGIA', 132, 'RANNO CHRISTIAN', 'AMBULATORIO (I+E', 1, 1, '2014-05-13', '0000-00-00');

-- --------------------------------------------------------

--
-- Struttura della tabella `ec_display`
--

CREATE TABLE IF NOT EXISTS `ec_display` (
  `id` int(11) NOT NULL AUTO_INCREMENT,
  `logo` varchar(100) NOT NULL,
  `info` text NOT NULL,
  `organigramma` text NOT NULL,
  `id_meteo` int(11) NOT NULL,
  PRIMARY KEY (`id`)
) ENGINE=MyISAM DEFAULT CHARSET=utf8 AUTO_INCREMENT=1 ;

-- --------------------------------------------------------

--
-- Struttura della tabella `ec_feed`
--

CREATE TABLE IF NOT EXISTS `ec_feed` (
  `id` int(11) NOT NULL AUTO_INCREMENT,
  `titolo` varchar(255) NOT NULL,
  `intervallo` int(11) NOT NULL,
  `url` varchar(255) NOT NULL,
  `categoria` varchar(255) NOT NULL,
  `blocco_entrata` int(11) NOT NULL,
  PRIMARY KEY (`id`)
) ENGINE=MyISAM DEFAULT CHARSET=utf8 AUTO_INCREMENT=1 ;

-- --------------------------------------------------------

--
-- Struttura della tabella `ec_immagini`
--

CREATE TABLE IF NOT EXISTS `ec_immagini` (
  `id` int(11) NOT NULL AUTO_INCREMENT,
  `titolo` varchar(255) NOT NULL,
  `descrizione` text NOT NULL,
  PRIMARY KEY (`id`)
) ENGINE=MyISAM DEFAULT CHARSET=utf8 AUTO_INCREMENT=1 ;

-- --------------------------------------------------------

--
-- Struttura della tabella `ec_modalita`
--

CREATE TABLE IF NOT EXISTS `ec_modalita` (
  `id` int(11) NOT NULL AUTO_INCREMENT,
  `codice` varchar(50) NOT NULL,
  `nome` varchar(50) NOT NULL,
  `creato_da` int(11) NOT NULL,
  `modificato_da` int(11) NOT NULL,
  `data_creazione` datetime NOT NULL,
  `data_modifica` datetime NOT NULL,
  `eliminato` int(11) NOT NULL,
  PRIMARY KEY (`id`)
) ENGINE=MyISAM  DEFAULT CHARSET=utf8 AUTO_INCREMENT=8 ;

--
-- Dump dei dati per la tabella `ec_modalita`
--

INSERT INTO `ec_modalita` (`id`, `codice`, `nome`, `creato_da`, `modificato_da`, `data_creazione`, `data_modifica`, `eliminato`) VALUES
(1, '01', 'Ambulatorio', 0, 0, '0000-00-00 00:00:00', '0000-00-00 00:00:00', 0),
(2, '02', 'Ricovero', 0, 0, '0000-00-00 00:00:00', '0000-00-00 00:00:00', 0),
(3, '03', 'Day Hospital', 0, 0, '0000-00-00 00:00:00', '0000-00-00 00:00:00', 0),
(4, '04', 'Informazioni', 0, 0, '0000-00-00 00:00:00', '0000-00-00 00:00:00', 0);

-- --------------------------------------------------------

--
-- Struttura della tabella `ec_news`
--

CREATE TABLE IF NOT EXISTS `ec_news` (
  `id` int(11) NOT NULL AUTO_INCREMENT,
  `titolo` varchar(255) NOT NULL,
  `data` datetime NOT NULL,
  `descrizione` text NOT NULL,
  `creato_da` int(11) NOT NULL,
  `modificato_da` int(11) NOT NULL,
  `data_creazione` datetime NOT NULL,
  `data_modifica` datetime NOT NULL,
  `eliminato` int(2) NOT NULL DEFAULT '0',
  PRIMARY KEY (`id`)
) ENGINE=MyISAM  DEFAULT CHARSET=utf8 AUTO_INCREMENT=49 ;

--
-- Dump dei dati per la tabella `ec_news`
--

INSERT INTO `ec_news` (`id`, `titolo`, `data`, `descrizione`, `creato_da`, `modificato_da`, `data_creazione`, `data_modifica`, `eliminato`) VALUES
(11, 'Notizia 1', '2014-08-01 18:34:12', 'Martedì di sangue a Gerusalemme, dove questa mattina quattro israeliani sono stati uccisi e altri otto sono rimasti feriti nel corso di un attentato condotto da due palestinesi - armati di una scure, un coltello e un''arma da fuoco - in un complesso religioso', 84, 84, '2014-08-01 18:34:22', '2014-11-18 12:47:22', 1),
(12, 'Notizia 2', '2014-11-05 13:13:00', 'Il Sole 24 Ore\r\n	\r\nIl flop dell''Abenomics spinge il Giappone alle elezioni anticipate\r\nIl Sole 24 Ore	 - ‎39 minuti fa‎	\r\n\r\nIl premier giapponese Shinzo Abe ha annunciato la decisione di sciogliere la Camera Bassa il prossimo 21 novembre in vista di elezioni politiche anticipate che si svolgeranno entro la fine dell''anno. Abe ha anche comunicato che rinvierà di 18 mesi ...', 84, 84, '2014-11-18 12:54:41', '2014-11-18 13:10:52', 1),
(13, 'Notizia 3', '2015-01-13 14:00:00', 'Sgombero di due centri sociali, scontri a Milano\r\nIl Secolo XIX	 - ‎11 minuti fa‎	\r\n	\r\nMilano - Cariche delle forze dell''ordine e lancio di fumogeni, stamani, a Milano, nel corso di uno sgombero di due centri sociali adiacenti, in via Ravenna e via Pomposa, nella zona sud della città. Gli agenti hanno anche lanciato lacrimogeni, gli antagonisti ...', 84, 0, '2014-11-18 12:55:03', '0000-00-00 00:00:00', 1),
(14, 'FONDAZIONE IOM', '2015-09-22 16:22:00', 'FONDAZIONE IOM INVESTE SUL TERRITORIO IN RICERCA E INNOVAZIONE - PREVENZIONE - FORMAZIONE.\r\nAIUTACI AD AIUTARE!\r\n5x1000 ALLA FONDAZIONE IOM\r\nCOD. FISCALE 90032390875\r\nNon costa nulla ed è un atto di estrema solidarietà\r\n', 84, 0, '2015-09-22 16:24:05', '0000-00-00 00:00:00', 0),
(15, 'INIZIATIVE DI PREVENZIONE GRATUITE', '2015-09-22 16:26:00', 'Fondazione IOM ha avviato un progetto che prevede l''organizzazione di iniziative di prevenzione ed informazione di vario genere. Per ulteriori informazioni e per conoscere in anteprima le iniziative di prevenzione www.grupposamed.com', 84, 0, '2015-09-22 16:27:47', '0000-00-00 00:00:00', 0),
(16, 'ECM quando la malattia entra in famiglia', '2015-09-22 16:28:00', 'SABATO 26 SETTEMBRE (ORE 8.30-14.30) \r\nCORSO ECM QUANDO LA MALATTIA ENTRA IN FAMIGLIA\r\nACCREDITO PER: MEDICI DI MEDICINA GENERALE, MEDICI PALLIATIVISTI, EMATOLOGI, ONCOLOGI, INFERMIERI\r\nCREDITI: 5. PER INFO WWW.GRUPPOSAMED.COM associazionesinapsy@gmail.com', 84, 0, '2015-09-22 16:30:37', '0000-00-00 00:00:00', 1),
(17, 'ANATOMIA E ISTOLOGIA PATOLOGICA', '2015-09-25 11:20:00', 'ANATOMIA E ISTOLOGIA PATOLOGICA\r\nResponsabile Dott. Lorenzo Memeo', 84, 84, '2015-09-25 11:21:23', '2015-10-05 13:33:57', 0),
(18, 'UNITA’ OPERATIVA DI CHIRURGIA TORACICA', '2015-09-25 11:21:00', 'UNITA’ OPERATIVA DI CHIRURGIA TORACICA\r\nDirettore Dott. Francesco Caronia\r\nDott. Ettore Arrigo\r\nDott. Sebastiano Trovato', 84, 84, '2015-09-25 11:22:19', '2015-10-05 13:48:05', 0),
(19, 'DIAGNOSTICA PER IMMAGINI', '2015-09-25 11:23:00', 'DIAGNOSTICA PER IMMAGINI\r\nResponsabile Dott.ssa Claudia Caltavuturo Dott.ssa Maria Pezzino Dott. Alessio Russo', 84, 84, '2015-09-25 11:24:55', '2016-06-15 12:48:28', 0),
(20, 'U.O. CHIRURGIA ONCOLOGICA GENERALE', '2015-09-25 11:24:00', 'U.O. CHIRURGIA ONCOLOGICA GENERALE Direttore: dott. Giorgio Giannone; dott. Gaspare Foresta\r\n', 84, 84, '2015-09-25 11:25:59', '2016-10-17 18:55:23', 0),
(21, 'ECOGRAFIA', '2015-09-25 11:25:00', 'ECOGRAFIA Responsabile Dott. Mario Signorelli', 84, 84, '2015-09-25 11:26:48', '2015-10-05 13:35:24', 0),
(22, 'U.O. ORL E CHIRURGIA MAXILLOFACCIALE', '2015-09-25 11:26:00', 'U.O. ORL E CHIRURGIA MAXILLOFACCIALE\r\nDirettore Dott. Giuseppe Lentini\r\n', 84, 84, '2015-09-25 11:27:39', '2016-10-17 18:56:34', 0),
(23, 'U.O. ONCOEMATOLOGIA E TRAPIANTO MIDOLLO OSSEO', '2015-09-25 11:27:00', 'U.O. ONCOEMATOLOGIA E TRAPIANTO MIDOLLO OSSEO\r\nDirettore oncoematologia Dott.ssa Gabriella Amato\r\nDirettore trapianto midollo osseo Dott. Gaetano Moschetti\r\nProf. Rosario Giustolisi\r\nDott.ssa Maria Ausilia Gorgone\r\nDott.ssa Paola Scirè', 84, 84, '2015-09-25 11:28:37', '2015-10-05 13:45:44', 0),
(24, 'UNITA’ OPERATIVA DI NEUROCHIRURGIA', '2015-09-25 11:28:00', 'UNITA’ OPERATIVA DI NEUROCHIRURGIA\r\nDirettore - Dott.Orazio Giliberto\r\nDott. Daniele Cafarella', 84, 84, '2015-09-25 11:29:24', '2015-10-05 13:49:26', 1),
(25, 'U.O. CHIRURGIA SENOLOGICA E RICOSTRUTTIVA', '2015-09-25 11:29:00', 'U.O. CHIRURGIA SENOLOGICA E RICOSTRUTTIVA\r\nDirettore Dott. Mario Lipera\r\nDott. Emiliano Amore\r\nDott. Salvatore Cicala\r\ndott. Giacomo Fisichella\r\nDott.ssa Alessandra Mangiameli\r\nDott. Salvatore Salluzzo', 84, 84, '2015-09-25 11:30:10', '2016-10-17 18:55:53', 0),
(26, 'U.O. UROLOGIA', '2015-09-25 11:29:00', 'U.O. UROLOGIA\r\nDirettore Dott. Pietro Pino\r\nDott. Lorenzo Falcone\r\nDott. Vincenzo Grasso', 84, 84, '2015-09-25 11:30:53', '2015-10-05 13:47:18', 0),
(27, 'UNITA’ OPERATIVA DI ONCOLOGIA MEDICA', '2015-09-25 11:30:00', 'UNITA’ OPERATIVA DI ONCOLOGIA MEDICA\r\nDirettore Prof. Dario Giurida\r\nDott.ssa Giusi Blanco\r\nDott.ssa Marzia Mare\r\nDott.ssa Stefania Munaò\r\nDott.ssa Dorotea Sciacca\r\nDott.ssa Angela Prestilippo', 84, 84, '2015-09-25 11:31:37', '2015-10-05 13:50:04', 0),
(28, 'UNITA’ OPERATIVA DI CURE PALLIATIVE', '2015-09-25 11:31:00', 'UNITA’ OPERATIVA DI CURE PALLIATIVE\r\nDirettore Prof. Salvatore Russo\r\nDott. Giuseppe Covato\r\nDott. Massimo Martino', 84, 84, '2015-09-25 11:32:26', '2015-10-05 13:48:47', 0),
(29, 'FISIOPATOLOGIA CARDIOVASCOLARE', '2015-09-25 11:31:00', 'FISIOPATOLOGIA CARDIOVASCOLARE\r\nResponsabile Dott. Vittorio Casaccio\r\nDott. Giovanni Marchese\r\nDott. Giovanni Salici', 84, 84, '2015-09-25 11:33:06', '2015-10-05 13:36:01', 0),
(30, 'LABORATORIO ANALISI', '2015-09-25 11:32:00', 'LABORATORIO ANALISI \r\nResponsabile Dott.ssa Daniela Carcò', 84, 84, '2015-09-25 11:33:44', '2015-10-05 13:36:45', 0),
(31, 'SERVIZIO DI PNEUMOLOGIA ONCOLOGICA', '2015-09-25 11:33:00', 'SERVIZIO DI PNEUMOLOGIA ONCOLOGICA\r\nResponsabile Dott. Sinibaldo Coppolino', 84, 84, '2015-09-25 11:34:23', '2015-10-05 13:37:34', 0),
(32, 'SERVIZIO DI PSICONCOLOGIA', '2015-09-25 11:33:00', 'SERVIZIO DI PSICONCOLOGIA\r\nResponsabile Dott.ssa Maria Carmela Scriminaci\r\nDott.ssa Anna Calcara', 84, 84, '2015-09-25 11:35:06', '2015-10-05 13:38:12', 0),
(33, 'ECM IL TRAPIANTO EMOPOIETICO', '2015-10-09 10:17:00', 'ECM IL TRAPIANTO EMOPOIETICO: PROBLEMATICHE CLINICHE E ISTITUZIONALI.\r\nACCREDITATO PER MEDICI (ONCOLOGI, EMATOLOGI) BIOLOGI INFERMIERI\r\nCREDITI: 5,4\r\nPer informazioni e prenotazioni: associazionesinapsy@gmail.com\r\n095 7110232- 349 4328892', 84, 0, '2015-09-28 10:19:59', '0000-00-00 00:00:00', 1),
(46, 'carcinoma dell’endometrio', '2016-09-24 09:00:00', 'SABATO 24 SETTEMBRE CORSO ECM per medici di famiglia e ginecologi\r\nDiagnosi precoce del carcinoma dell’endometrio: Rete Territoriale integrata\r\nDirettore del corso: dott. Alfio Cannavò. per info www.grupposamed.com, associazionesinapsy@gmail.com\r\n\r\n', 84, 0, '2016-08-31 13:07:07', '0000-00-00 00:00:00', 1),
(34, 'ECM ONCOLOGIA TORACICA', '2015-10-05 13:49:00', 'ECM ONCOLOGIA TORACICA\r\nCrediti 5 per: Medici (Oncologia, pneumologia, Chir. gen., chir. tor., Radioterapia, Radiodiagnostica, Medicina generale, Anatomia patologica) Biologi, Farmacisti, TSRM. \r\nPer info associazionesinapsy@gmail.com 095 7110232- 349 4328892', 84, 0, '2015-10-05 13:55:35', '0000-00-00 00:00:00', 1),
(35, 'AMBULATORIO GRATUITO SENOLOGIA', '2015-11-04 11:15:00', 'AMBULATORIO GRATUITO PER PAZIENTI SINTOMATICHE, attivo grazie al sostegno della Fondazione IOM.  Per info e prenotazioni tel. 0957895000 int. 404 -1148 www.grupposamed.com', 84, 0, '2015-11-04 11:18:30', '0000-00-00 00:00:00', 0),
(36, 'AMBULATORIO DI ALIMENTAZIONE E NUTRIZIONE', '2015-11-13 14:00:00', 'AMBULATORIO DI ALIMENTAZIONE E NUTRIZIONE dott.ssa Agnello.\r\nOgni giovedì incontri gratuiti di orientamento su prenatazione\r\nOgni venerdì visite su prenotazione\r\n', 84, 84, '2015-11-13 14:01:41', '2015-12-02 12:51:40', 0),
(38, 'prevenzione odontoiatrica', '2015-12-04 14:36:00', 'CAMPAGNA DI PREVENZIONE ED EDUCAZIONE A UNA BUONA SALUTE ORALE CON IL SOSTEGNO DELLA FONDAZIONE IOM PRESSO CASA DI CURA MUSUMECI GECAS: 1° VISITA E PIANO TRATTAMENTO GRATUITI SCONTO DEL 20% SU TUTTI I TRATTAMENTI. PER INFORMAZIONI E PRENOTAZIONI 095 7504767.', 84, 84, '2015-12-04 14:38:31', '2016-06-15 12:49:57', 0),
(37, 'asta libri', '2015-12-02 12:43:00', 'Dona un libro per asta di beneficenza per acquisto di turbanti che la FONDAZIONE IOM distribuirà ai pazienti in chemioterapia.\r\nPer Info: Ass. sociale Francesca Gabriele Campisi. int 526', 84, 0, '2015-12-02 12:47:12', '0000-00-00 00:00:00', 1),
(39, 'CHIRURGIA VASCOLARE E DI FLEBOLOGIA', '2015-12-04 14:39:00', 'AMBULATORIO DI CHIRURGIA VASCOLARE E DI FLEBOLOGIA- CAMPAGNA DI PREVENZIONE CON IL SUPPORTO DELLA FONDAZIONE IOM PRESSO CASA DI CURA MUSUMECI GECAS: 1° visita gratuita e sconto del 20% sui servizi. Per info e prenotazioni: tel. 095 7504768 www.grupposamed.com ', 84, 0, '2015-12-04 14:43:02', '0000-00-00 00:00:00', 1),
(40, 'incontro sui tumori neuroendocrini', '2016-02-16 10:00:00', '25 febbraio 2016 incontro di confronto e aggiornamento sui tumori neuroendocrini del tratto gastroenteropancreatico.', 84, 0, '2016-02-16 10:01:10', '0000-00-00 00:00:00', 1),
(41, 'I PERCORSI IN ONCOLOGIA', '2016-02-16 10:03:00', '4 marzo ecm per infermieri I PERCORSI IN ONCOLOGIA: GESTIONE, APPROPRIATEZZA E SICUREZZA DEI FARMACI ANTIBLASTICI. info associazionesinapsy@gmail.com', 84, 0, '2016-02-16 10:05:13', '0000-00-00 00:00:00', 1),
(42, 'ALZHEIMER E IL PROGETTO DIA–DE–MENTIS', '2016-03-11 10:41:00', 'venerdi 11 marzo si svolgerà il convegno ecm LA  MALATTIA  DI  ALZHEIMER  E  IL  PROGETTO  DIA – DE – MENTIS. per info www.grupposamed.com ', 84, 0, '2016-02-25 10:44:07', '0000-00-00 00:00:00', 1),
(43, 'The New in the Practice Surgery&Anesthesia ', '2016-04-15 12:52:00', 'The New in the Practice Surgery and Anesthesia convegno ECM per seguenti specialità: anestesia, chirurgia gen, chirurgia toracica, ORL. 15 e 16 aprile IOM. per info associazionesinapsy@gmail.com', 84, 0, '2016-03-18 12:53:21', '0000-00-00 00:00:00', 1),
(44, 'open week onda', '2016-04-22 12:50:00', 'Dal 22 al 28 aprile open week onda: alcuni servizi gratuiti per le donne. Per info www.grupposamed.com, www.bollini.it 0957895000', 84, 0, '2016-04-04 13:02:26', '0000-00-00 00:00:00', 1),
(45, 'TIROIDE', '2016-05-28 10:29:00', 'TIROIDE: Sabato 28 maggio ore 9.00 incontro informativo con il prof. Dario Giuffrida. Chi partecipa all''incontro potrà effettuare gratuitamente un''ecografia tiroidea (lo stesso giorno o nei giorni seguenti). E'' richiesta la prenotazione. ', 84, 0, '2016-05-04 10:33:03', '0000-00-00 00:00:00', 1),
(47, '6° GIORN. REM DI MEDICINA NUCLEARE', '2016-12-02 10:32:00', 'CONVEGNO ECM Venerdì 2 dic. 2016 \r\n6° GIORNATA  REM  DI  MEDICINA  NUCLEARE LA  PET/TC  CON  FDG: ATTUALITA’  CLINICHE,  APPROPRIATEZZE  E  VALENZA  ECONOMICA (Dir. del corso dott. Luigi Castorina). \r\nPer info e iscrizioni associazionesinapasy@gmail.com ', 84, 0, '2016-11-09 10:35:45', '0000-00-00 00:00:00', 0),
(48, 'CONV. ECM LA TERAPIA CELLULARE RIGENERATIVA', '2016-11-25 10:33:00', '25 nov. 2016 CONVEGNO ECM LA TERAPIA CELLULARE RIGENERATIVA. Per info e iscrizioni associazionesinapsy@gmail.com', 84, 0, '2016-11-09 10:37:23', '0000-00-00 00:00:00', 0);

-- --------------------------------------------------------

--
-- Struttura della tabella `ec_organigramma`
--

CREATE TABLE IF NOT EXISTS `ec_organigramma` (
  `id` int(11) NOT NULL AUTO_INCREMENT,
  `descrizione` varchar(500) NOT NULL,
  `creato_da` int(11) NOT NULL,
  `modificato_da` int(11) NOT NULL,
  `data_creazione` datetime NOT NULL,
  `data_modifica` datetime NOT NULL,
  `eliminato` int(2) NOT NULL DEFAULT '0',
  PRIMARY KEY (`id`)
) ENGINE=InnoDB  DEFAULT CHARSET=latin1 AUTO_INCREMENT=3 ;

--
-- Dump dei dati per la tabella `ec_organigramma`
--

INSERT INTO `ec_organigramma` (`id`, `descrizione`, `creato_da`, `modificato_da`, `data_creazione`, `data_modifica`, `eliminato`) VALUES
(2, 'fjkberkjrbkejbvkv\r\nv jvb djkvbdjkb\r\nvdf vkfdbv ksjb', 84, 0, '2014-08-01 18:35:30', '0000-00-00 00:00:00', 0);

-- --------------------------------------------------------

--
-- Struttura della tabella `ec_prenotazioni_dh_ambulatori`
--

CREATE TABLE IF NOT EXISTS `ec_prenotazioni_dh_ambulatori` (
  `id` int(11) NOT NULL AUTO_INCREMENT,
  `data` date DEFAULT NULL,
  `ora` time DEFAULT NULL,
  `nome_paziente` varchar(45) DEFAULT NULL,
  `data_nascita` date DEFAULT NULL,
  `id_agenda` int(11) DEFAULT NULL,
  `nome_agenda` varchar(35) DEFAULT NULL,
  `fuorilista` int(11) DEFAULT '0',
  `accettato` int(2) DEFAULT NULL,
  PRIMARY KEY (`id`)
) ENGINE=InnoDB  DEFAULT CHARSET=utf8 AUTO_INCREMENT=125 ;

--
-- Dump dei dati per la tabella `ec_prenotazioni_dh_ambulatori`
--

INSERT INTO `ec_prenotazioni_dh_ambulatori` (`id`, `data`, `ora`, `nome_paziente`, `data_nascita`, `id_agenda`, `nome_agenda`, `fuorilista`, `accettato`) VALUES
(1, '2020-05-29', '08:30:00', 'ZAPPALA'' MARIA', '1940-03-10', 52, 'CALTAVUTURO CLAUDIA', 0, NULL),
(2, '2020-05-29', '09:00:00', 'DI BELLA MARIO', '1967-09-23', 52, 'CALTAVUTURO CLAUDIA', 0, 0),
(3, '2020-05-29', '09:30:00', 'RAGUSA ROCCO', '1959-02-01', 52, 'CALTAVUTURO CLAUDIA', 0, NULL),
(4, '2020-05-29', '09:20:00', 'CUTRUFELLO SANTINA', '2017-07-26', 121, 'CALTAVUTURO CLAUDIA', 0, NULL),
(5, '2020-05-29', '09:40:00', 'CUTRUFELLO FLORIANA', '2017-07-26', 121, 'CALTAVUTURO CLAUDIA', 0, 0),
(6, '2020-05-29', '10:00:00', 'FERRETTI RITA', '2017-07-26', 121, 'CALTAVUTURO CLAUDIA', 0, NULL),
(7, '2020-05-29', '14:00:00', 'LO FARO GIUSEPPA', '1951-03-16', 641, '', 0, NULL),
(8, '2020-05-29', '14:30:00', 'RANDIS ORAZIO', '2017-07-26', 641, '', 0, NULL),
(9, '2020-05-29', '14:45:00', 'BARBAGALLO ALFIA', '2017-07-26', 641, '', 0, NULL),
(10, '2020-05-29', '15:00:00', 'DI MULO NICOLA LUCIO', '1981-12-13', 641, '', 0, NULL),
(11, '2020-05-29', '15:00:00', 'NICOLOSI CARMELO', '2017-07-26', 641, '', 0, 0),
(12, '2020-05-29', '15:30:00', 'NIGRI'' RITA', '2017-07-26', 641, '', 0, NULL),
(13, '2020-05-29', '15:30:00', 'ADAMO ANNUNZIATA', '2017-07-26', 641, '', 0, NULL),
(14, '2020-05-29', '16:00:00', 'COSTA ANNA MARIA', '1941-08-25', 641, '', 0, NULL),
(15, '2020-05-29', '14:45:00', 'SCUTO SALVATORE', '2017-07-26', 369, 'DI MAURO SEBASTIANO', 0, NULL),
(16, '2020-05-29', '15:00:00', 'SCUTO MAURIZIO', '2017-07-26', 369, 'DI MAURO SEBASTIANO', 0, NULL),
(17, '2020-05-29', '15:15:00', 'LA ROSA FRANCESCA', '2017-07-26', 369, 'DI MAURO SEBASTIANO', 0, NULL),
(18, '2020-05-29', '15:30:00', 'PAPPA FEDERICA', '1992-10-21', 369, 'DI MAURO SEBASTIANO', 0, NULL),
(19, '2020-05-29', '16:00:00', 'PONZIO TIZIANA', '2017-07-26', 369, 'DI MAURO SEBASTIANO', 0, NULL),
(20, '2020-05-29', '16:15:00', 'MESSINA MARIA', '2017-07-26', 369, 'DI MAURO SEBASTIANO', 0, NULL),
(21, '2020-05-29', '16:30:00', 'PAPPALARDO GRAZIA', '2017-07-26', 369, 'DI MAURO SEBASTIANO', 0, NULL),
(22, '2020-05-29', '16:45:00', 'PLATANIA MARIA', '2017-07-26', 369, 'DI MAURO SEBASTIANO', 0, NULL),
(23, '2020-05-29', '17:00:00', 'TOMARCHIO ALFIA', '2017-07-26', 369, 'DI MAURO SEBASTIANO', 0, NULL),
(24, '2020-05-29', '17:15:00', 'TOMARCHIO STEFANO', '2017-07-26', 369, 'DI MAURO SEBASTIANO', 0, NULL),
(25, '2020-05-29', '17:30:00', 'CALANNA FRANCESCO', '2017-07-26', 369, 'DI MAURO SEBASTIANO', 0, NULL),
(26, '2020-05-29', '17:45:00', 'CARAFFA STEFANO', '2017-07-26', 369, 'DI MAURO SEBASTIANO', 0, NULL),
(27, '2020-05-29', '09:00:00', 'GIUSEPPE CHIARENZA', '2017-07-26', 430, '', 0, NULL),
(28, '2020-05-29', '09:15:00', 'SORBELLO SALVATORE', '2017-07-26', 430, '', 0, NULL),
(29, '2020-05-29', '09:30:00', 'DELL''OMBRA MARIA', '1948-12-18', 430, '', 0, NULL),
(30, '2020-05-29', '09:45:00', 'CATANIA ALFIO', '2017-07-26', 430, '', 0, NULL),
(31, '2020-05-29', '10:00:00', 'MAZZONE CATALDO', '2017-07-26', 430, '', 0, 0),
(32, '2020-05-29', '10:15:00', 'MARINO PIETRO', '2017-07-26', 430, '', 0, NULL),
(33, '2020-05-29', '10:30:00', 'MONACO MARIA GRAZIA', '2017-07-26', 430, '', 0, NULL),
(34, '2020-05-29', '10:00:00', 'MASCALI GAETANO', '1949-11-09', 116, 'SIGNORELLI MARIO', 0, NULL),
(35, '2020-05-29', '10:30:00', 'LAUDANI STEFANIA', '2017-07-26', 116, 'SIGNORELLI MARIO', 0, NULL),
(36, '2020-05-29', '11:00:00', 'CUFARI ANNAMARIA', '1964-05-12', 116, 'SIGNORELLI MARIO', 0, NULL),
(37, '2020-05-29', '11:30:00', 'CHIARENZA LUCIA', '1962-05-19', 116, 'SIGNORELLI MARIO', 0, NULL),
(38, '2020-05-29', '15:00:00', 'BARBAGALLO ALFIA', '2017-07-26', 354, 'SPARTA'' ANNA', 0, NULL),
(39, '2020-05-29', '15:30:00', 'CANNAVO'' COSIMA', '2017-07-26', 354, 'SPARTA'' ANNA', 0, NULL),
(40, '2020-05-29', '16:00:00', 'D''AGATA ANNA MARIA', '2017-07-26', 354, 'SPARTA'' ANNA', 0, NULL),
(41, '2020-05-29', '16:30:00', 'SCIUTO SILVIA', '2017-07-26', 354, 'SPARTA'' ANNA', 0, NULL),
(42, '2020-05-29', '17:00:00', 'DI DIO CALABRIA MARIA GRAZIA', '2017-07-26', 354, 'SPARTA'' ANNA', 0, NULL),
(43, '2020-05-29', '00:00:00', 'NO PRENPTAZIONI', '2017-07-26', 359, 'LENTINI GIUSEPPE', 0, 0),
(44, '2020-05-29', '15:30:00', 'LOMBARDO MARIA', '2017-07-26', 345, 'SCIRE'' PAOLA', 0, NULL),
(45, '2020-05-29', '16:00:00', 'DISPINZERI ANTONIA', '2017-07-26', 345, 'SCIRE'' PAOLA', 0, 0),
(46, '2020-05-29', '16:30:00', 'DISTEFANO GIUSEPPA', '2017-07-26', 345, 'SCIRE'' PAOLA', 0, 0),
(47, '2020-05-29', '17:00:00', 'DANUBIO ANTONINO', '2017-07-26', 345, 'SCIRE'' PAOLA', 0, NULL),
(48, '2020-05-29', '17:30:00', 'CAPONE ANTONINA', '1942-05-06', 345, 'SCIRE'' PAOLA', 0, NULL),
(49, '2020-05-29', '14:00:00', 'OCCHIPINTI MATTIA', '2017-07-26', 57, 'GIANNONE', 0, NULL),
(50, '2020-05-29', '14:15:00', 'CANZOLLI ROSA', '2017-07-26', 57, 'GIANNONE', 0, NULL),
(51, '2020-05-29', '14:30:00', 'SIRACUSANO ROSA', '2017-07-26', 57, 'GIANNONE', 0, NULL),
(52, '2020-05-29', '14:45:00', 'RAO ANNA', '2017-07-26', 57, 'GIANNONE', 0, NULL),
(53, '2020-05-29', '15:00:00', 'D''AMICO ANTONINO', '2017-07-26', 57, 'GIANNONE', 0, NULL),
(54, '2020-05-29', '15:15:00', 'GUGLIELMINO ALFREDO', '1955-06-21', 57, 'GIANNONE', 0, NULL),
(55, '2020-05-29', '15:30:00', 'PELUSO GIOVANNI', '2017-07-26', 57, 'GIANNONE', 0, NULL),
(56, '2020-05-29', '15:45:00', 'BIAGIONI SANDRINA', '2017-07-26', 57, 'GIANNONE', 0, NULL),
(57, '2020-05-29', '16:00:00', 'CASSIA DOMENICO', '2017-07-26', 57, 'GIANNONE', 0, NULL),
(58, '2020-05-29', '16:15:00', 'RIZZO FRANCESCO', '2017-07-26', 57, 'GIANNONE', 0, NULL),
(59, '2020-05-29', '16:30:00', 'MOLINO ANNA MARIA', '2017-07-26', 57, 'GIANNONE', 0, NULL),
(60, '2020-05-29', '16:45:00', 'IPPOLITO ANTONINO', '2017-07-26', 57, 'GIANNONE', 0, NULL),
(61, '2020-05-29', '17:00:00', 'FILETTI CARMELA', '2017-07-26', 57, 'GIANNONE', 0, NULL),
(62, '2020-05-29', '17:15:00', 'AUGELLO  GIUSEPPE GIOVANNI', '2017-07-26', 57, 'GIANNONE', 0, NULL),
(63, '2020-05-29', '17:30:00', 'CALCAGNO ANNA MARIA', '2017-07-26', 57, 'GIANNONE', 0, NULL),
(64, '2020-05-29', '17:45:00', 'CENTAMORE GIOVANNI', '2017-07-26', 57, 'GIANNONE', 0, NULL),
(65, '2020-05-29', '18:00:00', 'MASCARA GIUSEPPE', '2017-07-26', 57, 'GIANNONE', 0, NULL),
(66, '2020-05-29', '18:15:00', 'LO GIUDICE SEBASTIANO', '2017-07-26', 57, 'GIANNONE', 0, NULL),
(67, '2020-05-29', '18:30:00', 'ARNÒ BIAGIO', '2017-07-26', 57, 'GIANNONE', 0, NULL),
(68, '2020-05-29', '18:45:00', 'SPINA ROSARIA', '2017-07-26', 57, 'GIANNONE', 0, NULL),
(69, '2020-05-29', '19:00:00', 'STOP', '2017-07-26', 57, 'GIANNONE', 0, NULL),
(70, '2020-05-29', '19:15:00', 'STOP', '2017-07-26', 57, 'GIANNONE', 0, NULL),
(71, '2020-05-29', '19:30:00', 'STOP', '2017-07-26', 57, 'GIANNONE', 0, NULL),
(72, '2020-05-29', '19:45:00', 'STOP', '2017-07-26', 57, 'GIANNONE', 0, NULL),
(73, '2020-05-29', '15:00:00', 'SEMINARA FRANCESCA', '2017-07-26', 76, 'FISICHELLA GIACOMO', 0, NULL),
(74, '2020-05-29', '09:40:00', 'SAPIENZA PAOLA', '1973-06-19', 1005, '', 0, NULL),
(75, '2020-05-29', '10:00:00', 'GIUFFRIDA DANIELA', '1979-03-03', 1005, '', 0, NULL),
(76, '2020-05-29', '07:30:00', 'MESSINA SALVATORE', '1949-03-03', 201, '', 0, 0),
(77, '2020-05-29', '07:35:00', 'MESSINA EPIFANIA', '1965-01-06', 201, '', 0, 0),
(78, '2020-05-29', '07:40:00', 'LO MORO NUNZIA', '1966-10-11', 201, '', 0, 1),
(79, '2020-05-29', '07:45:00', 'PRESTIPINO VINCENZO', '1942-01-11', 201, '', 0, 0),
(80, '2020-05-29', '07:50:00', 'SCHILIRO'' ANTONINO', '1953-05-10', 201, '', 0, NULL),
(81, '2020-05-29', '07:55:00', 'LA ROSA SANTA', '1953-11-01', 201, '', 0, NULL),
(82, '2020-05-29', '08:00:00', 'LA GRECA GIUSEPPE', '1961-11-13', 201, '', 0, NULL),
(83, '2020-05-29', '08:05:00', 'VANZAGO MARIA FRANCA', '1941-03-06', 201, '', 0, NULL),
(84, '2020-05-29', '07:30:00', 'TRIBULATO ANTONINO', '1947-01-07', 202, '', 0, 0),
(85, '2020-05-29', '07:35:00', 'ROTONDO ANTONINA', '1959-06-13', 202, '', 0, 0),
(86, '2020-05-29', '07:40:00', 'MAUGERI FRANCESCA', '1976-03-11', 202, '', 0, 0),
(87, '2020-05-29', '07:45:00', 'QUARTARONE ANNA MARIA', '1961-04-15', 202, '', 0, NULL),
(88, '2020-05-29', '07:50:00', 'PUZZO ANGELO', '1944-08-23', 202, '', 0, NULL),
(89, '2020-05-29', '07:55:00', 'CORDARO ANTONINA', '1959-08-16', 202, '', 0, NULL),
(90, '2020-05-29', '07:30:00', 'CALA'' GIUSEPPA', '1970-10-12', 203, '', 0, 0),
(91, '2020-05-29', '07:35:00', 'MESSINA SALVATORE', '1949-03-03', 203, '', 0, 0),
(92, '2020-05-29', '07:40:00', 'D''ANNA ROSARIA MARIA', '1953-09-19', 203, '', 0, 0),
(93, '2020-05-29', '07:45:00', 'SCANDURA ANTONIO', '1942-02-18', 203, '', 0, 0),
(94, '2020-05-29', '07:50:00', 'DI MARTINO SALVATORE', '1962-05-18', 203, '', 0, NULL),
(95, '2020-05-29', '07:55:00', 'LENAZ EGIDIO', '1947-09-07', 203, '', 0, NULL),
(96, '2020-05-29', '08:00:00', 'STUPIA SALVATORE', '1941-05-20', 203, '', 0, NULL),
(97, '2020-05-29', '08:05:00', 'VANZAGO MARIA FRANCA', '1941-03-06', 203, '', 0, NULL),
(98, '2020-05-29', '08:10:00', 'LENTINI ROSA', '1938-06-03', 203, '', 0, NULL),
(99, '2020-05-29', '08:15:00', 'PAPA ROSETTA', '1965-11-02', 203, '', 0, NULL),
(100, '2020-05-29', '08:20:00', 'CHIARENZA GIUSEPPE', '1952-09-03', 203, '', 0, NULL),
(101, '2020-05-29', '08:25:00', 'MEZZASALMA ROSARIO', '1948-09-25', 203, '', 0, NULL),
(102, '2020-05-29', '08:30:00', 'D''ALIA PASQUALE', '1955-02-18', 203, '', 0, NULL),
(103, '2020-05-29', '08:35:00', 'BASCETTA ALESSANDRO GIUSEPPE', '1966-03-21', 203, '', 0, NULL),
(104, '2020-05-29', '08:40:00', 'DE BENEDETTIS CARMELO', '1947-07-12', 203, '', 0, NULL),
(105, '2020-05-29', '08:45:00', 'MAMMINO FRANCESCO', '1937-04-24', 203, '', 0, NULL),
(106, '2020-05-29', '08:00:00', 'MORETTI EMANUELA', '1946-10-10', 1008, '', 0, NULL),
(107, '2020-05-29', '11:00:00', 'MANCUSO CATERINA', '1941-04-18', 1010, '', 0, NULL),
(108, '2020-05-29', '11:10:00', 'ASTONE SANTO', '1952-12-01', 1010, '', 0, NULL),
(109, '2020-05-29', '11:20:00', 'CARBONE ORAZIO', '1948-08-10', 1010, '', 0, NULL),
(110, '2020-05-29', '11:30:00', 'VILLARI ANGELA', '1938-05-23', 1010, '', 0, NULL),
(111, '2020-05-29', '11:40:00', 'VELLA ORAZIO', '1960-01-13', 1010, '', 0, NULL),
(112, '2020-05-29', '10:00:00', 'MARIA CRISTINA MAJORANA', '2017-07-26', 39, 'FICARRA SIMONA', 0, 0),
(113, '2020-05-29', '09:30:00', 'LINGUANTI GIORGIO', '1955-04-04', 380, 'TROVATO SEBASTIANO', 0, 0),
(114, '2020-05-29', '11:00:00', 'CUFARI ANNAMARIA', '1964-05-12', 7, 'CALTAVUTURO CLAUDIA', 0, NULL),
(115, '2020-05-29', '11:30:00', 'ROCCASALVA ROSETTA', '1958-04-30', 7, 'CALTAVUTURO CLAUDIA', 0, 0),
(116, '2020-05-29', '10:00:00', 'FISICHELLA CONCETTA', '1952-01-15', 146, 'GIUFFRIDA DARIO', 0, 0),
(117, '2020-05-29', '10:30:00', 'CALTABIANO ROBERTO', '2017-07-26', 146, 'GIUFFRIDA DARIO', 0, 1),
(118, '2020-05-29', '11:30:00', 'PITINO ROSALBA', '2017-07-26', 146, 'GIUFFRIDA DARIO', 0, 0),
(119, '2020-05-29', '12:00:00', 'SPINELLA MARIA GIOVANNA', '2017-07-26', 146, 'GIUFFRIDA DARIO', 0, 0);

-- --------------------------------------------------------

--
-- Struttura della tabella `ec_prenotazioni_ricoveri`
--

CREATE TABLE IF NOT EXISTS `ec_prenotazioni_ricoveri` (
  `id` int(11) NOT NULL AUTO_INCREMENT,
  `data` date DEFAULT NULL,
  `ora` time DEFAULT NULL,
  `nome_paziente` varchar(45) DEFAULT NULL,
  `data_nascita` date DEFAULT NULL,
  `regime` varchar(35) DEFAULT NULL,
  `reparto` varchar(35) DEFAULT NULL,
  `id_medico` int(11) DEFAULT NULL,
  `fuorilista` int(11) DEFAULT '0',
  `accettato` varchar(2) DEFAULT NULL,
  PRIMARY KEY (`id`)
) ENGINE=InnoDB  DEFAULT CHARSET=utf8 AUTO_INCREMENT=20 ;

--
-- Dump dei dati per la tabella `ec_prenotazioni_ricoveri`
--

INSERT INTO `ec_prenotazioni_ricoveri` (`id`, `data`, `ora`, `nome_paziente`, `data_nascita`, `regime`, `reparto`, `id_medico`, `fuorilista`, `accettato`) VALUES
(1, '2020-05-29', '08:00:00', 'PAPPALARDO VENERA GRAZIA', '1968-07-08', '1', '43  ', NULL, 0, NULL),
(2, '2020-05-29', '08:00:00', 'MARINO ENRICO', '1946-03-02', '1', '43  ', NULL, 0, '0'),
(3, '2020-05-29', '08:00:00', 'COMPAGNINO SALVATRICE', '1944-12-24', '2', '0201', NULL, 0, '0'),
(4, '2020-05-29', '00:00:00', 'GIUFFRIDA DANIELA', '1979-03-03', '2', '0201', NULL, 0, '0'),
(5, '2020-05-29', '08:00:00', 'AIELLO ALFIO', '1944-05-19', '1', '43  ', NULL, 0, '0'),
(6, '2020-05-29', '08:00:00', 'D''APRILE GAETANO FRANCESCO', '1949-05-04', '1', '43  ', NULL, 0, '0'),
(7, '2020-05-29', '08:00:00', 'ZAPPALA'' SALVATORE', '1944-09-02', '1', '43  ', NULL, 0, '0'),
(8, '2020-05-29', '09:30:00', 'LA ROSA MARIA', '1966-06-22', '2', '6400', NULL, 0, NULL),
(9, '2020-05-29', '08:00:00', 'BARBAGALLO ANNA', '1961-10-14', '1', '43  ', NULL, 0, '0'),
(10, '2020-05-29', '08:00:00', 'STAZZONE MARCELLA', '1940-07-12', '3', '6411', NULL, 0, '0'),
(11, '2020-05-29', '08:00:00', 'CORDARO ANTONINA', '1959-08-16', '1', '6400', NULL, 0, '0'),
(12, '2020-05-29', '00:00:00', 'BARRILE NUNZIO', '1972-07-30', '1', '30  ', NULL, 0, '0'),
(13, '2020-05-29', '08:00:00', 'SCIACCA ORAZIO', '1981-05-12', '1', '43  ', NULL, 0, '0'),
(14, '2020-05-29', '09:30:00', 'MARINO CARMELA ROSA', '1944-08-30', '1', '6433', NULL, 0, NULL),
(15, '2020-05-29', '00:00:00', 'GULINO OLGA', '1954-11-19', '1', '30  ', NULL, 0, '0'),
(16, '2020-05-29', '00:00:00', 'TURRISI MARIO', '1937-03-22', '1', '30  ', NULL, 0, '0'),
(17, '2020-05-29', '00:00:00', 'SCALET MARIA ELVIRA', '1956-09-13', '1', '6401', NULL, 0, '1'),
(18, '2020-05-29', '00:00:00', 'SAPIENZA PAOLA', '1973-06-19', '2', '0201', NULL, 0, '0');

-- --------------------------------------------------------

--
-- Struttura della tabella `ec_prestazione_ambulatorio`
--

CREATE TABLE IF NOT EXISTS `ec_prestazione_ambulatorio` (
  `id` int(11) NOT NULL AUTO_INCREMENT,
  `id_accettazione` int(11) NOT NULL,
  `codice_agenda` int(11) DEFAULT NULL,
  `id_infermiere` int(11) NOT NULL,
  `id_medico` int(11) DEFAULT NULL,
  `id_utente` int(11) DEFAULT NULL,
  `cod_prestazione` int(11) NOT NULL,
  `status` int(11) NOT NULL,
  `data` date NOT NULL,
  `inizio_prestazione` time DEFAULT NULL,
  `fine_prestazione` time DEFAULT NULL,
  `ora_presenza` time DEFAULT NULL,
  `ora_presa_carico` time DEFAULT NULL,
  `modalita` varchar(50) NOT NULL,
  PRIMARY KEY (`id`)
) ENGINE=MyISAM  DEFAULT CHARSET=utf8 AUTO_INCREMENT=2 ;

--
-- Dump dei dati per la tabella `ec_prestazione_ambulatorio`
--

INSERT INTO `ec_prestazione_ambulatorio` (`id`, `id_accettazione`, `codice_agenda`, `id_infermiere`, `id_medico`, `id_utente`, `cod_prestazione`, `status`, `data`, `inizio_prestazione`, `fine_prestazione`, `ora_presenza`, `ora_presa_carico`, `modalita`) VALUES
(1, 2, 146, 0, 145, 29, 2, 13, '2020-05-29', '11:50:40', '11:50:42', '11:50:39', '11:50:18', '1');

-- --------------------------------------------------------

--
-- Struttura della tabella `ec_prestazione_day_hospital`
--

CREATE TABLE IF NOT EXISTS `ec_prestazione_day_hospital` (
  `id` int(11) NOT NULL AUTO_INCREMENT,
  `id_accettazione` int(11) NOT NULL,
  `id_infermiere` int(11) NOT NULL,
  `id_medico` int(11) NOT NULL,
  `data` date NOT NULL,
  `inizio_prelievo` time DEFAULT NULL,
  `fine_prelievo` time DEFAULT NULL,
  `status` int(11) NOT NULL,
  `cod_prestazione` int(11) DEFAULT NULL,
  `inizio_prestazione` time DEFAULT NULL,
  `fine_prestazione` time DEFAULT NULL,
  `ora_presa_carico` time DEFAULT NULL,
  `modalita` varchar(50) NOT NULL,
  PRIMARY KEY (`id`)
) ENGINE=InnoDB  DEFAULT CHARSET=utf8 AUTO_INCREMENT=2 ;

--
-- Dump dei dati per la tabella `ec_prestazione_day_hospital`
--

INSERT INTO `ec_prestazione_day_hospital` (`id`, `id_accettazione`, `id_infermiere`, `id_medico`, `data`, `inizio_prelievo`, `fine_prelievo`, `status`, `cod_prestazione`, `inizio_prestazione`, `fine_prestazione`, `ora_presa_carico`, `modalita`) VALUES
(1, 3, 1, 29, '2020-05-29', '11:49:48', '11:49:49', 18, 7, '11:50:49', '11:52:32', NULL, '3');

-- --------------------------------------------------------

--
-- Struttura della tabella `ec_prestazione_ricovero`
--

CREATE TABLE IF NOT EXISTS `ec_prestazione_ricovero` (
  `id` int(11) NOT NULL AUTO_INCREMENT,
  `id_accettazione` int(11) NOT NULL,
  `id_infermiere` int(11) NOT NULL,
  `cod_prestazione` int(11) NOT NULL,
  `status` int(11) NOT NULL,
  `data` date NOT NULL,
  `inizio_prestazione` time DEFAULT NULL,
  `fine_prestazione` time DEFAULT NULL,
  `ora_presa_carico` time DEFAULT NULL,
  `modalita` varchar(50) NOT NULL,
  PRIMARY KEY (`id`)
) ENGINE=MyISAM  DEFAULT CHARSET=utf8 AUTO_INCREMENT=2 ;

--
-- Dump dei dati per la tabella `ec_prestazione_ricovero`
--

INSERT INTO `ec_prestazione_ricovero` (`id`, `id_accettazione`, `id_infermiere`, `cod_prestazione`, `status`, `data`, `inizio_prestazione`, `fine_prestazione`, `ora_presa_carico`, `modalita`) VALUES
(1, 1, 1, 2, 12, '2020-05-29', '11:48:53', NULL, '11:48:11', '2');

-- --------------------------------------------------------

--
-- Struttura della tabella `ec_programma_agenda`
--

CREATE TABLE IF NOT EXISTS `ec_programma_agenda` (
  `id` int(11) NOT NULL AUTO_INCREMENT,
  `giorno` varchar(35) NOT NULL,
  `am_inizio` time NOT NULL,
  `am_fine` time NOT NULL,
  `am_freq` int(11) NOT NULL,
  `pm_inizio` time NOT NULL,
  `pm_fine` time NOT NULL,
  `pm_freq` int(11) NOT NULL,
  PRIMARY KEY (`id`)
) ENGINE=MyISAM DEFAULT CHARSET=utf8 AUTO_INCREMENT=1 ;

-- --------------------------------------------------------

--
-- Struttura della tabella `ec_programma_modalita`
--

CREATE TABLE IF NOT EXISTS `ec_programma_modalita` (
  `id` int(11) NOT NULL AUTO_INCREMENT,
  `id_utente` int(11) NOT NULL,
  `id_modalita` int(11) NOT NULL,
  `data_inizio` datetime NOT NULL,
  `data_fine` datetime NOT NULL,
  `creato_da` int(11) NOT NULL,
  `modificato_da` int(11) NOT NULL,
  `data_creazione` datetime NOT NULL,
  `data_modifica` datetime NOT NULL,
  `eliminato` int(11) NOT NULL,
  PRIMARY KEY (`id`)
) ENGINE=MyISAM  DEFAULT CHARSET=utf8 AUTO_INCREMENT=55 ;

--
-- Dump dei dati per la tabella `ec_programma_modalita`
--

INSERT INTO `ec_programma_modalita` (`id`, `id_utente`, `id_modalita`, `data_inizio`, `data_fine`, `creato_da`, `modificato_da`, `data_creazione`, `data_modifica`, `eliminato`) VALUES
(16, 3, 4, '2014-10-26 16:28:00', '2014-12-31 16:28:00', 0, 0, '0000-00-00 00:00:00', '0000-00-00 00:00:00', 0),
(14, 3, 1, '2014-10-15 16:28:00', '2015-03-12 16:28:00', 0, 0, '0000-00-00 00:00:00', '0000-00-00 00:00:00', 0),
(15, 3, 2, '2014-07-09 16:28:00', '2015-06-12 16:28:00', 0, 0, '0000-00-00 00:00:00', '0000-00-00 00:00:00', 0),
(7, 4, 1, '2014-05-01 16:27:09', '2015-04-24 16:37:00', 0, 1, '0000-00-00 00:00:00', '2014-12-04 16:32:37', 0),
(8, 4, 2, '2014-05-01 16:27:20', '2015-04-21 16:37:00', 0, 1, '0000-00-00 00:00:00', '2014-12-04 16:32:50', 0),
(12, 83, 2, '2014-09-04 18:33:00', '2015-01-08 18:33:00', 0, 0, '0000-00-00 00:00:00', '0000-00-00 00:00:00', 0),
(13, 83, 1, '2015-06-29 13:44:00', '2016-01-07 13:43:00', 0, 1, '0000-00-00 00:00:00', '2015-07-03 13:44:29', 0),
(17, 4, 4, '2014-08-29 16:23:00', '2015-03-05 16:23:00', 1, 0, '2014-12-04 16:18:44', '0000-00-00 00:00:00', 0),
(18, 1, 1, '2015-03-04 16:53:00', '2022-10-27 17:13:00', 1, 1, '2015-03-04 16:53:31', '2017-10-13 17:13:27', 0),
(19, 1, 2, '2015-03-04 16:53:00', '2047-10-16 17:13:00', 1, 1, '2015-03-04 16:53:54', '2017-10-13 17:13:55', 0),
(20, 1, 4, '2015-03-04 16:54:00', '2047-05-23 17:13:00', 1, 1, '2015-03-04 16:54:14', '2017-10-13 17:13:45', 0),
(21, 87, 1, '2015-03-23 18:13:00', '2016-05-23 18:00:00', 1, 0, '2015-03-23 18:14:24', '0000-00-00 00:00:00', 0),
(22, 87, 2, '2015-03-23 18:14:00', '2016-03-23 18:14:00', 1, 1, '2015-03-23 18:14:50', '2015-03-23 18:15:06', 0),
(23, 87, 4, '2015-03-23 18:00:00', '2016-03-23 18:00:00', 1, 0, '2015-03-23 18:15:28', '0000-00-00 00:00:00', 0),
(24, 89, 1, '2015-03-23 18:00:00', '2026-03-23 19:00:00', 1, 1, '2015-03-23 18:16:08', '2016-03-25 14:15:31', 0),
(25, 89, 4, '2015-03-23 18:00:00', '2026-03-23 19:00:00', 1, 1, '2015-03-23 18:16:35', '2016-03-25 14:16:15', 0),
(26, 92, 2, '2015-03-23 18:00:00', '2026-03-23 19:00:00', 1, 1, '2015-03-23 18:21:24', '2016-03-25 14:17:48', 0),
(27, 90, 2, '2015-03-23 18:00:00', '2026-03-23 14:14:00', 1, 1, '2015-03-23 18:22:47', '2016-03-25 14:18:57', 0),
(28, 94, 1, '2015-03-23 18:00:00', '2026-03-25 19:00:00', 1, 1, '2015-03-23 18:25:31', '2016-03-25 14:19:53', 0),
(29, 94, 2, '2015-03-23 18:00:00', '2026-03-25 19:00:00', 1, 1, '2015-03-23 18:25:52', '2016-03-25 14:20:29', 0),
(30, 94, 4, '2015-03-23 18:00:00', '2026-03-25 19:00:00', 1, 1, '2015-03-23 18:26:13', '2016-03-25 14:20:07', 0),
(31, 88, 1, '2015-03-23 18:00:00', '2016-03-23 18:00:00', 1, 0, '2015-03-23 18:29:19', '0000-00-00 00:00:00', 0),
(32, 88, 4, '2015-03-23 18:00:00', '2016-03-23 18:00:00', 1, 0, '2015-03-23 18:30:20', '0000-00-00 00:00:00', 0),
(33, 93, 1, '2015-03-23 18:00:00', '2026-03-30 10:00:00', 1, 1, '2015-03-23 18:31:23', '2016-03-30 10:33:09', 0),
(34, 93, 4, '2015-03-23 18:00:00', '2016-03-30 19:00:00', 1, 1, '2015-03-23 18:31:42', '2016-03-30 10:34:05', 0),
(35, 91, 2, '2015-03-24 11:00:00', '2026-03-24 19:00:00', 1, 1, '2015-03-25 11:07:22', '2016-03-25 14:17:08', 0),
(36, 96, 1, '2015-07-29 16:43:00', '2015-12-31 19:00:00', 1, 1, '2015-07-29 16:42:32', '2015-07-29 16:44:24', 0),
(37, 93, 2, '2015-07-31 13:00:00', '2015-07-31 14:00:00', 1, 0, '2015-07-31 13:54:13', '0000-00-00 00:00:00', 0),
(38, 97, 1, '2015-09-01 12:48:00', '2015-09-29 14:18:00', 1, 1, '2015-09-02 12:47:41', '2015-09-29 14:19:41', 0),
(39, 1, 3, '2015-09-02 14:00:00', '2025-05-22 12:29:00', 1, 1, '2015-09-02 14:12:08', '2020-05-18 12:17:49', 0),
(40, 29, 3, '2015-09-07 09:00:00', '2048-05-13 12:34:00', 1, 1, '2015-09-07 09:50:21', '2020-05-18 12:22:44', 0),
(41, 74, 3, '2015-09-07 09:00:00', '2016-09-07 19:00:00', 1, 0, '2015-09-07 09:51:40', '0000-00-00 00:00:00', 0),
(42, 6, 3, '2015-09-07 09:00:00', '2016-09-07 19:00:00', 1, 0, '2015-09-07 09:52:54', '0000-00-00 00:00:00', 0),
(43, 9, 3, '2015-09-07 09:00:00', '2016-09-07 19:00:00', 1, 0, '2015-09-07 10:21:29', '0000-00-00 00:00:00', 0),
(44, 98, 3, '2015-09-07 14:00:00', '2020-09-07 19:00:00', 1, 1, '2015-09-07 14:42:51', '2016-09-08 09:47:29', 0),
(45, 31, 3, '2015-09-09 18:00:00', '2016-09-10 21:00:00', 1, 0, '2015-09-10 18:18:31', '0000-00-00 00:00:00', 0),
(46, 50, 3, '2015-09-09 18:18:00', '2015-09-10 18:18:00', 1, 0, '2015-09-10 18:20:02', '0000-00-00 00:00:00', 0),
(47, 61, 3, '2015-09-09 18:00:00', '2016-09-10 22:00:00', 1, 0, '2015-09-10 18:20:51', '0000-00-00 00:00:00', 0),
(48, 46, 3, '2015-09-09 18:00:00', '2015-09-10 18:20:00', 1, 0, '2015-09-10 18:21:43', '0000-00-00 00:00:00', 0),
(49, 99, 3, '2015-09-09 18:52:00', '2015-09-10 23:00:00', 1, 0, '2015-09-10 18:54:16', '0000-00-00 00:00:00', 0),
(50, 99, 1, '2015-09-10 09:34:00', '2016-09-11 20:00:00', 1, 1, '2015-09-11 09:35:51', '2015-09-11 09:37:40', 0),
(51, 97, 4, '2015-09-29 14:18:00', '2017-12-31 20:00:00', 1, 1, '2015-09-29 14:20:06', '2017-01-09 12:46:04', 0),
(52, 101, 1, '2017-04-19 08:49:00', '2018-06-30 08:49:00', 1, 0, '2017-04-20 08:50:42', '0000-00-00 00:00:00', 0),
(53, 86, 1, '2017-07-01 10:30:00', '2017-12-27 10:30:00', 1, 0, '2017-07-31 10:30:43', '0000-00-00 00:00:00', 0),
(54, 86, 3, '2019-11-03 17:22:00', '2022-11-25 17:22:00', 1, 0, '2019-11-26 17:17:40', '0000-00-00 00:00:00', 0);

-- --------------------------------------------------------

--
-- Struttura della tabella `ec_rss`
--

CREATE TABLE IF NOT EXISTS `ec_rss` (
  `id` int(11) NOT NULL AUTO_INCREMENT,
  `titolo` varchar(45) NOT NULL,
  `canale` varchar(255) NOT NULL,
  `creato_da` int(11) NOT NULL,
  `modificato_da` int(11) NOT NULL,
  `data_creazione` datetime NOT NULL,
  `data_modifica` datetime NOT NULL,
  `eliminato` int(2) NOT NULL DEFAULT '0',
  PRIMARY KEY (`id`)
) ENGINE=InnoDB  DEFAULT CHARSET=latin1 AUTO_INCREMENT=6 ;

--
-- Dump dei dati per la tabella `ec_rss`
--

INSERT INTO `ec_rss` (`id`, `titolo`, `canale`, `creato_da`, `modificato_da`, `data_creazione`, `data_modifica`, `eliminato`) VALUES
(4, 'Sport Google', 'http://xml.corriereobjects.it/rss/spettacoli.xml', 84, 84, '2014-08-01 18:34:57', '2014-11-18 12:45:11', 1),
(5, 'Rss Libero', 'http://libero-news.it.feedsportal.com/c/34068/f/618096/index.rss', 1, 0, '2015-03-23 15:15:13', '0000-00-00 00:00:00', 0);

-- --------------------------------------------------------

--
-- Struttura della tabella `ec_ruoli`
--

CREATE TABLE IF NOT EXISTS `ec_ruoli` (
  `id` int(11) NOT NULL AUTO_INCREMENT,
  `ruolo` varchar(30) NOT NULL,
  `parent_id` int(11) NOT NULL,
  PRIMARY KEY (`id`)
) ENGINE=MyISAM  DEFAULT CHARSET=utf8 AUTO_INCREMENT=7 ;

--
-- Dump dei dati per la tabella `ec_ruoli`
--

INSERT INTO `ec_ruoli` (`id`, `ruolo`, `parent_id`) VALUES
(1, 'super-amministratore', 0),
(2, 'amministratore', 0),
(3, 'operatore', 0),
(4, 'infermiere', 0),
(5, 'medico', 0),
(6, 'comunicazione', 0);

-- --------------------------------------------------------

--
-- Struttura della tabella `ec_servizi`
--

CREATE TABLE IF NOT EXISTS `ec_servizi` (
  `id` int(11) NOT NULL AUTO_INCREMENT,
  `id_servizio_HTSAN` int(11) DEFAULT NULL,
  `nome_servizio` varchar(35) DEFAULT NULL,
  PRIMARY KEY (`id`)
) ENGINE=InnoDB  DEFAULT CHARSET=utf8 AUTO_INCREMENT=53 ;

--
-- Dump dei dati per la tabella `ec_servizi`
--

INSERT INTO `ec_servizi` (`id`, `id_servizio_HTSAN`, `nome_servizio`) VALUES
(1, 2, 'DAY HOSPITAL'),
(2, 201, 'DAY SURGERY'),
(3, 203, 'UROLOGIA D.H.'),
(4, 204, 'ONCOEMATOLOGIA D.H.'),
(5, 3, 'ANATOMIA PATOLOGICA'),
(6, 5, 'ANGIOLOGIA'),
(7, 8, 'CARDIOLOGIA'),
(8, 120, 'IORT'),
(9, 18, 'EMOTRASFUSIONE'),
(10, 30, 'NEUROCHIRURGIA'),
(11, 34, 'OCULISTICA'),
(12, 38, 'OTORINOLARINGOIATRIA'),
(13, 3801, 'MICROCHIRURGIA ORL'),
(14, 43, 'UROLOGIA'),
(15, 4301, 'LITOTRISSIA'),
(16, 49, 'TERAPIA INTENSIVA'),
(17, 50, 'ANESTESIA/TERAP.ANTALGICA AMB.'),
(18, 56, 'RECUPERO E RIABILITAZIONE'),
(19, 58, 'ENDOSCOPIA'),
(20, 59, 'GINECOLOGIA'),
(21, 61, 'MEDICINA NUCLEARE'),
(22, 63, 'ECOGRAFIA'),
(23, 631, 'ECOGRAFIA DR.RIZZO'),
(24, 64, 'ONCOLOGIA AMBUL.'),
(25, 6400, 'ONCOLOGIA MEDICA'),
(26, 6401, 'CHIRURGIA ONCOLOGICA'),
(27, 6402, 'RADIOTERAPIA'),
(28, 6403, 'TERAPIA ANTALGICA'),
(29, 6404, 'ONCOEMATOLOGIA'),
(30, 6405, 'TMO'),
(31, 6406, 'CHIRURGIA TORACICA'),
(32, 6410, 'CHIRURGIA ONCOLOGICA AMB.'),
(33, 6411, 'BREAST UNIT'),
(34, 6433, 'CURE PALLIATIVE'),
(35, 65, 'TAC'),
(36, 66, 'ONCOEMATOLOGIA AMBULAT./REF.'),
(37, 67, 'RMN'),
(38, 68, 'PNEUMOLOGIA'),
(39, 69, 'RADIOLOGIA'),
(40, 6901, 'RADIOLOGIA INTERVENTISTICA'),
(41, 70, 'LABORATORIO ANALISI'),
(42, 7001, 'CITOFLUORIMETRIA'),
(43, 75, 'DERMATOLOGIA'),
(44, 76, 'ORTOPEDIA ONCOLOGICA'),
(45, 90, 'AMMINISTRAZIONE'),
(46, 901, 'AMBULATORI'),
(47, 902, 'SERVIZIO DIAGNOSTICA DH ONCOL.'),
(48, 91, 'CUCINA'),
(49, 94, 'PSICOLOGIA'),
(50, 95, 'SERVIZIO SOCIALE'),
(51, 96, 'SCREENING POLMONE'),
(52, 97, 'SCREENING TIROIDEO');

-- --------------------------------------------------------

--
-- Struttura della tabella `ec_slideshow`
--

CREATE TABLE IF NOT EXISTS `ec_slideshow` (
  `id` int(11) NOT NULL AUTO_INCREMENT,
  `fullname` varchar(255) NOT NULL,
  `description` text NOT NULL,
  `filename` varchar(255) NOT NULL,
  `filetype` varchar(45) NOT NULL,
  `active` int(1) NOT NULL,
  `sorting` int(11) NOT NULL,
  PRIMARY KEY (`id`)
) ENGINE=InnoDB  DEFAULT CHARSET=latin1 AUTO_INCREMENT=3 ;

--
-- Dump dei dati per la tabella `ec_slideshow`
--

INSERT INTO `ec_slideshow` (`id`, `fullname`, `description`, `filename`, `filetype`, `active`, `sorting`) VALUES
(1, 'una immagine', 'ncdjkabvfk', 'fc57c16b78a58baac2a69590e96a8263.jpg', 'image', 1, 0),
(2, 'un video', 'vfsvf', '14cd09e7032a041f3fb401f2edaeda60.mp4', 'video', 1, 1);

-- --------------------------------------------------------

--
-- Struttura della tabella `ec_status`
--

CREATE TABLE IF NOT EXISTS `ec_status` (
  `id` int(11) NOT NULL AUTO_INCREMENT,
  `nome_status` varchar(35) NOT NULL,
  PRIMARY KEY (`id`)
) ENGINE=MyISAM  DEFAULT CHARSET=utf8 AUTO_INCREMENT=8 ;

--
-- Dump dei dati per la tabella `ec_status`
--

INSERT INTO `ec_status` (`id`, `nome_status`) VALUES
(1, 'Attivo'),
(2, 'Non Attivo'),
(3, 'Stampato'),
(4, 'Chiamata'),
(5, 'Presente'),
(6, 'Assente'),
(7, 'Chiuso');

-- --------------------------------------------------------

--
-- Struttura della tabella `ec_ticket_totem`
--

CREATE TABLE IF NOT EXISTS `ec_ticket_totem` (
  `id` int(11) NOT NULL AUTO_INCREMENT,
  `id_modalita` int(11) NOT NULL,
  `data` datetime NOT NULL,
  `contatore_locale` int(11) NOT NULL,
  `contatore_globale` int(11) NOT NULL,
  `codice_ticket` varchar(36) NOT NULL,
  PRIMARY KEY (`id`),
  KEY `id_modalita` (`id_modalita`),
  KEY `contatore_locale` (`contatore_locale`),
  KEY `data` (`data`)
) ENGINE=MyISAM  DEFAULT CHARSET=utf8 AUTO_INCREMENT=10 ;

--
-- Dump dei dati per la tabella `ec_ticket_totem`
--

INSERT INTO `ec_ticket_totem` (`id`, `id_modalita`, `data`, `contatore_locale`, `contatore_globale`, `codice_ticket`) VALUES
(1, 2, '2020-05-29 11:47:38', 1, 1, 'R0001'),
(2, 1, '2020-05-29 11:47:39', 1, 2, 'A0001'),
(3, 3, '2020-05-29 11:47:40', 1, 3, 'D0001'),
(4, 4, '2020-05-29 11:47:40', 1, 4, 'I0001'),
(5, 2, '2020-05-29 11:47:41', 2, 5, 'R0002'),
(6, 1, '2020-05-29 11:47:41', 2, 6, 'A0002'),
(7, 3, '2020-05-29 11:47:42', 2, 7, 'D0002'),
(8, 1, '2020-05-29 11:49:21', 3, 8, 'A0003'),
(9, 1, '2020-05-29 11:49:21', 4, 9, 'A0004');

-- --------------------------------------------------------

--
-- Struttura della tabella `ec_totem_configurazione`
--

CREATE TABLE IF NOT EXISTS `ec_totem_configurazione` (
  `id` int(11) NOT NULL AUTO_INCREMENT,
  `codice` int(11) NOT NULL,
  `nome` varchar(45) NOT NULL,
  `modalita` int(1) NOT NULL DEFAULT '0',
  `stato` int(1) NOT NULL DEFAULT '0',
  PRIMARY KEY (`id`)
) ENGINE=InnoDB  DEFAULT CHARSET=latin1 AUTO_INCREMENT=57 ;

--
-- Dump dei dati per la tabella `ec_totem_configurazione`
--

INSERT INTO `ec_totem_configurazione` (`id`, `codice`, `nome`, `modalita`, `stato`) VALUES
(1, 1, 'Ambulatorio', 1, 1),
(2, 2, 'Ricovero', 1, 1),
(3, 3, 'Day Hospital', 1, 1),
(4, 4, 'Informazioni', 1, 1),
(5, 2, 'DAY HOSPITAL', 0, 0),
(6, 201, 'DAY SURGERY', 0, 0),
(7, 203, 'UROLOGIA D.H.', 0, 0),
(8, 204, 'ONCOEMATOLOGIA D.H.', 0, 0),
(9, 3, 'ANATOMIA PATOLOGICA', 0, 0),
(10, 5, 'ANGIOLOGIA', 0, 0),
(11, 8, 'CARDIOLOGIA', 0, 1),
(12, 120, 'IORT', 0, 0),
(13, 18, 'EMOTRASFUSIONE', 0, 0),
(14, 30, 'NEUROCHIRURGIA', 0, 0),
(15, 34, 'OCULISTICA', 0, 0),
(16, 38, 'OTORINOLARINGOIATRIA', 0, 0),
(17, 3801, 'MICROCHIRURGIA ORL', 0, 0),
(18, 43, 'UROLOGIA', 0, 0),
(19, 4301, 'LITOTRISSIA', 0, 0),
(20, 49, 'TERAPIA INTENSIVA', 0, 0),
(21, 50, 'ANESTESIA/TERAP.ANTALGICA AMB.', 0, 0),
(22, 56, 'RECUPERO E RIABILITAZIONE', 0, 0),
(23, 58, 'ENDOSCOPIA', 0, 0),
(24, 59, 'GINECOLOGIA', 0, 0),
(25, 61, 'MEDICINA NUCLEARE', 0, 0),
(26, 63, 'ECOGRAFIA', 0, 0),
(27, 631, 'ECOGRAFIA DR.RIZZO', 0, 0),
(28, 64, 'ONCOLOGIA AMBUL.', 0, 0),
(29, 6400, 'ONCOLOGIA MEDICA', 0, 0),
(30, 6401, 'CHIRURGIA ONCOLOGICA', 0, 1),
(31, 6402, 'RADIOTERAPIA', 0, 0),
(32, 6403, 'TERAPIA ANTALGICA', 0, 0),
(33, 6404, 'ONCOEMATOLOGIA', 0, 0),
(34, 6405, 'TMO', 0, 0),
(35, 6406, 'CHIRURGIA TORACICA', 0, 0),
(36, 6410, 'CHIRURGIA ONCOLOGICA AMB.', 0, 0),
(37, 6411, 'BREAST UNIT', 0, 0),
(38, 6433, 'CURE PALLIATIVE', 0, 0),
(39, 65, 'TAC', 0, 0),
(40, 66, 'ONCOEMATOLOGIA AMBULAT./REF.', 0, 0),
(41, 67, 'RMN', 0, 0),
(42, 68, 'PNEUMOLOGIA', 0, 0),
(43, 69, 'RADIOLOGIA', 0, 0),
(44, 6901, 'RADIOLOGIA INTERVENTISTICA', 0, 0),
(45, 70, 'LABORATORIO ANALISI', 0, 0),
(46, 7001, 'CITOFLUORIMETRIA', 0, 0),
(47, 75, 'DERMATOLOGIA', 0, 0),
(48, 76, 'ORTOPEDIA ONCOLOGICA', 0, 0),
(49, 90, 'AMMINISTRAZIONE', 0, 0),
(50, 901, 'AMBULATORI', 0, 0),
(51, 902, 'SERVIZIO DIAGNOSTICA DH ONCOL.', 0, 0),
(52, 91, 'CUCINA', 0, 0),
(53, 94, 'PSICOLOGIA', 0, 0),
(54, 95, 'SERVIZIO SOCIALE', 0, 0),
(55, 96, 'SCREENING POLMONE', 0, 0),
(56, 97, 'SCREENING TIROIDEO', 0, 0);

-- --------------------------------------------------------

--
-- Struttura della tabella `ec_tracking_operatore`
--

CREATE TABLE IF NOT EXISTS `ec_tracking_operatore` (
  `id` int(11) NOT NULL AUTO_INCREMENT,
  `id_operatore` int(11) NOT NULL,
  `status` int(11) NOT NULL,
  `data` date NOT NULL,
  `ora` time NOT NULL,
  PRIMARY KEY (`id`)
) ENGINE=MyISAM  DEFAULT CHARSET=utf8 AUTO_INCREMENT=3 ;

--
-- Dump dei dati per la tabella `ec_tracking_operatore`
--

INSERT INTO `ec_tracking_operatore` (`id`, `id_operatore`, `status`, `data`, `ora`) VALUES
(1, 1, 8, '2020-05-29', '11:47:26'),
(2, 1, 8, '2020-05-29', '12:47:45');

-- --------------------------------------------------------

--
-- Struttura della tabella `ec_tracking_status_ticket`
--

CREATE TABLE IF NOT EXISTS `ec_tracking_status_ticket` (
  `id` int(11) NOT NULL AUTO_INCREMENT,
  `ticket_id` int(11) NOT NULL,
  `utente_id` int(11) NOT NULL,
  `status` int(11) NOT NULL,
  `data` datetime NOT NULL,
  PRIMARY KEY (`id`)
) ENGINE=InnoDB  DEFAULT CHARSET=utf8 AUTO_INCREMENT=18 ;

--
-- Dump dei dati per la tabella `ec_tracking_status_ticket`
--

INSERT INTO `ec_tracking_status_ticket` (`id`, `ticket_id`, `utente_id`, `status`, `data`) VALUES
(1, 1, 0, 3, '2020-05-29 11:47:38'),
(2, 2, 0, 3, '2020-05-29 11:47:39'),
(3, 3, 0, 3, '2020-05-29 11:47:40'),
(4, 4, 0, 3, '2020-05-29 11:47:40'),
(5, 5, 0, 3, '2020-05-29 11:47:41'),
(6, 6, 0, 3, '2020-05-29 11:47:41'),
(7, 7, 0, 3, '2020-05-29 11:47:42'),
(8, 1, 1, 4, '2020-05-29 11:47:46'),
(9, 1, 1, 5, '2020-05-29 11:47:47'),
(10, 1, 1, 7, '2020-05-29 11:47:50'),
(11, 8, 0, 3, '2020-05-29 11:49:21'),
(12, 9, 0, 3, '2020-05-29 11:49:21'),
(13, 2, 1, 4, '2020-05-29 11:49:25'),
(14, 2, 1, 5, '2020-05-29 11:49:26'),
(15, 2, 1, 7, '2020-05-29 11:49:34'),
(16, 3, 1, 4, '2020-05-29 11:49:42'),
(17, 3, 1, 7, '2020-05-29 11:49:48');

-- --------------------------------------------------------

--
-- Struttura della tabella `ec_tracking_ticket`
--

CREATE TABLE IF NOT EXISTS `ec_tracking_ticket` (
  `id` int(11) NOT NULL AUTO_INCREMENT,
  `id_operatore` int(11) NOT NULL,
  `id_ticket` int(11) NOT NULL,
  `status` int(11) NOT NULL,
  `data` date NOT NULL,
  `ora` time NOT NULL,
  `in_carica` int(11) NOT NULL,
  PRIMARY KEY (`id`),
  KEY `id_operatore` (`id_operatore`),
  KEY `id_ticket` (`id_ticket`),
  KEY `status` (`status`),
  KEY `data` (`data`)
) ENGINE=MyISAM  DEFAULT CHARSET=utf8 AUTO_INCREMENT=10 ;

--
-- Dump dei dati per la tabella `ec_tracking_ticket`
--

INSERT INTO `ec_tracking_ticket` (`id`, `id_operatore`, `id_ticket`, `status`, `data`, `ora`, `in_carica`) VALUES
(1, 1, 1, 7, '2020-05-29', '11:47:38', 0),
(2, 1, 2, 7, '2020-05-29', '11:47:39', 0),
(3, 1, 3, 7, '2020-05-29', '11:47:40', 0),
(4, 0, 4, 3, '2020-05-29', '11:47:40', 0),
(5, 0, 5, 3, '2020-05-29', '11:47:41', 0),
(6, 0, 6, 3, '2020-05-29', '11:47:41', 0),
(7, 0, 7, 3, '2020-05-29', '11:47:42', 0),
(8, 0, 8, 3, '2020-05-29', '11:49:21', 0),
(9, 0, 9, 3, '2020-05-29', '11:49:21', 0);

-- --------------------------------------------------------

--
-- Struttura della tabella `ec_utenti_ruoli`
--

CREATE TABLE IF NOT EXISTS `ec_utenti_ruoli` (
  `id` int(11) NOT NULL AUTO_INCREMENT,
  `id_utente` int(11) NOT NULL,
  `id_ruolo` int(11) NOT NULL,
  PRIMARY KEY (`id`)
) ENGINE=InnoDB  DEFAULT CHARSET=latin1 AUTO_INCREMENT=160 ;

--
-- Dump dei dati per la tabella `ec_utenti_ruoli`
--

INSERT INTO `ec_utenti_ruoli` (`id`, `id_utente`, `id_ruolo`) VALUES
(9, 5, 5),
(10, 6, 5),
(11, 7, 5),
(12, 8, 5),
(13, 9, 5),
(14, 10, 5),
(15, 11, 5),
(16, 12, 5),
(17, 13, 5),
(18, 14, 5),
(19, 15, 5),
(20, 16, 5),
(21, 17, 5),
(22, 18, 5),
(23, 19, 5),
(24, 20, 5),
(25, 21, 5),
(26, 22, 5),
(28, 24, 5),
(29, 25, 5),
(30, 26, 5),
(31, 27, 5),
(32, 28, 5),
(33, 29, 5),
(34, 30, 5),
(35, 31, 5),
(36, 32, 5),
(37, 33, 5),
(38, 34, 5),
(39, 35, 5),
(40, 36, 5),
(41, 37, 5),
(42, 38, 5),
(43, 39, 5),
(44, 40, 5),
(45, 41, 5),
(46, 42, 5),
(47, 43, 5),
(48, 44, 5),
(49, 45, 5),
(51, 47, 5),
(52, 48, 5),
(53, 49, 5),
(54, 50, 5),
(55, 51, 5),
(56, 52, 5),
(57, 53, 5),
(58, 54, 5),
(59, 55, 5),
(60, 56, 5),
(61, 57, 5),
(62, 58, 5),
(63, 59, 5),
(64, 60, 5),
(65, 61, 5),
(66, 62, 5),
(67, 63, 5),
(68, 64, 5),
(69, 65, 5),
(70, 66, 5),
(71, 67, 5),
(72, 68, 5),
(73, 69, 5),
(74, 70, 5),
(75, 71, 5),
(76, 72, 5),
(77, 73, 5),
(78, 74, 5),
(80, 76, 5),
(81, 77, 5),
(82, 78, 5),
(83, 79, 5),
(84, 80, 5),
(85, 81, 5),
(86, 82, 5),
(87, 83, 4),
(100, 84, 6),
(101, 85, 3),
(104, 3, 3),
(105, 3, 4),
(106, 4, 3),
(111, 86, 3),
(112, 86, 4),
(113, 86, 5),
(114, 86, 6),
(118, 87, 3),
(123, 92, 3),
(124, 93, 3),
(128, 95, 4),
(131, 90, 3),
(137, 96, 4),
(140, 97, 3),
(141, 97, 4),
(142, 94, 3),
(143, 98, 4),
(144, 99, 4),
(146, 100, 5),
(147, 23, 5),
(148, 75, 5),
(150, 46, 5),
(152, 91, 3),
(153, 89, 3),
(154, 88, 3),
(157, 101, 3),
(158, 1, 1),
(159, 1, 3);

-- --------------------------------------------------------

--
-- Struttura della tabella `ec_video`
--

CREATE TABLE IF NOT EXISTS `ec_video` (
  `id` int(11) NOT NULL AUTO_INCREMENT,
  `titolo` varchar(255) NOT NULL,
  `descrizione` text NOT NULL,
  `orario` time NOT NULL,
  `tipologia` varchar(36) NOT NULL,
  PRIMARY KEY (`id`)
) ENGINE=MyISAM DEFAULT CHARSET=utf8 AUTO_INCREMENT=1 ;

-- --------------------------------------------------------

--
-- Struttura stand-in per le viste `flusso ambulatorio`
--
CREATE TABLE IF NOT EXISTS `flusso ambulatorio` (
`IdPrestazione` int(11)
,`IdModalita` varchar(50)
,`Data` varchar(10)
,`IdInfermiere` bigint(11)
,`IdMedico` bigint(11)
,`Accettato` time
,`Chiamato` time
,`InizioPrestazione` time
,`FinePrestazione` time
);
-- --------------------------------------------------------

--
-- Struttura stand-in per le viste `flusso dh`
--
CREATE TABLE IF NOT EXISTS `flusso dh` (
`IdPrestazione` int(11)
,`IdModalita` varchar(50)
,`Data` varchar(10)
,`IdInfermiere` bigint(11)
,`IdMedico` bigint(11)
,`InizioPrelievo` time
,`FinePrelievo` time
,`InizioPrestazione` time
,`FinePrestazione` time
);
-- --------------------------------------------------------

--
-- Struttura stand-in per le viste `flusso dh completo`
--
CREATE TABLE IF NOT EXISTS `flusso dh completo` (
`IdPrestazione` int(11)
,`IdTicket` int(11)
,`IdModalita` varchar(50)
,`Data` varchar(10)
,`IdOperatore` bigint(11)
,`Prelevato` datetime
,`Chiamato` datetime
,`Presente` datetime
,`Assente` datetime
,`IdInfermiere` bigint(11)
,`IdMedico` bigint(11)
,`InizioPrelievo` time
,`FinePrelievo` time
,`InizioPrestazione` time
,`FinePrestazione` time
);
-- --------------------------------------------------------

--
-- Struttura stand-in per le viste `flusso ricovero`
--
CREATE TABLE IF NOT EXISTS `flusso ricovero` (
`IdRicovero` int(11)
,`IdModalita` varchar(50)
,`Data` varchar(10)
,`IdInfermiere` bigint(11)
,`Accettato` time
,`Chiamato` time
,`InizioRicovero` time
,`FineRicovero` time
);
-- --------------------------------------------------------

--
-- Struttura stand-in per le viste `flusso ticket`
--
CREATE TABLE IF NOT EXISTS `flusso ticket` (
`IdTicket` int(11)
,`IdModalita` int(11)
,`Data` varchar(10)
,`IdOperatore` bigint(11)
,`Prelevato` datetime
,`Chiamato` datetime
,`Presente` datetime
,`Assente` datetime
,`Accettato` datetime
);
-- --------------------------------------------------------

--
-- Struttura per la vista `flusso ambulatorio`
--

CREATE ALGORITHM=UNDEFINED DEFINER=`root`@`localhost` SQL SECURITY DEFINER VIEW `flusso ambulatorio` AS select `pa`.`id` AS `IdPrestazione`,`pa`.`modalita` AS `IdModalita`,date_format(`pa`.`data`,'%Y-%m-%d') AS `Data`,max((case when (`pa`.`id_infermiere` > 0) then `pa`.`id_infermiere` end)) AS `IdInfermiere`,max((case when (`pa`.`id_medico` > 0) then `pa`.`id_medico` end)) AS `IdMedico`,`acc`.`ora_accettazione` AS `Accettato`,`pa`.`ora_presa_carico` AS `Chiamato`,`pa`.`inizio_prestazione` AS `InizioPrestazione`,`pa`.`fine_prestazione` AS `FinePrestazione` from (`ec_prestazione_ambulatorio` `pa` join `ec_accettazione` `acc` on((`acc`.`id` = `pa`.`id_accettazione`))) group by `pa`.`id`;

-- --------------------------------------------------------

--
-- Struttura per la vista `flusso dh`
--

CREATE ALGORITHM=UNDEFINED DEFINER=`root`@`localhost` SQL SECURITY DEFINER VIEW `flusso dh` AS select `pd`.`id` AS `IdPrestazione`,`pd`.`modalita` AS `IdModalita`,date_format(`pd`.`data`,'%Y-%m-%d') AS `Data`,max((case when (`pd`.`id_infermiere` > 0) then `pd`.`id_infermiere` end)) AS `IdInfermiere`,max((case when (`pd`.`id_medico` > 0) then `pd`.`id_medico` end)) AS `IdMedico`,`pd`.`inizio_prelievo` AS `InizioPrelievo`,`pd`.`fine_prelievo` AS `FinePrelievo`,`pd`.`inizio_prestazione` AS `InizioPrestazione`,`pd`.`fine_prestazione` AS `FinePrestazione` from (`ec_prestazione_day_hospital` `pd` join `ec_accettazione` `acc` on((`acc`.`id` = `pd`.`id_accettazione`))) group by `pd`.`id`;

-- --------------------------------------------------------

--
-- Struttura per la vista `flusso dh completo`
--

CREATE ALGORITHM=UNDEFINED DEFINER=`root`@`localhost` SQL SECURITY DEFINER VIEW `flusso dh completo` AS select `pd`.`id` AS `IdPrestazione`,`t`.`ticket_id` AS `IdTicket`,`pd`.`modalita` AS `IdModalita`,date_format(`pd`.`data`,'%Y-%m-%d') AS `Data`,max((case when (`t`.`utente_id` > 0) then `t`.`utente_id` end)) AS `IdOperatore`,max((case when (`t`.`status` = 3) then `t`.`data` end)) AS `Prelevato`,max((case when (`t`.`status` = 4) then `t`.`data` end)) AS `Chiamato`,max((case when (`t`.`status` = 7) then `t`.`data` end)) AS `Presente`,max((case when (`t`.`status` = 6) then `t`.`data` end)) AS `Assente`,max((case when (`pd`.`id_infermiere` > 0) then `pd`.`id_infermiere` end)) AS `IdInfermiere`,max((case when (`pd`.`id_medico` > 0) then `pd`.`id_medico` end)) AS `IdMedico`,`pd`.`inizio_prelievo` AS `InizioPrelievo`,`pd`.`fine_prelievo` AS `FinePrelievo`,`pd`.`inizio_prestazione` AS `InizioPrestazione`,`pd`.`fine_prestazione` AS `FinePrestazione` from (((`ec_tracking_status_ticket` `t` join `ec_ticket_totem` `tt` on((`t`.`ticket_id` = `tt`.`id`))) join `ec_accettazione` `acc` on((`tt`.`id` = `acc`.`id_totem`))) join `ec_prestazione_day_hospital` `pd` on((`pd`.`id` = `acc`.`id_prestazione`))) where (`tt`.`id_modalita` = 3) group by `pd`.`id`;

-- --------------------------------------------------------

--
-- Struttura per la vista `flusso ricovero`
--

CREATE ALGORITHM=UNDEFINED DEFINER=`root`@`localhost` SQL SECURITY DEFINER VIEW `flusso ricovero` AS select `pr`.`id` AS `IdRicovero`,`pr`.`modalita` AS `IdModalita`,date_format(`pr`.`data`,'%Y-%m-%d') AS `Data`,max((case when (`pr`.`id_infermiere` > 0) then `pr`.`id_infermiere` end)) AS `IdInfermiere`,`acc`.`ora_accettazione` AS `Accettato`,`pr`.`ora_presa_carico` AS `Chiamato`,`pr`.`inizio_prestazione` AS `InizioRicovero`,`pr`.`fine_prestazione` AS `FineRicovero` from (`ec_prestazione_ricovero` `pr` join `ec_accettazione` `acc` on((`acc`.`id` = `pr`.`id_accettazione`))) group by `pr`.`id`;

-- --------------------------------------------------------

--
-- Struttura per la vista `flusso ticket`
--

CREATE ALGORITHM=UNDEFINED DEFINER=`root`@`localhost` SQL SECURITY DEFINER VIEW `flusso ticket` AS select `t`.`ticket_id` AS `IdTicket`,`tt`.`id_modalita` AS `IdModalita`,date_format(`t`.`data`,'%Y-%m-%d') AS `Data`,max((case when (`t`.`utente_id` > 0) then `t`.`utente_id` end)) AS `IdOperatore`,max((case when (`t`.`status` = 3) then `t`.`data` end)) AS `Prelevato`,max((case when (`t`.`status` = 4) then `t`.`data` end)) AS `Chiamato`,max((case when (`t`.`status` = 5) then `t`.`data` end)) AS `Presente`,max((case when (`t`.`status` = 6) then `t`.`data` end)) AS `Assente`,max((case when (`t`.`status` = 7) then `t`.`data` end)) AS `Accettato` from (`ec_tracking_status_ticket` `t` join `ec_ticket_totem` `tt` on((`t`.`ticket_id` = `tt`.`id`))) group by `t`.`ticket_id`;

