-- http://www.phpmyadmin.net
--
-- Creato il: Lug 31, 2017 alle 18:08
-- Versione del server: 5.5.42
-- Versione PHP: 5.5.26




--
-- Database: `eliminacode-rem`
--

-- --------------------------------------------------------

--
-- Struttura della tabella `ec_accettazione`
--

CREATE TABLE `ec_accettazione` (
  `id` int(11) NOT NULL,
  `id_totem` int(11) NOT NULL COMMENT 'id del totem',
  `id_prenotazione` int(11) NOT NULL,
  `id_operatore` int(11) NOT NULL,
  `id_prestazione` int(11) DEFAULT NULL,
  `id_modalita` int(11) NOT NULL,
  `id_servizio` int(11) DEFAULT NULL,
  `id_medico` int(11) DEFAULT NULL,
  `id_agenda` int(11) DEFAULT NULL,
  `data_inserimento` date NOT NULL,
  `ora_accettazione` time NOT NULL,
  `nome_paziente` varchar(45) NOT NULL,
  `data_nascita` date DEFAULT NULL
) ENGINE=MyISAM DEFAULT CHARSET=utf8;

-- --------------------------------------------------------

--
-- Struttura della tabella `ec_agenda_servizi_giornaliera`
--

CREATE TABLE `ec_agenda_servizi_giornaliera` (
  `id` int(11) NOT NULL,
  `id_agenda_HTSAN` int(11) NOT NULL,
  `nome_agenda` varchar(45) DEFAULT NULL,
  `id_medico` int(11) DEFAULT NULL,
  `nome_medico` varchar(35) DEFAULT NULL,
  `id_servizio` int(11) DEFAULT NULL,
  `nome_servizio` varchar(35) DEFAULT NULL,
  `id_modalita` int(11) DEFAULT NULL,
  `data` date DEFAULT NULL,
  `ora_inizio` time DEFAULT NULL,
  `ora_fine` time DEFAULT NULL,
  `prenotati` int(2) DEFAULT NULL,
  `liberi` int(2) DEFAULT NULL
) ENGINE=InnoDB AUTO_INCREMENT=36 DEFAULT CHARSET=utf8;

--
-- Dump dei dati per la tabella `ec_agenda_servizi_giornaliera`
--

INSERT INTO `ec_agenda_servizi_giornaliera` (`id`, `id_agenda_HTSAN`, `nome_agenda`, `id_medico`, `nome_medico`, `id_servizio`, `nome_servizio`, `id_modalita`, `data`, `ora_inizio`, `ora_fine`, `prenotati`, `liberi`) VALUES
(30, 1, 'Di Grazia (inizi/controlli)', 7, 'Alfio Michelangelo Di Grazia', 24, 'Radioterapia', 1, '2017-07-31', '08:30:00', '19:30:00', NULL, NULL),
(31, 12, 'PET ONCOLOGICHE REM', 3, 'Luigi Castorina', 7, 'Medicina Nucleare', 2, '2017-07-31', '08:20:00', '20:00:00', NULL, NULL),
(32, 3, 'UMINA VINCENZA', 700, 'Vincenza Umina', 24, 'Radioterapia', 1, '2017-07-31', '10:30:00', '20:30:00', NULL, NULL),
(33, 1000, 'Centraggi', 0, '0', 0, 'Radioterapia', 1, '2017-07-31', '08:00:00', '20:00:00', 0, 0),
(34, 1001, 'CICLI 1', 0, '', NULL, 'Cicli Radioterapici', 3, '2017-07-31', '08:00:00', '20:00:00', NULL, NULL),
(35, 1002, 'CICLI 2', 0, '', NULL, 'Cicli Radioterapici', 3, '2017-07-31', '08:00:00', '20:00:00', NULL, NULL);

-- --------------------------------------------------------

--
-- Struttura della tabella `ec_agende`
--

CREATE TABLE `ec_agende` (
  `id` int(11) NOT NULL,
  `id_agenda_HTSAN` int(11) NOT NULL,
  `nome_agenda` varchar(45) DEFAULT NULL,
  `id_servizio` int(11) DEFAULT NULL,
  `nome_servizio` varchar(45) DEFAULT NULL,
  `id_medico` int(11) DEFAULT NULL,
  `nome_medico` varchar(45) DEFAULT NULL,
  `tipo` varchar(16) DEFAULT NULL,
  `id_modalita` int(11) NOT NULL,
  `stato` int(3) DEFAULT NULL,
  `condivisione` int(11) NOT NULL COMMENT 'indica se l''agenda non va condivisa(0), se va condivisa solo con i medici di radioterapia(1) o se va condivisa con i medici e con i tecnici di radioterapia(2). va co',
  `attiva_da` date DEFAULT NULL,
  `attiva_fino_a` date DEFAULT NULL,
  `etichetta_ticket` varchar(3) DEFAULT NULL
) ENGINE=InnoDB AUTO_INCREMENT=33 DEFAULT CHARSET=utf8;

--
-- Dump dei dati per la tabella `ec_agende`
--

INSERT INTO `ec_agende` (`id`, `id_agenda_HTSAN`, `nome_agenda`, `id_servizio`, `nome_servizio`, `id_medico`, `nome_medico`, `tipo`, `id_modalita`, `stato`, `condivisione`, `attiva_da`, `attiva_fino_a`, `etichetta_ticket`) VALUES
(9, 3, 'Umina Vincenza', NULL, 'RADIOTERAPIA', 700, 'UMINA VINCENZA', 'AMBULATORIO', 1, 1, 0, '2017-02-23', NULL, 'VU'),
(10, 12, 'PET Oncologiche REM', NULL, 'MEDICINA NUCLEARE', 3, 'CASTORINA LUIGI', 'AMBULATORIO', 2, 1, 0, NULL, NULL, 'PE'),
(12, 22, 'Miocardiche Basali', NULL, 'MEDICINA NUCLEARE', 3, 'CASTORINA LUIGI', 'AMBULATORIO', 1, 1, 0, NULL, NULL, 'MI'),
(13, 1, 'Di Grazia (inizi controlli)', NULL, 'RADIOTERAPIA', 7, 'DI GRAZIA ALFIO', 'AMBULATORIO', 1, 1, 0, NULL, NULL, 'VD'),
(15, 4, 'Controlli Post RT', NULL, 'RADIOTERAPIA', 0, '', 'AMBULATORIO', 1, 1, 0, NULL, NULL, 'CO'),
(16, 8, 'I visite dott. Bordonaro', NULL, 'RADIOTERAPIA', 737, 'BORDONARO LUIGI', 'AMBULATORIO', 1, 0, 0, NULL, NULL, 'VB'),
(17, 2, 'Di Grazia (visite)', NULL, 'RADIOTERAPIA', 7, 'DI GRAZIA ALFIO', 'AMBULATORIO', 1, 1, 0, NULL, NULL, 'VD'),
(18, 24, 'Scintigrafie - altro', NULL, 'MEDICINA NUCLEARE', 3, 'CASTORINA LUIGI', 'AMBULATORIO', 2, 1, 0, NULL, NULL, 'SC'),
(20, 11, 'PET Colina', NULL, 'MEDICINA NUCLEARE', 3, 'CASTORINA LUIGI', 'AMBULATORIO', 2, 1, 0, NULL, NULL, 'PC'),
(21, 33, 'Marino Lorenza', NULL, 'RADIOTERAPIA', 14, 'LORENZA MARINO', 'AMBULATORIO', 1, 1, 0, NULL, NULL, 'VM'),
(29, 1000, 'Centraggi (Siemens Somatom)', 0, 'RADIOTERAPIA', 0, '', '', 1, 1, 1, NULL, NULL, 'CE'),
(30, 21, 'Scintigrafie Ossee', 0, 'MEDICINA NUCLEARE', 3, 'LUIGI CASTORINA', '', 2, 1, 0, NULL, NULL, 'OS'),
(31, 1001, 'Cicli 1 (Trilogy6169)', NULL, 'CICLI RADIOTERAPICI', 0, NULL, '', 3, 1, 2, NULL, NULL, 'CR'),
(32, 1002, 'Cicli 2 (TrueBeamSN2088)', NULL, 'CICLI RADIOTERAPICI', 0, NULL, '', 3, 1, 2, NULL, NULL, 'CR');

-- --------------------------------------------------------

--
-- Struttura della tabella `ec_display`
--

CREATE TABLE `ec_display` (
  `id` int(11) NOT NULL,
  `logo` varchar(100) NOT NULL,
  `info` text NOT NULL,
  `organigramma` text NOT NULL,
  `id_meteo` int(11) NOT NULL
) ENGINE=MyISAM DEFAULT CHARSET=utf8;

-- --------------------------------------------------------

--
-- Struttura della tabella `ec_feed`
--

CREATE TABLE `ec_feed` (
  `id` int(11) NOT NULL,
  `titolo` varchar(255) NOT NULL,
  `intervallo` int(11) NOT NULL,
  `url` varchar(255) NOT NULL,
  `categoria` varchar(255) NOT NULL,
  `blocco_entrata` int(11) NOT NULL
) ENGINE=MyISAM DEFAULT CHARSET=utf8;

-- --------------------------------------------------------

--
-- Struttura della tabella `ec_immagini`
--

CREATE TABLE `ec_immagini` (
  `id` int(11) NOT NULL,
  `titolo` varchar(255) NOT NULL,
  `descrizione` text NOT NULL
) ENGINE=MyISAM DEFAULT CHARSET=utf8;

-- --------------------------------------------------------

--
-- Struttura della tabella `ec_modalita`
--

CREATE TABLE `ec_modalita` (
  `id` int(11) NOT NULL,
  `codice` varchar(50) NOT NULL,
  `ordine` int(11) NOT NULL,
  `nome` varchar(50) NOT NULL,
  `creato_da` int(11) NOT NULL,
  `modificato_da` int(11) NOT NULL,
  `data_creazione` datetime NOT NULL,
  `data_modifica` datetime NOT NULL,
  `eliminato` int(11) NOT NULL,
  `etichetta_ticket` varchar(3) DEFAULT NULL
) ENGINE=MyISAM AUTO_INCREMENT=8 DEFAULT CHARSET=utf8;

--
-- Dump dei dati per la tabella `ec_modalita`
--

INSERT INTO `ec_modalita` (`id`, `codice`, `ordine`, `nome`, `creato_da`, `modificato_da`, `data_creazione`, `data_modifica`, `eliminato`, `etichetta_ticket`) VALUES
(3, '03', 2, 'Cicli Radioterapici', 0, 0, '0000-00-00 00:00:00', '0000-00-00 00:00:00', 0, 'CR'),
(2, '02', 3, 'M. Nucleare', 0, 0, '0000-00-00 00:00:00', '0000-00-00 00:00:00', 0, 'MN'),
(1, '01', 1, 'Radioterapia', 0, 0, '0000-00-00 00:00:00', '0000-00-00 00:00:00', 0, 'RT'),
(4, '04', 4, 'Informazioni', 0, 0, '0000-00-00 00:00:00', '0000-00-00 00:00:00', 0, 'I');

-- --------------------------------------------------------

--
-- Struttura della tabella `ec_news`
--

CREATE TABLE `ec_news` (
  `id` int(11) NOT NULL,
  `titolo` varchar(255) NOT NULL,
  `data` datetime NOT NULL,
  `descrizione` text NOT NULL,
  `creato_da` int(11) NOT NULL,
  `modificato_da` int(11) NOT NULL,
  `data_creazione` datetime NOT NULL,
  `data_modifica` datetime NOT NULL,
  `eliminato` int(2) NOT NULL DEFAULT '0'
) ENGINE=MyISAM AUTO_INCREMENT=15 DEFAULT CHARSET=utf8;

--
-- Dump dei dati per la tabella `ec_news`
--

INSERT INTO `ec_news` (`id`, `titolo`, `data`, `descrizione`, `creato_da`, `modificato_da`, `data_creazione`, `data_modifica`, `eliminato`) VALUES
(11, 'Notizia 1', '2014-08-01 18:34:12', 'Martedì di sangue a Gerusalemme, dove questa mattina quattro israeliani sono stati uccisi e altri otto sono rimasti feriti nel corso di un attentato condotto da due palestinesi - armati di una scure, un coltello e un''arma da fuoco - in un complesso religioso', 84, 84, '2014-08-01 18:34:22', '2014-11-18 12:47:22', 0),
(12, 'Notizia 2', '2014-11-05 13:13:00', 'Il Sole 24 Ore\r\n	\r\nIl flop dell''Abenomics spinge il Giappone alle elezioni anticipate\r\nIl Sole 24 Ore	 - â39 minuti faâ	\r\n\r\nIl premier giapponese Shinzo Abe ha annunciato la decisione di sciogliere la Camera Bassa il prossimo 21 novembre in vista di elezioni politiche anticipate che si svolgeranno entro la fine dell''anno. Abe ha anche comunicato che rinvierà di 18 mesi ...', 84, 84, '2014-11-18 12:54:41', '2014-11-18 13:10:52', 0),
(13, 'Notizia 3', '2015-01-13 14:00:00', 'Sgombero di due centri sociali, scontri a Milano\r\nIl Secolo XIX	 - â11 minuti faâ	\r\n	\r\nMilano - Cariche delle forze dell''ordine e lancio di fumogeni, stamani, a Milano, nel corso di uno sgombero di due centri sociali adiacenti, in via Ravenna e via Pomposa, nella zona sud della città. Gli agenti hanno anche lanciato lacrimogeni, gli antagonisti ...', 84, 0, '2014-11-18 12:55:03', '0000-00-00 00:00:00', 0),
(14, 'News 1', '2015-07-14 17:43:00', 'cdns fvfdvf', 87, 87, '2015-07-10 17:43:41', '2015-07-10 17:43:49', 1);

-- --------------------------------------------------------

--
-- Struttura della tabella `ec_organigramma`
--

CREATE TABLE `ec_organigramma` (
  `id` int(11) NOT NULL,
  `descrizione` varchar(500) NOT NULL,
  `creato_da` int(11) NOT NULL,
  `modificato_da` int(11) NOT NULL,
  `data_creazione` datetime NOT NULL,
  `data_modifica` datetime NOT NULL,
  `eliminato` int(2) NOT NULL DEFAULT '0'
) ENGINE=InnoDB AUTO_INCREMENT=3 DEFAULT CHARSET=latin1;

--
-- Dump dei dati per la tabella `ec_organigramma`
--

INSERT INTO `ec_organigramma` (`id`, `descrizione`, `creato_da`, `modificato_da`, `data_creazione`, `data_modifica`, `eliminato`) VALUES
(2, 'fjkberkjrbkejbvkv\r\nv jvb djkvbdjkb\r\nvdf vkfdbv ksjb', 84, 0, '2014-08-01 18:35:30', '0000-00-00 00:00:00', 0);

-- --------------------------------------------------------

--
-- Struttura della tabella `ec_prenotazioni_dh_ambulatori`
--

CREATE TABLE `ec_prenotazioni_dh_ambulatori` (
  `id` int(11) NOT NULL,
  `data` date DEFAULT NULL,
  `ora` time DEFAULT NULL,
  `nome_paziente` varchar(45) DEFAULT NULL,
  `data_nascita` date DEFAULT NULL,
  `id_agenda` int(11) DEFAULT NULL,
  `nome_agenda` varchar(35) DEFAULT NULL,
  `fuorilista` int(11) DEFAULT '0',
  `accettato` int(2) DEFAULT NULL
) ENGINE=InnoDB AUTO_INCREMENT=56 DEFAULT CHARSET=utf8;

--
-- Dump dei dati per la tabella `ec_prenotazioni_dh_ambulatori`
--

INSERT INTO `ec_prenotazioni_dh_ambulatori` (`id`, `data`, `ora`, `nome_paziente`, `data_nascita`, `id_agenda`, `nome_agenda`, `fuorilista`, `accettato`) VALUES
(4, '2017-07-31', '08:20:00', 'Paziente 1', NULL, 12, 'PET ONCOLOGICHE REM', 0, 0),
(5, '2017-07-31', '08:40:00', 'Paziente 2', NULL, 12, 'PET ONCOLOGICHE REM', 0, 0),
(6, '2017-07-31', '09:00:00', 'Paziente 3', NULL, 12, 'PET ONCOLOGICHE REM', 0, 0),
(7, '2017-07-31', '09:20:00', 'Paziente 4', NULL, 12, 'PET ONCOLOGICHE REM', 0, 0),
(8, '2017-07-31', '10:00:00', 'Paziente 5', NULL, 12, 'PET ONCOLOGICHE REM', 0, 0),
(9, '2017-07-31', '10:20:00', 'Paziente 6', NULL, 12, 'PET ONCOLOGICHE REM', 0, 0),
(10, '2017-07-31', '10:30:00', 'Paziente 7', NULL, 1, 'DI GRAZIA (inizi coNtrolli)', 0, 0),
(11, '2017-07-31', '10:40:00', 'Paziente 8', NULL, 12, 'PET ONCOLOGICHE REM', 0, 0),
(12, '2017-07-31', '15:00:00', 'Paziente 9', NULL, 3, 'UMINA VINCENZA', 0, 0),
(13, '2017-07-31', '15:30:00', 'Paziente 10', NULL, 3, 'UMINA VINCENZA', 0, 0),
(14, '2017-07-31', '16:00:00', 'Paziente 11', NULL, 3, 'UMINA VINCENZA', 0, 0),
(15, '2017-07-31', '16:30:00', 'Paziente 12', NULL, 3, 'UMINA VINCENZA', 0, 0),
(16, '2017-07-31', '08:00:00', 'Paziente 13', NULL, 1001, 'CICLI 1', 0, 0),
(17, '2017-07-31', '08:40:00', 'Paziente 14', NULL, 1001, 'CICLI 1', 0, 0),
(18, '2017-07-31', '09:00:00', 'Paziente 15', NULL, 1001, 'CICLI 1', 0, 0),
(19, '2017-07-31', '08:40:00', 'Paziente 16', NULL, 1002, 'CICLI 2', 0, 0),
(20, '2017-07-31', '09:00:00', 'Paziente 17', NULL, 1002, 'CICLI 2', 0, 0),
(21, '2017-07-31', '09:20:00', 'Paziente 18', NULL, 1002, 'CICLI 2', 0, 0),
(22, '2017-07-31', '09:40:00', 'Paziente 19', NULL, 1002, 'CICLI 2', 0, 0),
(50, '2017-07-31', '09:00:00', 'Centraggi 1', NULL, 1000, 'Centraggi', 0, 0),
(51, '2017-07-31', '09:30:00', 'Centraggi 2', NULL, 1000, 'Centraggi', 0, 0),
(52, '2017-07-31', '10:00:00', 'Centraggi 3', NULL, 1000, 'Centraggi', 0, 0),
(53, '2017-07-31', '10:30:00', 'Centraggi 4', NULL, 1000, 'Centraggi', 0, 0),
(54, '2017-07-31', '11:00:00', 'Centraggi 5', NULL, 1000, 'Centraggi', 0, 0),
(55, '2017-07-31', '11:30:00', 'Centraggi 6', NULL, 1000, 'Centraggi', 0, 0);

-- --------------------------------------------------------

--
-- Struttura della tabella `ec_prenotazioni_ricoveri`
--

CREATE TABLE `ec_prenotazioni_ricoveri` (
  `id` int(11) NOT NULL,
  `data` date DEFAULT NULL,
  `ora` time DEFAULT NULL,
  `nome_paziente` varchar(45) DEFAULT NULL,
  `data_nascita` date DEFAULT NULL,
  `regime` varchar(35) DEFAULT NULL,
  `reparto` varchar(35) DEFAULT NULL,
  `id_medico` int(11) DEFAULT NULL,
  `fuorilista` int(11) DEFAULT '0',
  `accettato` varchar(2) DEFAULT NULL
) ENGINE=InnoDB AUTO_INCREMENT=28 DEFAULT CHARSET=utf8;

--
-- Dump dei dati per la tabella `ec_prenotazioni_ricoveri`
--

INSERT INTO `ec_prenotazioni_ricoveri` (`id`, `data`, `ora`, `nome_paziente`, `data_nascita`, `regime`, `reparto`, `id_medico`, `fuorilista`, `accettato`) VALUES
(1, '2017-07-31', '08:00:00', 'CUSIMANO ROBERTO', '1952-04-09', '1', '43  ', NULL, 0, '0'),
(2, '2017-07-31', '11:00:00', 'CICERO PAOLA', '1976-10-07', '3', '6400', NULL, 0, NULL),
(3, '2017-07-31', '12:00:00', 'GULISANO MARIA', '1958-11-02', '3', '02  ', NULL, 0, NULL),
(4, '2017-07-31', '00:00:00', 'RICCIOLI MARIA DONATA', '1965-01-27', '3', '6401', NULL, 0, '0'),
(5, '2017-07-31', '08:30:00', 'COPPOLA ALFIO', '1937-05-24', '3', '43  ', NULL, 0, '0'),
(6, '2017-07-31', '08:30:00', 'FRAZZETTO GAETANO', '1935-01-02', '3', '43  ', NULL, 0, '0'),
(7, '2017-07-31', '09:00:00', 'SORBELLO ANNA ROSARIA GIUSEPPINA', '1964-08-26', '1', '6404', NULL, 0, '0'),
(8, '2017-07-31', '09:00:00', 'TORRESINO AGATA', '1937-11-11', '1', '6400', NULL, 0, '0'),
(9, '2017-07-31', '11:00:00', 'CELESTE CARMELA DONATELLA', '1960-07-17', '3', '6400', NULL, 0, NULL),
(10, '2017-07-31', '11:00:00', 'SCALIA ANGELO', '1946-07-23', '3', '02  ', NULL, 0, NULL),
(11, '2017-07-31', '09:00:00', 'MAUGERI ANGELA', '1933-03-01', '1', '6433', NULL, 0, NULL),
(12, '2017-07-31', '11:00:00', 'LAZZAROTTI MATTEO', '1959-06-12', '3', '02  ', NULL, 0, NULL),
(13, '2017-07-31', '08:00:00', 'CANNILLA VINCENZO', '1948-01-15', '3', '43  ', NULL, 0, NULL),
(14, '2017-07-31', '09:00:00', 'VIGO MARCELLO', '1941-11-12', '3', '6404', NULL, 0, NULL),
(15, '2017-07-31', '08:30:00', 'ROMA FABIO', '1993-06-21', '1', '6400', NULL, 0, NULL),
(16, '2017-07-31', '08:00:00', 'CARPINTERI CLAUDIO', '1966-08-02', '1', '43  ', NULL, 0, '0'),
(17, '2017-07-31', '09:00:00', 'LEONARDI ROSARIA', '1932-02-24', '1', '6433', NULL, 0, NULL),
(18, '2017-07-31', '08:00:00', 'ZAMMATARO SANTO', '1957-04-11', '2', '0201', NULL, 0, '0'),
(19, '2017-07-31', '07:30:00', 'NASISI CARMELO', '1938-05-07', '3', '6401', NULL, 0, '0'),
(20, '2017-07-31', '09:00:00', 'FARINATO ROSARIA', '1951-02-20', '1', '6400', NULL, 0, NULL),
(21, '2017-07-31', '00:00:00', 'MASSIMIANI RITA CARMELA', '1954-04-30', '1', '6401', NULL, 0, '0'),
(22, '2017-07-31', '15:00:00', 'ZAPPALA'' GIUSEPPA', '1947-06-27', '1', '6401', NULL, 0, NULL),
(23, '2017-07-31', '08:00:00', 'MAIORELLI ANNA', '1943-01-20', '1', '6406', NULL, 0, '0'),
(24, '2017-07-31', '08:00:00', 'GANCI CAMILLO', '1941-01-15', '1', '6406', NULL, 0, '0'),
(25, '2017-07-31', '08:00:00', 'SPAMPINATO ROSARIO', '1938-11-21', '2', '0201', NULL, 0, '0'),
(26, '2017-07-31', '08:00:00', 'FINOCCHIARO BIAGIO', '1939-10-01', '1', '6406', NULL, 0, NULL),
(27, '2017-07-31', '08:00:00', 'GARFI GIANFRANCA', '1948-08-29', '1', '6406', NULL, 0, '0');

-- --------------------------------------------------------

--
-- Struttura della tabella `ec_prestazione_ambulatorio`
--

CREATE TABLE `ec_prestazione_ambulatorio` (
  `id` int(11) NOT NULL,
  `id_accettazione` int(11) NOT NULL,
  `codice_agenda` int(11) DEFAULT NULL,
  `id_infermiere` int(11) NOT NULL,
  `id_medico` int(11) DEFAULT NULL,
  `id_utente` int(11) NOT NULL,
  `cod_prestazione` int(11) NOT NULL,
  `status` int(11) NOT NULL,
  `data` date NOT NULL,
  `inizio_prestazione` time DEFAULT NULL,
  `fine_prestazione` time DEFAULT NULL,
  `ora_presa_carico` time DEFAULT NULL,
  `modalita` varchar(50) NOT NULL
) ENGINE=MyISAM DEFAULT CHARSET=utf8;

-- --------------------------------------------------------

--
-- Struttura della tabella `ec_prestazione_day_hospital`
--

CREATE TABLE `ec_prestazione_day_hospital` (
  `id` int(11) NOT NULL,
  `id_accettazione` int(11) NOT NULL,
  `id_infermiere` int(11) NOT NULL,
  `id_medico` int(11) NOT NULL,
  `data` date NOT NULL,
  `inizio_prelievo` time NOT NULL,
  `fine_prelievo` time NOT NULL,
  `status` int(11) NOT NULL,
  `cod_prestazione` int(11) DEFAULT NULL,
  `inizio_prestazione` time NOT NULL,
  `fine_prestazione` time NOT NULL,
  `ora_presa_carico` time NOT NULL,
  `modalita` varchar(50) NOT NULL
) ENGINE=InnoDB DEFAULT CHARSET=utf8;

-- --------------------------------------------------------

--
-- Struttura della tabella `ec_prestazione_ricovero`
--

CREATE TABLE `ec_prestazione_ricovero` (
  `id` int(11) NOT NULL,
  `id_accettazione` int(11) NOT NULL,
  `id_infermiere` int(11) NOT NULL,
  `cod_prestazione` int(11) NOT NULL,
  `status` int(11) NOT NULL,
  `data` date NOT NULL,
  `inizio_prestazione` time DEFAULT NULL,
  `fine_prestazione` time DEFAULT NULL,
  `ora_presa_carico` time DEFAULT NULL,
  `modalita` varchar(50) NOT NULL
) ENGINE=MyISAM DEFAULT CHARSET=utf8;

-- --------------------------------------------------------

--
-- Struttura della tabella `ec_programma_agenda`
--

CREATE TABLE `ec_programma_agenda` (
  `id` int(11) NOT NULL,
  `giorno` varchar(35) NOT NULL,
  `am_inizio` time NOT NULL,
  `am_fine` time NOT NULL,
  `am_freq` int(11) NOT NULL,
  `pm_inizio` time NOT NULL,
  `pm_fine` time NOT NULL,
  `pm_freq` int(11) NOT NULL
) ENGINE=MyISAM DEFAULT CHARSET=utf8;

-- --------------------------------------------------------

--
-- Struttura della tabella `ec_programma_modalita`
--

CREATE TABLE `ec_programma_modalita` (
  `id` int(11) NOT NULL,
  `id_utente` int(11) NOT NULL,
  `id_modalita` int(11) NOT NULL,
  `data_inizio` datetime NOT NULL,
  `data_fine` datetime NOT NULL,
  `creato_da` int(11) NOT NULL,
  `modificato_da` int(11) NOT NULL,
  `data_creazione` datetime NOT NULL,
  `data_modifica` datetime NOT NULL,
  `eliminato` int(11) NOT NULL
) ENGINE=MyISAM AUTO_INCREMENT=42 DEFAULT CHARSET=utf8;

--
-- Dump dei dati per la tabella `ec_programma_modalita`
--

INSERT INTO `ec_programma_modalita` (`id`, `id_utente`, `id_modalita`, `data_inizio`, `data_fine`, `creato_da`, `modificato_da`, `data_creazione`, `data_modifica`, `eliminato`) VALUES
(16, 3, 4, '2014-10-26 16:28:00', '2016-09-16 15:02:00', 0, 1, '0000-00-00 00:00:00', '2015-09-01 15:02:41', 0),
(14, 3, 1, '2014-10-15 16:28:00', '2016-09-23 15:02:00', 0, 1, '0000-00-00 00:00:00', '2015-09-01 15:02:52', 0),
(15, 3, 2, '2014-07-09 16:28:00', '2016-09-02 15:02:00', 0, 1, '0000-00-00 00:00:00', '2015-09-01 15:02:23', 0),
(7, 4, 1, '2014-05-01 16:27:09', '2016-09-22 15:03:00', 0, 1, '0000-00-00 00:00:00', '2015-09-01 15:03:58', 0),
(8, 4, 2, '2014-05-01 16:27:20', '2019-09-17 15:03:00', 0, 1, '0000-00-00 00:00:00', '2015-09-01 15:03:38', 0),
(12, 83, 2, '2014-09-04 18:33:00', '2015-01-08 18:33:00', 0, 0, '0000-00-00 00:00:00', '0000-00-00 00:00:00', 0),
(13, 83, 1, '2014-09-04 18:34:00', '2014-12-25 18:34:00', 0, 0, '0000-00-00 00:00:00', '0000-00-00 00:00:00', 0),
(17, 4, 4, '2014-08-29 16:23:00', '2016-09-22 15:03:00', 1, 1, '2014-12-04 16:18:44', '2015-09-01 15:03:49', 0),
(18, 87, 1, '2015-05-04 14:54:00', '2016-09-22 15:04:00', 1, 1, '2015-07-07 14:54:40', '2015-09-01 15:04:26', 0),
(19, 87, 2, '2015-04-12 14:54:00', '2016-09-22 15:04:00', 1, 1, '2015-07-07 14:54:53', '2015-09-01 15:04:54', 0),
(20, 87, 3, '2015-04-12 14:54:00', '2016-09-29 15:04:00', 1, 1, '2015-07-07 14:55:06', '2015-09-01 15:04:35', 0),
(21, 87, 4, '2015-04-13 14:55:00', '2016-09-26 15:04:00', 1, 1, '2015-07-07 14:55:19', '2015-09-01 15:04:45', 0),
(22, 86, 3, '2015-07-06 17:51:00', '2015-07-31 17:51:00', 1, 0, '2015-07-07 17:51:24', '0000-00-00 00:00:00', 0),
(23, 1, 1, '2015-07-06 17:00:00', '2017-03-15 11:59:00', 1, 1, '2015-07-07 17:52:15', '2016-12-06 11:59:10', 1),
(24, 88, 1, '2015-05-19 17:47:00', '2015-07-29 17:46:00', 87, 87, '2015-07-10 17:46:58', '2015-07-10 17:47:07', 1),
(25, 89, 1, '2015-12-15 16:43:00', '2016-03-23 16:43:00', 1, 0, '2015-12-21 16:43:48', '0000-00-00 00:00:00', 0),
(26, 1, 2, '2016-12-04 11:59:00', '2017-07-27 11:59:00', 1, 0, '2016-12-06 11:59:26', '0000-00-00 00:00:00', 1),
(27, 89, 4, '0000-00-00 00:00:00', '0000-00-00 00:00:00', 1, 0, '2016-12-22 15:33:33', '0000-00-00 00:00:00', 0),
(28, 89, 4, '0000-00-00 00:00:00', '0000-00-00 00:00:00', 1, 0, '2016-12-22 15:33:43', '0000-00-00 00:00:00', 0),
(29, 1, 4, '2017-01-01 11:00:00', '2019-07-31 15:53:00', 1, 1, '2017-01-11 09:40:56', '2017-07-31 15:54:02', 0),
(30, 1, 3, '2016-12-13 11:35:00', '2022-11-12 15:05:00', 1, 1, '2017-01-11 11:35:37', '2017-04-10 15:05:58', 0),
(31, 90, 3, '2016-11-07 16:57:00', '2017-10-18 16:58:00', 1, 0, '2017-01-19 16:58:08', '0000-00-00 00:00:00', 1),
(32, 90, 1, '2016-10-03 11:13:00', '2017-08-23 11:13:00', 1, 0, '2017-01-23 11:13:41', '0000-00-00 00:00:00', 0),
(33, 9, 1, '2017-01-01 16:24:00', '2017-02-16 16:24:00', 1, 0, '2017-01-23 16:24:12', '0000-00-00 00:00:00', 0),
(34, 29, 1, '2017-01-01 11:09:00', '2018-04-20 11:09:00', 1, 0, '2017-01-25 11:09:50', '0000-00-00 00:00:00', 0),
(35, 127, 1, '2017-02-05 11:05:00', '2022-07-30 11:05:00', 1, 0, '2017-02-24 11:05:59', '0000-00-00 00:00:00', 0),
(36, 97, 1, '2017-02-05 11:19:00', '2017-06-15 11:19:00', 1, 0, '2017-02-24 11:19:20', '0000-00-00 00:00:00', 1),
(37, 97, 2, '2016-10-09 11:19:00', '2017-07-27 11:19:00', 1, 0, '2017-02-24 11:19:35', '0000-00-00 00:00:00', 1),
(38, 140, 1, '2016-07-04 11:06:00', '2019-11-22 11:06:00', 1, 0, '2017-03-06 11:06:22', '0000-00-00 00:00:00', 0),
(39, 140, 4, '2016-07-11 11:06:00', '2020-03-26 11:06:00', 1, 0, '2017-03-06 11:06:38', '0000-00-00 00:00:00', 0),
(40, 1, 1, '2017-03-05 16:02:00', '2021-08-27 16:02:00', 1, 0, '2017-03-16 16:02:46', '0000-00-00 00:00:00', 0),
(41, 1, 2, '2017-03-12 16:02:00', '2022-03-25 16:02:00', 1, 0, '2017-03-16 16:03:01', '0000-00-00 00:00:00', 0);

-- --------------------------------------------------------

--
-- Struttura della tabella `ec_rss`
--

CREATE TABLE `ec_rss` (
  `id` int(11) NOT NULL,
  `titolo` varchar(45) NOT NULL,
  `canale` varchar(255) NOT NULL,
  `creato_da` int(11) NOT NULL,
  `modificato_da` int(11) NOT NULL,
  `data_creazione` datetime NOT NULL,
  `data_modifica` datetime NOT NULL,
  `eliminato` int(2) NOT NULL DEFAULT '0'
) ENGINE=InnoDB AUTO_INCREMENT=5 DEFAULT CHARSET=latin1;

--
-- Dump dei dati per la tabella `ec_rss`
--

INSERT INTO `ec_rss` (`id`, `titolo`, `canale`, `creato_da`, `modificato_da`, `data_creazione`, `data_modifica`, `eliminato`) VALUES
(4, 'Sport Google', 'http://xml.corriereobjects.it/rss/spettacoli.xml', 84, 84, '2014-08-01 18:34:57', '2014-11-18 12:45:11', 0);

-- --------------------------------------------------------

--
-- Struttura della tabella `ec_ruoli`
--

CREATE TABLE `ec_ruoli` (
  `id` int(11) NOT NULL,
  `ruolo` varchar(30) NOT NULL,
  `parent_id` int(11) NOT NULL,
  `creato_da` int(11) NOT NULL,
  `modificato_da` int(11) NOT NULL,
  `data_creazione` datetime NOT NULL,
  `data_modifica` datetime NOT NULL,
  `eliminato` int(11) DEFAULT '0'
) ENGINE=MyISAM AUTO_INCREMENT=7 DEFAULT CHARSET=utf8;

--
-- Dump dei dati per la tabella `ec_ruoli`
--

INSERT INTO `ec_ruoli` (`id`, `ruolo`, `parent_id`, `creato_da`, `modificato_da`, `data_creazione`, `data_modifica`, `eliminato`) VALUES
(1, 'super-amministratore', 0, 0, 0, '0000-00-00 00:00:00', '0000-00-00 00:00:00', 0),
(2, 'amministratore', 0, 0, 0, '0000-00-00 00:00:00', '0000-00-00 00:00:00', 0),
(3, 'operatore', 0, 0, 0, '0000-00-00 00:00:00', '0000-00-00 00:00:00', 0),
(4, 'infermiere', 0, 0, 0, '0000-00-00 00:00:00', '0000-00-00 00:00:00', 0),
(5, 'medico', 0, 0, 0, '0000-00-00 00:00:00', '0000-00-00 00:00:00', 0),
(6, 'comunicazione', 0, 0, 0, '0000-00-00 00:00:00', '0000-00-00 00:00:00', 0);

-- --------------------------------------------------------

--
-- Struttura della tabella `ec_servizi`
--

CREATE TABLE `ec_servizi` (
  `id` int(11) NOT NULL,
  `id_servizio_HTSAN` int(11) DEFAULT NULL,
  `nome_servizio` varchar(35) DEFAULT NULL
) ENGINE=InnoDB AUTO_INCREMENT=53 DEFAULT CHARSET=utf8;

--
-- Dump dei dati per la tabella `ec_servizi`
--

INSERT INTO `ec_servizi` (`id`, `id_servizio_HTSAN`, `nome_servizio`) VALUES
(1, 2, 'DAY HOSPITAL'),
(2, 201, 'DAY SURGERY'),
(3, 203, 'UROLOGIA D.H.'),
(4, 204, 'ONCOEMATOLOGIA D.H.'),
(5, 3, 'ANATOMIA PATOLOGICA'),
(6, 5, 'ANGIOLOGIA'),
(7, 8, 'CARDIOLOGIA'),
(8, 120, 'IORT'),
(9, 18, 'EMOTRASFUSIONE'),
(10, 30, 'NEUROCHIRURGIA'),
(11, 34, 'OCULISTICA'),
(12, 38, 'OTORINOLARINGOIATRIA'),
(13, 3801, 'MICROCHIRURGIA ORL'),
(14, 43, 'UROLOGIA'),
(15, 4301, 'LITOTRISSIA'),
(16, 49, 'TERAPIA INTENSIVA'),
(17, 50, 'ANESTESIA/TERAP.ANTALGICA AMB.'),
(18, 56, 'RECUPERO E RIABILITAZIONE'),
(19, 58, 'ENDOSCOPIA'),
(20, 59, 'GINECOLOGIA'),
(21, 61, 'MEDICINA NUCLEARE'),
(22, 63, 'ECOGRAFIA'),
(23, 631, 'ECOGRAFIA DR.RIZZO'),
(24, 64, 'ONCOLOGIA AMBUL.'),
(25, 6400, 'ONCOLOGIA MEDICA'),
(26, 6401, 'CHIRURGIA ONCOLOGICA'),
(27, 6402, 'RADIOTERAPIA'),
(28, 6403, 'TERAPIA ANTALGICA'),
(29, 6404, 'ONCOEMATOLOGIA'),
(30, 6405, 'TMO'),
(31, 6406, 'CHIRURGIA TORACICA'),
(32, 6410, 'CHIRURGIA ONCOLOGICA AMB.'),
(33, 6411, 'BREAST UNIT'),
(34, 6433, 'CURE PALLIATIVE'),
(35, 65, 'TAC'),
(36, 66, 'ONCOEMATOLOGIA AMBULAT./REF.'),
(37, 67, 'RMN'),
(38, 68, 'PNEUMOLOGIA'),
(39, 69, 'RADIOLOGIA'),
(40, 6901, 'RADIOLOGIA INTERVENTISTICA'),
(41, 70, 'LABORATORIO ANALISI'),
(42, 7001, 'CITOFLUORIMETRIA'),
(43, 75, 'DERMATOLOGIA'),
(44, 76, 'ORTOPEDIA ONCOLOGICA'),
(45, 90, 'AMMINISTRAZIONE'),
(46, 901, 'AMBULATORI'),
(47, 902, 'SERVIZIO DIAGNOSTICA DH ONCOL.'),
(48, 91, 'CUCINA'),
(49, 94, 'PSICOLOGIA'),
(50, 95, 'SERVIZIO SOCIALE'),
(51, 96, 'SCREENING POLMONE'),
(52, 97, 'SCREENING TIROIDEO');

-- --------------------------------------------------------

--
-- Struttura della tabella `ec_stanze`
--

CREATE TABLE `ec_stanze` (
  `id` int(11) NOT NULL,
  `id_agenda_htsan` int(11) NOT NULL,
  `numero_stanza` int(11) NOT NULL,
  `creato_da` int(11) NOT NULL,
  `modificato_da` int(11) NOT NULL,
  `data_creazione` datetime NOT NULL,
  `data_modifica` datetime NOT NULL,
  `eliminato` int(11) NOT NULL DEFAULT '0'
) ENGINE=InnoDB AUTO_INCREMENT=12 DEFAULT CHARSET=latin1;

--
-- Dump dei dati per la tabella `ec_stanze`
--

INSERT INTO `ec_stanze` (`id`, `id_agenda_htsan`, `numero_stanza`, `creato_da`, `modificato_da`, `data_creazione`, `data_modifica`, `eliminato`) VALUES
(1, 3, 4, 0, 0, '0000-00-00 00:00:00', '0000-00-00 00:00:00', 0),
(2, 1, 3, 0, 0, '0000-00-00 00:00:00', '0000-00-00 00:00:00', 0),
(3, 8, 2, 0, 0, '0000-00-00 00:00:00', '0000-00-00 00:00:00', 0),
(4, 2, 3, 0, 0, '0000-00-00 00:00:00', '0000-00-00 00:00:00', 0),
(5, 33, 1, 0, 0, '0000-00-00 00:00:00', '0000-00-00 00:00:00', 0),
(6, 1000, 0, 0, 0, '0000-00-00 00:00:00', '0000-00-00 00:00:00', 0),
(7, 12, 0, 0, 0, '0000-00-00 00:00:00', '0000-00-00 00:00:00', 0),
(8, 21, 0, 0, 0, '0000-00-00 00:00:00', '0000-00-00 00:00:00', 0),
(9, 22, 0, 0, 0, '0000-00-00 00:00:00', '0000-00-00 00:00:00', 0),
(10, 24, 0, 0, 0, '0000-00-00 00:00:00', '0000-00-00 00:00:00', 0),
(11, 11, 0, 0, 0, '0000-00-00 00:00:00', '0000-00-00 00:00:00', 0);

-- --------------------------------------------------------

--
-- Struttura della tabella `ec_status`
--

CREATE TABLE `ec_status` (
  `id` int(11) NOT NULL,
  `nome_status` varchar(35) NOT NULL
) ENGINE=MyISAM AUTO_INCREMENT=8 DEFAULT CHARSET=utf8;

--
-- Dump dei dati per la tabella `ec_status`
--

INSERT INTO `ec_status` (`id`, `nome_status`) VALUES
(1, 'Attivo'),
(2, 'Non Attivo'),
(3, 'Stampato'),
(4, 'Chiamata'),
(5, 'Presente'),
(6, 'Assente'),
(7, 'Chiuso');

-- --------------------------------------------------------

--
-- Struttura della tabella `ec_ticket_totem`
--

CREATE TABLE `ec_ticket_totem` (
  `id` int(11) NOT NULL,
  `id_modalita` int(11) NOT NULL,
  `id_agenda_htsan` int(11) NOT NULL,
  `data` datetime NOT NULL,
  `contatore_locale` int(11) NOT NULL,
  `contatore_globale` int(11) NOT NULL,
  `codice_ticket` varchar(36) NOT NULL
) ENGINE=MyISAM DEFAULT CHARSET=utf8;

-- --------------------------------------------------------

--
-- Struttura della tabella `ec_totem_configurazione`
--

CREATE TABLE `ec_totem_configurazione` (
  `id` int(11) NOT NULL,
  `codice` int(11) NOT NULL,
  `nome` varchar(45) NOT NULL,
  `modalita` int(1) NOT NULL DEFAULT '0',
  `stato` int(1) NOT NULL DEFAULT '0'
) ENGINE=InnoDB AUTO_INCREMENT=57 DEFAULT CHARSET=latin1;

--
-- Dump dei dati per la tabella `ec_totem_configurazione`
--

INSERT INTO `ec_totem_configurazione` (`id`, `codice`, `nome`, `modalita`, `stato`) VALUES
(1, 1, 'Radioterapia', 1, 1),
(2, 2, 'M. Nucleare', 1, 1),
(3, 3, 'Day Hospital', 1, 1),
(4, 4, 'Informazioni', 1, 1),
(5, 2, 'DAY HOSPITAL', 0, 0),
(6, 201, 'DAY SURGERY', 0, 0),
(7, 203, 'UROLOGIA D.H.', 0, 0),
(8, 204, 'ONCOEMATOLOGIA D.H.', 0, 0),
(9, 3, 'ANATOMIA PATOLOGICA', 0, 0),
(10, 5, 'ANGIOLOGIA', 0, 0),
(11, 8, 'CARDIOLOGIA', 0, 1),
(12, 120, 'IORT', 0, 0),
(13, 18, 'EMOTRASFUSIONE', 0, 0),
(14, 30, 'NEUROCHIRURGIA', 0, 0),
(15, 34, 'OCULISTICA', 0, 0),
(16, 38, 'OTORINOLARINGOIATRIA', 0, 0),
(17, 3801, 'MICROCHIRURGIA ORL', 0, 0),
(18, 43, 'UROLOGIA', 0, 0),
(19, 4301, 'LITOTRISSIA', 0, 0),
(20, 49, 'TERAPIA INTENSIVA', 0, 0),
(21, 50, 'ANESTESIA/TERAP.ANTALGICA AMB.', 0, 0),
(22, 56, 'RECUPERO E RIABILITAZIONE', 0, 0),
(23, 58, 'ENDOSCOPIA', 0, 0),
(24, 59, 'GINECOLOGIA', 0, 0),
(25, 61, 'MEDICINA NUCLEARE', 0, 0),
(26, 63, 'ECOGRAFIA', 0, 0),
(27, 631, 'ECOGRAFIA DR.RIZZO', 0, 0),
(28, 64, 'ONCOLOGIA AMBUL.', 0, 0),
(29, 6400, 'ONCOLOGIA MEDICA', 0, 0),
(30, 6401, 'CHIRURGIA ONCOLOGICA', 0, 0),
(31, 6402, 'RADIOTERAPIA', 0, 0),
(32, 6403, 'TERAPIA ANTALGICA', 0, 0),
(33, 6404, 'ONCOEMATOLOGIA', 0, 0),
(34, 6405, 'TMO', 0, 0),
(35, 6406, 'CHIRURGIA TORACICA', 0, 0),
(36, 6410, 'CHIRURGIA ONCOLOGICA AMB.', 0, 0),
(37, 6411, 'BREAST UNIT', 0, 0),
(38, 6433, 'CURE PALLIATIVE', 0, 0),
(39, 65, 'TAC', 0, 0),
(40, 66, 'ONCOEMATOLOGIA AMBULAT./REF.', 0, 0),
(41, 67, 'RMN', 0, 0),
(42, 68, 'PNEUMOLOGIA', 0, 0),
(43, 69, 'RADIOLOGIA', 0, 0),
(44, 6901, 'RADIOLOGIA INTERVENTISTICA', 0, 0),
(45, 70, 'LABORATORIO ANALISI', 0, 0),
(46, 7001, 'CITOFLUORIMETRIA', 0, 0),
(47, 75, 'DERMATOLOGIA', 0, 0),
(48, 76, 'ORTOPEDIA ONCOLOGICA', 0, 0),
(49, 90, 'AMMINISTRAZIONE', 0, 0),
(50, 901, 'AMBULATORI', 0, 0),
(51, 902, 'SERVIZIO DIAGNOSTICA DH ONCOL.', 0, 0),
(52, 91, 'CUCINA', 0, 0),
(53, 94, 'PSICOLOGIA', 0, 0),
(54, 95, 'SERVIZIO SOCIALE', 0, 0),
(55, 96, 'SCREENING POLMONE', 0, 0),
(56, 97, 'SCREENING TIROIDEO', 0, 0);

-- --------------------------------------------------------

--
-- Struttura della tabella `ec_tracking_operatore`
--

CREATE TABLE `ec_tracking_operatore` (
  `id` int(11) NOT NULL,
  `id_operatore` int(11) NOT NULL,
  `status` int(11) NOT NULL,
  `data` date NOT NULL,
  `ora` time NOT NULL
) ENGINE=MyISAM DEFAULT CHARSET=utf8;

-- --------------------------------------------------------

--
-- Struttura della tabella `ec_tracking_status_ticket`
--

CREATE TABLE `ec_tracking_status_ticket` (
  `id` int(11) NOT NULL,
  `ticket_id` int(11) NOT NULL,
  `utente_id` int(11) NOT NULL,
  `status` int(11) NOT NULL,
  `data` datetime NOT NULL
) ENGINE=InnoDB DEFAULT CHARSET=utf8;

-- --------------------------------------------------------

--
-- Struttura della tabella `ec_tracking_ticket`
--

CREATE TABLE `ec_tracking_ticket` (
  `id` int(11) NOT NULL,
  `id_operatore` int(11) NOT NULL,
  `id_ticket` int(11) NOT NULL,
  `status` int(11) NOT NULL,
  `data` date NOT NULL,
  `ora` time NOT NULL,
  `in_carica` int(11) NOT NULL
) ENGINE=MyISAM DEFAULT CHARSET=utf8;

-- --------------------------------------------------------

--
-- Struttura della tabella `ec_utenti_ruoli`
--

CREATE TABLE `ec_utenti_ruoli` (
  `id` int(11) NOT NULL,
  `id_utente` int(11) NOT NULL,
  `id_ruolo` int(11) NOT NULL
) ENGINE=InnoDB AUTO_INCREMENT=202 DEFAULT CHARSET=latin1;

--
-- Dump dei dati per la tabella `ec_utenti_ruoli`
--

INSERT INTO `ec_utenti_ruoli` (`id`, `id_utente`, `id_ruolo`) VALUES
(124, 90, 5),
(140, 139, 5),
(142, 137, 5),
(143, 136, 3),
(144, 135, 3),
(145, 134, 5),
(146, 133, 3),
(147, 132, 3),
(148, 131, 3),
(149, 130, 1),
(150, 129, 3),
(152, 128, 5),
(153, 126, 1),
(154, 125, 1),
(155, 124, 3),
(156, 123, 3),
(157, 122, 3),
(158, 121, 3),
(159, 120, 3),
(160, 119, 3),
(161, 118, 5),
(162, 117, 5),
(163, 116, 5),
(164, 115, 5),
(165, 114, 5),
(166, 113, 5),
(167, 112, 5),
(168, 110, 5),
(169, 111, 5),
(170, 109, 5),
(171, 108, 5),
(172, 106, 5),
(173, 107, 5),
(174, 105, 5),
(175, 104, 5),
(176, 103, 5),
(177, 102, 5),
(178, 101, 5),
(179, 100, 5),
(180, 99, 5),
(181, 98, 5),
(182, 96, 5),
(183, 97, 5),
(184, 95, 1),
(185, 138, 3),
(188, 141, 6),
(196, 127, 5),
(200, 1, 1),
(201, 140, 3);

-- --------------------------------------------------------

--
-- Struttura della tabella `ec_video`
--

CREATE TABLE `ec_video` (
  `id` int(11) NOT NULL,
  `titolo` varchar(255) NOT NULL,
  `descrizione` text NOT NULL,
  `orario` time NOT NULL,
  `tipologia` varchar(36) NOT NULL
) ENGINE=MyISAM DEFAULT CHARSET=utf8;

-- --------------------------------------------------------

--
-- Struttura stand-in per le viste `flusso ambulatorio`
--
CREATE TABLE `flusso ambulatorio` (
`IdPrestazione` int(11)
,`IdModalita` varchar(50)
,`Data` varchar(10)
,`IdInfermiere` bigint(11)
,`IdMedico` bigint(11)
,`Accettato` time
,`Chiamato` time
,`InizioPrestazione` time
,`FinePrestazione` time
);

-- --------------------------------------------------------

--
-- Struttura stand-in per le viste `flusso dh`
--
CREATE TABLE `flusso dh` (
`IdPrestazione` int(11)
,`IdModalita` varchar(50)
,`Data` varchar(10)
,`IdInfermiere` bigint(11)
,`IdMedico` bigint(11)
,`InizioPrelievo` time
,`FinePrelievo` time
,`InizioPrestazione` time
,`FinePrestazione` time
);

-- --------------------------------------------------------

--
-- Struttura stand-in per le viste `flusso dh completo`
--
CREATE TABLE `flusso dh completo` (
`IdPrestazione` int(11)
,`IdTicket` int(11)
,`IdModalita` varchar(50)
,`Data` varchar(10)
,`IdOperatore` bigint(11)
,`Prelevato` datetime
,`Chiamato` datetime
,`Presente` datetime
,`Assente` datetime
,`IdInfermiere` bigint(11)
,`IdMedico` bigint(11)
,`InizioPrelievo` time
,`FinePrelievo` time
,`InizioPrestazione` time
,`FinePrestazione` time
);

-- --------------------------------------------------------

--
-- Struttura stand-in per le viste `flusso ricovero`
--
CREATE TABLE `flusso ricovero` (
`IdRicovero` int(11)
,`IdModalita` varchar(50)
,`Data` varchar(10)
,`IdInfermiere` bigint(11)
,`Accettato` time
,`Chiamato` time
,`InizioRicovero` time
,`FineRicovero` time
);

-- --------------------------------------------------------

--
-- Struttura stand-in per le viste `flusso ticket`
--
CREATE TABLE `flusso ticket` (
`IdTicket` int(11)
,`IdModalita` int(11)
,`Data` varchar(10)
,`IdOperatore` bigint(11)
,`Prelevato` datetime
,`Chiamato` datetime
,`Presente` datetime
,`Assente` datetime
,`Accettato` datetime
);

-- --------------------------------------------------------

--
-- Struttura stand-in per le viste `numero stati ticket per operatore`
--
CREATE TABLE `numero stati ticket per operatore` (
`id_operatore` int(11)
,`DataCorrente` varchar(10)
,`N_Totali` bigint(21)
,`N_Chiamati` bigint(21)
,`N_Presenti` bigint(21)
,`N_Assenti` bigint(21)
,`N_Accettati` bigint(21)
);

-- --------------------------------------------------------

--
-- Struttura stand-in per le viste `ticket prelevati e accettati`
--
CREATE TABLE `ticket prelevati e accettati` (
`id_ticket` int(11)
,`id_modalita` int(11)
,`codice_ticket` varchar(36)
,`data_prelievo_ticket` datetime
,`id_operatore` int(11)
,`data_accettazione` date
,`ora_accettazione` time
);

-- --------------------------------------------------------

--
-- Struttura stand-in per le viste `totale stati ticket per data e modalita`
--
CREATE TABLE `totale stati ticket per data e modalita` (
`IdModalita` int(11)
,`DataCorrente` varchar(10)
,`N_Totali` bigint(21)
,`N_Prelevati` bigint(21)
,`N_Chiamati` bigint(21)
,`N_Presenti` bigint(21)
,`N_Assenti` bigint(21)
,`N_Accettati` bigint(21)
);

-- --------------------------------------------------------

--
-- Struttura per la vista `flusso ambulatorio`
--

CREATE ALGORITHM=UNDEFINED DEFINER=`root`@`localhost` SQL SECURITY DEFINER VIEW `flusso ambulatorio` AS select `pa`.`id` AS `IdPrestazione`,`pa`.`modalita` AS `IdModalita`,date_format(`pa`.`data`,'%Y-%m-%d') AS `Data`,max((case when (`pa`.`id_infermiere` > 0) then `pa`.`id_infermiere` end)) AS `IdInfermiere`,max((case when (`pa`.`id_medico` > 0) then `pa`.`id_medico` end)) AS `IdMedico`,`acc`.`ora_accettazione` AS `Accettato`,`pa`.`ora_presa_carico` AS `Chiamato`,`pa`.`inizio_prestazione` AS `InizioPrestazione`,`pa`.`fine_prestazione` AS `FinePrestazione` from (`ec_prestazione_ambulatorio` `pa` join `ec_accettazione` `acc` on((`acc`.`id` = `pa`.`id_accettazione`))) group by `pa`.`id`;

-- --------------------------------------------------------

--
-- Struttura per la vista `flusso dh`
--

CREATE ALGORITHM=UNDEFINED DEFINER=`root`@`localhost` SQL SECURITY DEFINER VIEW `flusso dh` AS select `pd`.`id` AS `IdPrestazione`,`pd`.`modalita` AS `IdModalita`,date_format(`pd`.`data`,'%Y-%m-%d') AS `Data`,max((case when (`pd`.`id_infermiere` > 0) then `pd`.`id_infermiere` end)) AS `IdInfermiere`,max((case when (`pd`.`id_medico` > 0) then `pd`.`id_medico` end)) AS `IdMedico`,`pd`.`inizio_prelievo` AS `InizioPrelievo`,`pd`.`fine_prelievo` AS `FinePrelievo`,`pd`.`inizio_prestazione` AS `InizioPrestazione`,`pd`.`fine_prestazione` AS `FinePrestazione` from (`ec_prestazione_day_hospital` `pd` join `ec_accettazione` `acc` on((`acc`.`id` = `pd`.`id_accettazione`))) group by `pd`.`id`;

-- --------------------------------------------------------

--
-- Struttura per la vista `flusso dh completo`
--

CREATE ALGORITHM=UNDEFINED DEFINER=`root`@`localhost` SQL SECURITY DEFINER VIEW `flusso dh completo` AS select `pd`.`id` AS `IdPrestazione`,`t`.`ticket_id` AS `IdTicket`,`pd`.`modalita` AS `IdModalita`,date_format(`pd`.`data`,'%Y-%m-%d') AS `Data`,max((case when (`t`.`utente_id` > 0) then `t`.`utente_id` end)) AS `IdOperatore`,max((case when (`t`.`status` = 3) then `t`.`data` end)) AS `Prelevato`,max((case when (`t`.`status` = 4) then `t`.`data` end)) AS `Chiamato`,max((case when (`t`.`status` = 7) then `t`.`data` end)) AS `Presente`,max((case when (`t`.`status` = 6) then `t`.`data` end)) AS `Assente`,max((case when (`pd`.`id_infermiere` > 0) then `pd`.`id_infermiere` end)) AS `IdInfermiere`,max((case when (`pd`.`id_medico` > 0) then `pd`.`id_medico` end)) AS `IdMedico`,`pd`.`inizio_prelievo` AS `InizioPrelievo`,`pd`.`fine_prelievo` AS `FinePrelievo`,`pd`.`inizio_prestazione` AS `InizioPrestazione`,`pd`.`fine_prestazione` AS `FinePrestazione` from (((`ec_tracking_status_ticket` `t` join `ec_ticket_totem` `tt` on((`t`.`ticket_id` = `tt`.`id`))) join `ec_accettazione` `acc` on((`tt`.`id` = `acc`.`id_totem`))) join `ec_prestazione_day_hospital` `pd` on((`pd`.`id` = `acc`.`id_prestazione`))) where (`tt`.`id_modalita` = 3) group by `pd`.`id`;

-- --------------------------------------------------------

--
-- Struttura per la vista `flusso ricovero`
--

CREATE ALGORITHM=UNDEFINED DEFINER=`root`@`localhost` SQL SECURITY DEFINER VIEW `flusso ricovero` AS select `pr`.`id` AS `IdRicovero`,`pr`.`modalita` AS `IdModalita`,date_format(`pr`.`data`,'%Y-%m-%d') AS `Data`,max((case when (`pr`.`id_infermiere` > 0) then `pr`.`id_infermiere` end)) AS `IdInfermiere`,`acc`.`ora_accettazione` AS `Accettato`,`pr`.`ora_presa_carico` AS `Chiamato`,`pr`.`inizio_prestazione` AS `InizioRicovero`,`pr`.`fine_prestazione` AS `FineRicovero` from (`ec_prestazione_ricovero` `pr` join `ec_accettazione` `acc` on((`acc`.`id` = `pr`.`id_accettazione`))) group by `pr`.`id`;

-- --------------------------------------------------------

--
-- Struttura per la vista `flusso ticket`
--

CREATE ALGORITHM=UNDEFINED DEFINER=`root`@`localhost` SQL SECURITY DEFINER VIEW `flusso ticket` AS select `t`.`ticket_id` AS `IdTicket`,`tt`.`id_modalita` AS `IdModalita`,date_format(`t`.`data`,'%Y-%m-%d') AS `Data`,max((case when (`t`.`utente_id` > 0) then `t`.`utente_id` end)) AS `IdOperatore`,max((case when (`t`.`status` = 3) then `t`.`data` end)) AS `Prelevato`,max((case when (`t`.`status` = 4) then `t`.`data` end)) AS `Chiamato`,max((case when (`t`.`status` = 5) then `t`.`data` end)) AS `Presente`,max((case when (`t`.`status` = 6) then `t`.`data` end)) AS `Assente`,max((case when (`t`.`status` = 7) then `t`.`data` end)) AS `Accettato` from (`ec_tracking_status_ticket` `t` join `ec_ticket_totem` `tt` on((`t`.`ticket_id` = `tt`.`id`))) group by `t`.`ticket_id`;

-- --------------------------------------------------------

--
-- Struttura per la vista `numero stati ticket per operatore`
--

CREATE ALGORITHM=UNDEFINED DEFINER=`root`@`localhost` SQL SECURITY DEFINER VIEW `numero stati ticket per operatore` AS select `t`.`utente_id` AS `id_operatore`,date_format(`t`.`data`,'%Y-%m-%d') AS `DataCorrente`,count(`t`.`status`) AS `N_Totali`,count((case when (`t`.`status` = 4) then `t`.`status` end)) AS `N_Chiamati`,count((case when (`t`.`status` = 5) then `t`.`status` end)) AS `N_Presenti`,count((case when (`t`.`status` = 6) then `t`.`status` end)) AS `N_Assenti`,count((case when (`t`.`status` = 7) then `t`.`status` end)) AS `N_Accettati` from (`ec_tracking_status_ticket` `t` join `ec_ticket_totem` `tt` on((`t`.`ticket_id` = `tt`.`id`))) where (date_format(`t`.`data`,'%Y-%m-%d') = curdate()) group by date_format(`t`.`data`,'%Y-%m-%d'),`t`.`utente_id` having (`t`.`utente_id` > 0);

-- --------------------------------------------------------

--
-- Struttura per la vista `ticket prelevati e accettati`
--

CREATE ALGORITHM=UNDEFINED DEFINER=`root`@`localhost` SQL SECURITY DEFINER VIEW `ticket prelevati e accettati` AS select `ett`.`id` AS `id_ticket`,`ett`.`id_modalita` AS `id_modalita`,`ett`.`codice_ticket` AS `codice_ticket`,`ett`.`data` AS `data_prelievo_ticket`,`ea`.`id_operatore` AS `id_operatore`,`ea`.`data_inserimento` AS `data_accettazione`,`ea`.`ora_accettazione` AS `ora_accettazione` from (`ec_ticket_totem` `ett` left join `ec_accettazione` `ea` on((`ett`.`id` = `ea`.`id_totem`)));

-- --------------------------------------------------------

--
-- Struttura per la vista `totale stati ticket per data e modalita`
--

CREATE ALGORITHM=UNDEFINED DEFINER=`root`@`localhost` SQL SECURITY DEFINER VIEW `totale stati ticket per data e modalita` AS select `tt`.`id_modalita` AS `IdModalita`,date_format(`t`.`data`,'%Y-%m-%d') AS `DataCorrente`,count(`t`.`status`) AS `N_Totali`,count((case when (`t`.`status` = 3) then `t`.`status` end)) AS `N_Prelevati`,count((case when (`t`.`status` = 4) then `t`.`status` end)) AS `N_Chiamati`,count((case when (`t`.`status` = 5) then `t`.`status` end)) AS `N_Presenti`,count((case when (`t`.`status` = 6) then `t`.`status` end)) AS `N_Assenti`,count((case when (`t`.`status` = 7) then `t`.`status` end)) AS `N_Accettati` from (`ec_tracking_status_ticket` `t` join `ec_ticket_totem` `tt` on((`t`.`ticket_id` = `tt`.`id`))) where (date_format(`t`.`data`,'%Y-%m-%d') = curdate()) group by date_format(`t`.`data`,'%Y-%m-%d'),`tt`.`id_modalita`;

--
-- Indici per le tabelle scaricate
--

--
-- Indici per le tabelle `ec_accettazione`
--
ALTER TABLE `ec_accettazione`
  ADD PRIMARY KEY (`id`);

--
-- Indici per le tabelle `ec_agenda_servizi_giornaliera`
--
ALTER TABLE `ec_agenda_servizi_giornaliera`
  ADD PRIMARY KEY (`id`);

--
-- Indici per le tabelle `ec_agende`
--
ALTER TABLE `ec_agende`
  ADD PRIMARY KEY (`id`);

--
-- Indici per le tabelle `ec_display`
--
ALTER TABLE `ec_display`
  ADD PRIMARY KEY (`id`);

--
-- Indici per le tabelle `ec_feed`
--
ALTER TABLE `ec_feed`
  ADD PRIMARY KEY (`id`);

--
-- Indici per le tabelle `ec_immagini`
--
ALTER TABLE `ec_immagini`
  ADD PRIMARY KEY (`id`);

--
-- Indici per le tabelle `ec_modalita`
--
ALTER TABLE `ec_modalita`
  ADD PRIMARY KEY (`id`);

--
-- Indici per le tabelle `ec_news`
--
ALTER TABLE `ec_news`
  ADD PRIMARY KEY (`id`);

--
-- Indici per le tabelle `ec_organigramma`
--
ALTER TABLE `ec_organigramma`
  ADD PRIMARY KEY (`id`);

--
-- Indici per le tabelle `ec_prenotazioni_dh_ambulatori`
--
ALTER TABLE `ec_prenotazioni_dh_ambulatori`
  ADD PRIMARY KEY (`id`);

--
-- Indici per le tabelle `ec_prenotazioni_ricoveri`
--
ALTER TABLE `ec_prenotazioni_ricoveri`
  ADD PRIMARY KEY (`id`);

--
-- Indici per le tabelle `ec_prestazione_ambulatorio`
--
ALTER TABLE `ec_prestazione_ambulatorio`
  ADD PRIMARY KEY (`id`);

--
-- Indici per le tabelle `ec_prestazione_day_hospital`
--
ALTER TABLE `ec_prestazione_day_hospital`
  ADD PRIMARY KEY (`id`);

--
-- Indici per le tabelle `ec_prestazione_ricovero`
--
ALTER TABLE `ec_prestazione_ricovero`
  ADD PRIMARY KEY (`id`);

--
-- Indici per le tabelle `ec_programma_agenda`
--
ALTER TABLE `ec_programma_agenda`
  ADD PRIMARY KEY (`id`);

--
-- Indici per le tabelle `ec_programma_modalita`
--
ALTER TABLE `ec_programma_modalita`
  ADD PRIMARY KEY (`id`);

--
-- Indici per le tabelle `ec_rss`
--
ALTER TABLE `ec_rss`
  ADD PRIMARY KEY (`id`);

--
-- Indici per le tabelle `ec_ruoli`
--
ALTER TABLE `ec_ruoli`
  ADD PRIMARY KEY (`id`);

--
-- Indici per le tabelle `ec_servizi`
--
ALTER TABLE `ec_servizi`
  ADD PRIMARY KEY (`id`);

--
-- Indici per le tabelle `ec_stanze`
--
ALTER TABLE `ec_stanze`
  ADD PRIMARY KEY (`id`);

--
-- Indici per le tabelle `ec_status`
--
ALTER TABLE `ec_status`
  ADD PRIMARY KEY (`id`);

--
-- Indici per le tabelle `ec_ticket_totem`
--
ALTER TABLE `ec_ticket_totem`
  ADD PRIMARY KEY (`id`),
  ADD KEY `id_modalita` (`id_modalita`),
  ADD KEY `contatore_locale` (`contatore_locale`),
  ADD KEY `data` (`data`);

--
-- Indici per le tabelle `ec_totem_configurazione`
--
ALTER TABLE `ec_totem_configurazione`
  ADD PRIMARY KEY (`id`);

--
-- Indici per le tabelle `ec_tracking_operatore`
--
ALTER TABLE `ec_tracking_operatore`
  ADD PRIMARY KEY (`id`);

--
-- Indici per le tabelle `ec_tracking_status_ticket`
--
ALTER TABLE `ec_tracking_status_ticket`
  ADD PRIMARY KEY (`id`);

--
-- Indici per le tabelle `ec_tracking_ticket`
--
ALTER TABLE `ec_tracking_ticket`
  ADD PRIMARY KEY (`id`),
  ADD KEY `id_operatore` (`id_operatore`),
  ADD KEY `id_ticket` (`id_ticket`),
  ADD KEY `status` (`status`),
  ADD KEY `data` (`data`);

--
-- Indici per le tabelle `ec_utenti_ruoli`
--
ALTER TABLE `ec_utenti_ruoli`
  ADD PRIMARY KEY (`id`);

--
-- Indici per le tabelle `ec_video`
--
ALTER TABLE `ec_video`
  ADD PRIMARY KEY (`id`);

--
-- AUTO_INCREMENT per le tabelle scaricate
--

--
-- AUTO_INCREMENT per la tabella `ec_accettazione`
--
ALTER TABLE `ec_accettazione`
  MODIFY `id` int(11) NOT NULL AUTO_INCREMENT;
--
-- AUTO_INCREMENT per la tabella `ec_agenda_servizi_giornaliera`
--
ALTER TABLE `ec_agenda_servizi_giornaliera`
  MODIFY `id` int(11) NOT NULL AUTO_INCREMENT,AUTO_INCREMENT=36;
--
-- AUTO_INCREMENT per la tabella `ec_agende`
--
ALTER TABLE `ec_agende`
  MODIFY `id` int(11) NOT NULL AUTO_INCREMENT,AUTO_INCREMENT=33;
--
-- AUTO_INCREMENT per la tabella `ec_display`
--
ALTER TABLE `ec_display`
  MODIFY `id` int(11) NOT NULL AUTO_INCREMENT;
--
-- AUTO_INCREMENT per la tabella `ec_feed`
--
ALTER TABLE `ec_feed`
  MODIFY `id` int(11) NOT NULL AUTO_INCREMENT;
--
-- AUTO_INCREMENT per la tabella `ec_immagini`
--
ALTER TABLE `ec_immagini`
  MODIFY `id` int(11) NOT NULL AUTO_INCREMENT;
--
-- AUTO_INCREMENT per la tabella `ec_modalita`
--
ALTER TABLE `ec_modalita`
  MODIFY `id` int(11) NOT NULL AUTO_INCREMENT,AUTO_INCREMENT=8;
--
-- AUTO_INCREMENT per la tabella `ec_news`
--
ALTER TABLE `ec_news`
  MODIFY `id` int(11) NOT NULL AUTO_INCREMENT,AUTO_INCREMENT=15;
--
-- AUTO_INCREMENT per la tabella `ec_organigramma`
--
ALTER TABLE `ec_organigramma`
  MODIFY `id` int(11) NOT NULL AUTO_INCREMENT,AUTO_INCREMENT=3;
--
-- AUTO_INCREMENT per la tabella `ec_prenotazioni_dh_ambulatori`
--
ALTER TABLE `ec_prenotazioni_dh_ambulatori`
  MODIFY `id` int(11) NOT NULL AUTO_INCREMENT,AUTO_INCREMENT=56;
--
-- AUTO_INCREMENT per la tabella `ec_prenotazioni_ricoveri`
--
ALTER TABLE `ec_prenotazioni_ricoveri`
  MODIFY `id` int(11) NOT NULL AUTO_INCREMENT,AUTO_INCREMENT=28;
--
-- AUTO_INCREMENT per la tabella `ec_prestazione_ambulatorio`
--
ALTER TABLE `ec_prestazione_ambulatorio`
  MODIFY `id` int(11) NOT NULL AUTO_INCREMENT;
--
-- AUTO_INCREMENT per la tabella `ec_prestazione_day_hospital`
--
ALTER TABLE `ec_prestazione_day_hospital`
  MODIFY `id` int(11) NOT NULL AUTO_INCREMENT;
--
-- AUTO_INCREMENT per la tabella `ec_prestazione_ricovero`
--
ALTER TABLE `ec_prestazione_ricovero`
  MODIFY `id` int(11) NOT NULL AUTO_INCREMENT;
--
-- AUTO_INCREMENT per la tabella `ec_programma_agenda`
--
ALTER TABLE `ec_programma_agenda`
  MODIFY `id` int(11) NOT NULL AUTO_INCREMENT;
--
-- AUTO_INCREMENT per la tabella `ec_programma_modalita`
--
ALTER TABLE `ec_programma_modalita`
  MODIFY `id` int(11) NOT NULL AUTO_INCREMENT,AUTO_INCREMENT=42;
--
-- AUTO_INCREMENT per la tabella `ec_rss`
--
ALTER TABLE `ec_rss`
  MODIFY `id` int(11) NOT NULL AUTO_INCREMENT,AUTO_INCREMENT=5;
--
-- AUTO_INCREMENT per la tabella `ec_ruoli`
--
ALTER TABLE `ec_ruoli`
  MODIFY `id` int(11) NOT NULL AUTO_INCREMENT,AUTO_INCREMENT=7;
--
-- AUTO_INCREMENT per la tabella `ec_servizi`
--
ALTER TABLE `ec_servizi`
  MODIFY `id` int(11) NOT NULL AUTO_INCREMENT,AUTO_INCREMENT=53;
--
-- AUTO_INCREMENT per la tabella `ec_stanze`
--
ALTER TABLE `ec_stanze`
  MODIFY `id` int(11) NOT NULL AUTO_INCREMENT,AUTO_INCREMENT=12;
--
-- AUTO_INCREMENT per la tabella `ec_status`
--
ALTER TABLE `ec_status`
  MODIFY `id` int(11) NOT NULL AUTO_INCREMENT,AUTO_INCREMENT=8;
--
-- AUTO_INCREMENT per la tabella `ec_ticket_totem`
--
ALTER TABLE `ec_ticket_totem`
  MODIFY `id` int(11) NOT NULL AUTO_INCREMENT;
--
-- AUTO_INCREMENT per la tabella `ec_totem_configurazione`
--
ALTER TABLE `ec_totem_configurazione`
  MODIFY `id` int(11) NOT NULL AUTO_INCREMENT,AUTO_INCREMENT=57;
--
-- AUTO_INCREMENT per la tabella `ec_tracking_operatore`
--
ALTER TABLE `ec_tracking_operatore`
  MODIFY `id` int(11) NOT NULL AUTO_INCREMENT;
--
-- AUTO_INCREMENT per la tabella `ec_tracking_status_ticket`
--
ALTER TABLE `ec_tracking_status_ticket`
  MODIFY `id` int(11) NOT NULL AUTO_INCREMENT;
--
-- AUTO_INCREMENT per la tabella `ec_tracking_ticket`
--
ALTER TABLE `ec_tracking_ticket`
  MODIFY `id` int(11) NOT NULL AUTO_INCREMENT;
--
-- AUTO_INCREMENT per la tabella `ec_utenti_ruoli`
--
ALTER TABLE `ec_utenti_ruoli`
  MODIFY `id` int(11) NOT NULL AUTO_INCREMENT,AUTO_INCREMENT=202;
--
-- AUTO_INCREMENT per la tabella `ec_video`
--
ALTER TABLE `ec_video`
  MODIFY `id` int(11) NOT NULL AUTO_INCREMENT;
